{"id":9603,"date":"2024-03-13T14:54:32","date_gmt":"2024-03-13T18:54:32","guid":{"rendered":"https:\/\/recherches-autochtones.org\/site\/?post_type=product&#038;p=9603"},"modified":"2026-03-23T08:47:59","modified_gmt":"2026-03-23T12:47:59","slug":"patrimoines-autochtones-territoriaux-2022-2023-vol-52-no-3","status":"publish","type":"product","link":"https:\/\/recherches-autochtones.org\/site\/produit\/patrimoines-autochtones-territoriaux-2022-2023-vol-52-no-3\/","title":{"rendered":"Patrimoines autochtones territoriaux : le droit de prot\u00e9ger les espaces de culture et de transmission (2022-2023, vol. 52, no. 3)"},"content":{"rendered":"<h3><strong>SOMMAIRE<\/strong><\/h3>\n<p style=\"font-weight: 400;\"><strong>INTRODUCTION<br \/>\n<\/strong><strong>Patrimoines autochtones territoriaux : le droit de prot\u00e9ger les espaces de culture et de transmission<\/strong><br \/>\nCaroline Desbiens et Justine Gagnon<\/p>\n<p><strong>Le principe du consentement libre, pr\u00e9alable et \u00e9clair\u00e9 en contexte forestier qu\u00e9b\u00e9cois\u00a0: une \u00e9tude de cas chez les Innus de Pessamit<\/strong><br \/>\nMarie Saint-Arnaud, Sara Teitelbaum et Peggy Smith<\/p>\n<p><strong><em>E nutshemiu itenitakuat<\/em>, pour la conservation et l\u2019am\u00e9nagement du patrimoine naturel dans le Nitassinan des Innus de Pessamit : \u00e9tude de cas du Natau-assi d\u2019un groupe familial<\/strong><br \/>\nPatrice Bellefleur, \u00c9ric Kanap\u00e9, Louis B\u00e9langer et Jean-Michel Beaudoin<\/p>\n<p><strong>Approcher les r\u00e9clamations des territoires ancestraux \u00e0 travers la fluidit\u00e9\u00a0: le cas d\u2019Apitipik, Abitibi Sakaikan<\/strong><br \/>\nTrycia Bazinet<\/p>\n<p><strong>\u00ab\u00a0La porte o\u00f9 ils vont passer\u00a0\u00bb\u00a0: paysages industriels et persistance des patrimoines intangibles autochtones<\/strong><br \/>\nCaroline Desbiens et Thomas Sim\u00e9on<\/p>\n<p><strong>Autochtones et patrimoine au Canada\u00a0: principes coloniaux, conflits ontologiques et gouvernance patrimoniale<\/strong><br \/>\nPaul Wattez<\/p>\n<p><strong>La mise en r\u00e9cit des paysages comme outil de r\u00e9sistance et de d\u00e9colonisation\u00a0: le cas de la rivi\u00e8re Nastapoka (Nunavik)<\/strong><br \/>\nArielle Frenette<\/p>\n<p><strong>Le don du caribou et l\u2019appel du <em>teuehikan<\/em>\u00a0: repenser des patrimoines autochtones \u00e0 la lumi\u00e8re des dimensions familiales et relationnelles \u00e9tablies avec les non-humains<\/strong><br \/>\nCarole Delamour et Thomas Sim\u00e9on<\/p>\n<p><strong>Gardiens et gardiennes de la terre\u00a0: de la conservation \u00e0 la conversation\u00a0: entrevue avec Val\u00e9rie Courtois, Ilnu de la communaut\u00e9 de Mashteuiatsh et directrice de l\u2019<\/strong><em><strong>Initiative de leadership autochtone<\/strong><br \/>\n<\/em>Justine Gagnon et Val\u00e9rie Courtois<\/p>\n<p><strong>La gouvernance en recherche autochtone\u00a0: \u00ab\u00a0Pour y arriver, tu dois d\u2019abord d\u00e9sapprendre ce que tu sais et ensuite m\u2019\u00e9couter\u00a0\u00bb<\/strong><br \/>\n\u00c9lisabeth Kaine<sup>\u2020<\/sup> et Denise Lavoie<\/p>\n<div>\n<div>\n<h2 class=\"SommTitrearticle\"><strong>Ce num\u00e9ro a \u00e9t\u00e9 r\u00e9alis\u00e9 sous la direction de Caroline Desbiens et Justine Gagnon<\/strong><\/h2>\n<\/div>\n<\/div>\n<hr \/>\n<p style=\"font-weight: 400;\"><strong>HORS TH\u00c8ME<\/strong><\/p>\n<div>\n<div>\n<div>\n<p class=\"SommTitrearticle\"><strong><span lang=\"FR\">L\u2019autochtonie des primo-arrivants du Nord-Cameroun \u00e0 travers le prisme des crit\u00e8res objectifs et subjectifs de l\u2019OIT<br \/>\n<\/span><\/strong>Richard Atimniraye et Alawadi Zelao<\/p>\n<\/div>\n<div>\n<p class=\"SommTitrearticle\"><strong><i>Mirowatisiwin<\/i> : vers le mieux-\u00eatre a\u0300 Manawan. Une recherche-action au service du Principe de Joyce<\/strong><br \/>\nEmmanuelle Bernheim et Eva Ottawa<\/p>\n<\/div>\n<\/div>\n<div>\n<p>&nbsp;<\/p>\n<\/div>\n<\/div>\n<hr \/>\n<p><strong>Comptes rendus<\/strong><\/p>\n<div>\n<div>\n<p class=\"SommTitrearticle\"><strong>Fran\u00e7oise Dussart et Sylvie Poirier, dir. : Contemporary Indigenous: Cosmologies and Pragmatics<\/strong><br \/>\nFlorian Lebret<\/p>\n<\/div>\n<div>\n<p class=\"SommTitrearticle\"><strong>Philippe Blouin, Matt Peterson, Malek Rasamny et Kahentinetha Rotiskarewake, dir. : La Mohawk Warrior Society : manuel de souverainet\u00e9 autochtone. \u0152uvres choisies de Louis Karoniaktajeh Hall<\/strong><br \/>\nOlivier Sabourin<\/p>\n<\/div>\n<div>\n<p class=\"SommTitrearticle\"><strong>Georges E. Sioui\u00a0: <i>Eatenonha<\/i> : racines autochtones de la d\u00e9mocratie moderne<\/strong><br \/>\nPhilippe Nadon<\/p>\n<\/div>\n<div>\n<p class=\"SommTitrearticle\"><strong><span lang=\"EN-US\">Heidi Bohaker\u00a0: <\/span><span lang=\"EN-US\">Doodem and Council Fire: Anishinaabe Governance through Alliance<br \/>\n<\/span><\/strong>Maxence Terrollion<\/p>\n<\/div>\n<div>\n<p class=\"SommTitrearticle\"><strong><span lang=\"EN-US\">Donald B. Smith\u00a0: <\/span><span lang=\"EN-US\">Seen but Not Seen: Influential Canadians and the First Nations from the 1840s to Today<br \/>\n<\/span><\/strong>Brian Gettler<\/p>\n<\/div>\n<div>\n<p class=\"LivresreusTITRES\"><strong>Darryl Leroux : Ascendance d\u00e9tourn\u00e9e : quand les Blancs revendiquent une identit\u00e9 autochtone<\/strong><br \/>\nAntoine Martin<\/p>\n<\/div>\n<div>\n<p>&nbsp;<\/p>\n<\/div>\n<p><strong>R\u00c9SUM\u00c9S \/ ABSTRACTS \/ RES\u00daMENES<\/strong><br \/>\n<strong>NOTES BIO-BIBLIOGRAPHIQUES<\/strong><\/p>\n<\/div>\n","protected":false},"excerpt":{"rendered":"<h2><strong>Volume 52, n\u02da 3, 2022-2023<br \/>\n<\/strong><\/h2>\n<div>\n<div>\n<h2 class=\"SommTitrearticle\"><strong>Patrimoines autochtones territoriaux\u00a0: le droit de prot\u00e9ger les espaces de culture et de transmission<\/strong><\/h2>\n<\/div>\n<\/div>\n<p><strong>Sous la direction de Caroline Desbiens et Justine Gagnon<br \/>\n<\/strong><\/p>\n<p><strong>Couverture :<br \/>\n<\/strong><\/p>\n<div>\n<h2 class=\"SommTitrearticle\"><em><strong>Muak<\/strong><\/em><\/h2>\n<h2 class=\"SommTitrearticle\"><strong>\u0152uvre num\u00e9rique de Sophie Kurtness, 2022<\/strong><\/h2>\n<\/div>\n<p><strong>Les collaborateurs et collaboratrices :<\/strong><\/p>\n<p>Richard Atimniraye Ny\u00e9lad\u00e9, Trycia Bazinet , Jean-Michel Beaudoin, Louis B\u00e9langer, Patrice Bellefleur, Emmanuelle Bernheim, Val\u00e9rie Courtois, Carole Delamour, Caroline Desbiens, Arielle Frenette, Justine Gagnon, \u00c9lisabeth Kaine\u2020, \u00c9ric Kanap\u00e9, Denise Lavoie, Eva Ottawa, Marie Saint-Arnaud, Thomas Sim\u00e9on, M.A. (Peggy) Smith, Sara Teitelbaum, Paul Wattez, Alawadi Zelao<\/p>\n<p>156 pages<br \/>\nISSN (imprim\u00e9) : 2564-4947<br \/>\nISSN (en ligne) : 2564-4955<\/p>\n<p>ISBN (imprim\u00e9) : 978-2-920366-62-6<\/p>\n<p><a href=\"https:\/\/recherches-autochtones.org\/site\/produit\/patrimoines-autochtones-territoriaux-le-droit-de-proteger-les-espaces-de-culture-et-de-transmission-2022-2023-vol-52-no-3-pdf\/\"><strong>Version PDF<\/strong><\/a><\/p>\n","protected":false},"featured_media":9604,"comment_status":"closed","ping_status":"closed","template":"","meta":{"_EventAllDay":false,"_EventTimezone":"","_EventStartDate":"","_EventEndDate":"","_EventStartDateUTC":"","_EventEndDateUTC":"","_EventShowMap":false,"_EventShowMapLink":false,"_EventURL":"","_EventCost":"","_EventCostDescription":"","_EventCurrencySymbol":"","_EventCurrencyCode":"","_EventCurrencyPosition":"","_EventDateTimeSeparator":"","_EventTimeRangeSeparator":"","_EventOrganizerID":[],"_EventVenueID":[],"_OrganizerEmail":"","_OrganizerPhone":"","_OrganizerWebsite":"","_VenueAddress":"","_VenueCity":"","_VenueCountry":"","_VenueProvince":"","_VenueState":"","_VenueZip":"","_VenuePhone":"","_VenueURL":"","_VenueStateProvince":"","_VenueLat":"","_VenueLng":"","_VenueShowMap":false,"_VenueShowMapLink":false},"product_brand":[],"product_cat":[49,47,77],"product_tag":[],"class_list":{"0":"post-9603","1":"product","2":"type-product","3":"status-publish","4":"has-post-thumbnail","6":"product_cat-format","7":"product_cat-papier","8":"product_cat-revue-detudes-autochtones","10":"first","11":"instock","12":"featured","13":"purchasable","14":"product-type-simple"},"_links":{"self":[{"href":"https:\/\/recherches-autochtones.org\/site\/wp-json\/wp\/v2\/product\/9603","targetHints":{"allow":["GET"]}}],"collection":[{"href":"https:\/\/recherches-autochtones.org\/site\/wp-json\/wp\/v2\/product"}],"about":[{"href":"https:\/\/recherches-autochtones.org\/site\/wp-json\/wp\/v2\/types\/product"}],"replies":[{"embeddable":true,"href":"https:\/\/recherches-autochtones.org\/site\/wp-json\/wp\/v2\/comments?post=9603"}],"wp:featuredmedia":[{"embeddable":true,"href":"https:\/\/recherches-autochtones.org\/site\/wp-json\/wp\/v2\/media\/9604"}],"wp:attachment":[{"href":"https:\/\/recherches-autochtones.org\/site\/wp-json\/wp\/v2\/media?parent=9603"}],"wp:term":[{"taxonomy":"product_brand","embeddable":true,"href":"https:\/\/recherches-autochtones.org\/site\/wp-json\/wp\/v2\/product_brand?post=9603"},{"taxonomy":"product_cat","embeddable":true,"href":"https:\/\/recherches-autochtones.org\/site\/wp-json\/wp\/v2\/product_cat?post=9603"},{"taxonomy":"product_tag","embeddable":true,"href":"https:\/\/recherches-autochtones.org\/site\/wp-json\/wp\/v2\/product_tag?post=9603"}],"curies":[{"name":"wp","href":"https:\/\/api.w.org\/{rel}","templated":true}]}}

Patrimoines autochtones territoriaux : le droit de protéger les espaces de culture et de transmission (2022-2023, vol. 52, no. 3)

<h3><strong>SOMMAIRE</strong></h3>
<p style="font-weight: 400;"><strong>INTRODUCTION<br />
</strong><strong>Patrimoines autochtones territoriaux : le droit de protéger les espaces de culture et de transmission</strong><br />
Caroline Desbiens et Justine Gagnon</p>
<p><strong>Le principe du consentement libre, préalable et éclairé en contexte forestier québécois : une étude de cas chez les Innus de Pessamit</strong><br />
Marie Saint-Arnaud, Sara Teitelbaum et Peggy Smith</p>
<p><strong><em>E nutshemiu itenitakuat</em>, pour la conservation et l’aménagement du patrimoine naturel dans le Nitassinan des Innus de Pessamit : étude de cas du Natau-assi d’un groupe familial</strong><br />
Patrice Bellefleur, Éric Kanapé, Louis Bélanger et Jean-Michel Beaudoin</p>
<p><strong>Approcher les réclamations des territoires ancestraux à travers la fluidité : le cas d’Apitipik, Abitibi Sakaikan</strong><br />
Trycia Bazinet</p>
<p><strong>« La porte où ils vont passer » : paysages industriels et persistance des patrimoines intangibles autochtones</strong><br />
Caroline Desbiens et Thomas Siméon</p>
<p><strong>Autochtones et patrimoine au Canada : principes coloniaux, conflits ontologiques et gouvernance patrimoniale</strong><br />
Paul Wattez</p>
<p><strong>La mise en récit des paysages comme outil de résistance et de décolonisation : le cas de la rivière Nastapoka (Nunavik)</strong><br />
Arielle Frenette</p>
<p><strong>Le don du caribou et l’appel du <em>teuehikan</em> : repenser des patrimoines autochtones à la lumière des dimensions familiales et relationnelles établies avec les non-humains</strong><br />
Carole Delamour et Thomas Siméon</p>
<p><strong>Gardiens et gardiennes de la terre : de la conservation à la conversation : entrevue avec Valérie Courtois, Ilnu de la communauté de Mashteuiatsh et directrice de l’</strong><em><strong>Initiative de leadership autochtone</strong><br />
</em>Justine Gagnon et Valérie Courtois</p>
<p><strong>La gouvernance en recherche autochtone : « Pour y arriver, tu dois d’abord désapprendre ce que tu sais et ensuite m’écouter »</strong><br />
Élisabeth Kaine<sup>†</sup> et Denise Lavoie</p>
<div>
<div>
<h2 class="SommTitrearticle"><strong>Ce numéro a été réalisé sous la direction de Caroline Desbiens et Justine Gagnon</strong></h2>
</div>
</div>
<hr />
<p style="font-weight: 400;"><strong>HORS THÈME</strong></p>
<div>
<div>
<div>
<p class="SommTitrearticle"><strong><span lang="FR">L’autochtonie des primo-arrivants du Nord-Cameroun à travers le prisme des critères objectifs et subjectifs de l’OIT<br />
</span></strong>Richard Atimniraye et Alawadi Zelao</p>
</div>
<div>
<p class="SommTitrearticle"><strong><i>Mirowatisiwin</i> : vers le mieux-être à Manawan. Une recherche-action au service du Principe de Joyce</strong><br />
Emmanuelle Bernheim et Eva Ottawa</p>
</div>
</div>
<div>
<p>&nbsp;</p>
</div>
</div>
<hr />
<p><strong>Comptes rendus</strong></p>
<div>
<div>
<p class="SommTitrearticle"><strong>Françoise Dussart et Sylvie Poirier, dir. : Contemporary Indigenous: Cosmologies and Pragmatics</strong><br />
Florian Lebret</p>
</div>
<div>
<p class="SommTitrearticle"><strong>Philippe Blouin, Matt Peterson, Malek Rasamny et Kahentinetha Rotiskarewake, dir. : La Mohawk Warrior Society : manuel de souveraineté autochtone. Œuvres choisies de Louis Karoniaktajeh Hall</strong><br />
Olivier Sabourin</p>
</div>
<div>
<p class="SommTitrearticle"><strong>Georges E. Sioui : <i>Eatenonha</i> : racines autochtones de la démocratie moderne</strong><br />
Philippe Nadon</p>
</div>
<div>
<p class="SommTitrearticle"><strong><span lang="EN-US">Heidi Bohaker : </span><span lang="EN-US">Doodem and Council Fire: Anishinaabe Governance through Alliance<br />
</span></strong>Maxence Terrollion</p>
</div>
<div>
<p class="SommTitrearticle"><strong><span lang="EN-US">Donald B. Smith : </span><span lang="EN-US">Seen but Not Seen: Influential Canadians and the First Nations from the 1840s to Today<br />
</span></strong>Brian Gettler</p>
</div>
<div>
<p class="LivresreusTITRES"><strong>Darryl Leroux : Ascendance détournée : quand les Blancs revendiquent une identité autochtone</strong><br />
Antoine Martin</p>
</div>
<div>
<p>&nbsp;</p>
</div>
<p><strong>RÉSUMÉS / ABSTRACTS / RESÚMENES</strong><br />
<strong>NOTES BIO-BIBLIOGRAPHIQUES</strong></p>
</div>

<h2><strong>Volume 52, n˚ 3, 2022-2023<br />
</strong></h2>
<div>
<div>
<h2 class="SommTitrearticle"><strong>Patrimoines autochtones territoriaux : le droit de protéger les espaces de culture et de transmission</strong></h2>
</div>
</div>
<p><strong>Sous la direction de Caroline Desbiens et Justine Gagnon<br />
</strong></p>
<p><strong>Couverture :<br />
</strong></p>
<div>
<h2 class="SommTitrearticle"><em><strong>Muak</strong></em></h2>
<h2 class="SommTitrearticle"><strong>Œuvre numérique de Sophie Kurtness, 2022</strong></h2>
</div>
<p><strong>Les collaborateurs et collaboratrices :</strong></p>
<p>Richard Atimniraye Nyéladé, Trycia Bazinet , Jean-Michel Beaudoin, Louis Bélanger, Patrice Bellefleur, Emmanuelle Bernheim, Valérie Courtois, Carole Delamour, Caroline Desbiens, Arielle Frenette, Justine Gagnon, Élisabeth Kaine†, Éric Kanapé, Denise Lavoie, Eva Ottawa, Marie Saint-Arnaud, Thomas Siméon, M.A. (Peggy) Smith, Sara Teitelbaum, Paul Wattez, Alawadi Zelao</p>
<p>156 pages<br />
ISSN (imprimé) : 2564-4947<br />
ISSN (en ligne) : 2564-4955</p>
<p>ISBN (imprimé) : 978-2-920366-62-6</p>
<p><a href="https://recherches-autochtones.org/site/produit/patrimoines-autochtones-territoriaux-le-droit-de-proteger-les-espaces-de-culture-et-de-transmission-2022-2023-vol-52-no-3-pdf/"><strong>Version PDF</strong></a></p>
