{"id":9497,"date":"2024-01-25T09:32:41","date_gmt":"2024-01-25T14:32:41","guid":{"rendered":"https:\/\/recherches-autochtones.org\/site\/?post_type=product&#038;p=9497"},"modified":"2026-03-23T08:47:59","modified_gmt":"2026-03-23T12:47:59","slug":"kruger-3-lieu-de-portage-millenaire-a-brompton","status":"publish","type":"product","link":"https:\/\/recherches-autochtones.org\/site\/produit\/kruger-3-lieu-de-portage-millenaire-a-brompton\/","title":{"rendered":"Kruger 3 : lieu de portage mill\u00e9naire \u00e0 Brompton"},"content":{"rendered":"<p><strong>Table des mati\u00e8res<\/strong><\/p>\n<div class=\"page\" title=\"Page 5\">\n<div class=\"section\">\n<div class=\"layoutArea\">\n<div class=\"column\">\n<p>Liste des figures<br \/>\nListe des tableaux<\/p>\n<p>Un mot du Grand Conseil de la Nation Waban-Aki<br \/>\nDavid Bernard<\/p>\n<div class=\"page\" title=\"Page 3\">\n<div class=\"layoutArea\">\n<div class=\"column\">\n<p>Avant-propos et remerciements<br \/>\nE\u0301ric Graillon et Claude Chapdelaine<\/p>\n<p>Chapitre premier<br \/>\nIntroduction : Historique de recherches<br \/>\nE\u0301ric Graillon et Claude Chapdelaine<\/p>\n<p>Chapitre deux<br \/>\nLe cadre culturel et la proble\u0301matique<br \/>\nClaude Chapdelaine et E\u0301ric Graillon<\/p>\n<p>Chapitre trois<br \/>\nDescription du site Kruger 3: un carrefour mille\u0301naire au pied des chutes<br \/>\nClaude Chapdelaine et E\u0301ric Graillon<\/p>\n<p>Chapitre quatre<br \/>\nLes occupations anciennes: Archai\u0308que ancien et Pale\u0301oindien re\u0301cent<br \/>\nClaude Chapdelaine<\/p>\n<p>Chapitre cinq<br \/>\nLes occupations de l\u2019Archai\u0308que<br \/>\nClaude Chapdelaine<\/p>\n<p>Chapitre six<br \/>\nLes occupations du Sylvicole<br \/>\nClaude Chapdelaine<\/p>\n<p>Chapitre sept<br \/>\nLes contributions du de\u0301bitage : comparaison entre Sylvicole, l\u2019Archai\u0308que et le Pale\u0301oindien re\u0301cent<br \/>\nJolyane Saule<\/p>\n<p>Chapitre huit<br \/>\nDes tortues et des castors : nourritures aquacoles et terrestres du site Kruger 3<br \/>\nClaire Saint-Germain, Michelle Courtemanche et Christian Gates Saint-Pierre<\/p>\n<p>Chapitre neuf<br \/>\nPerspective diachronique sur l\u2019exploitation des matie\u0300res premie\u0300res lithiques en Estrie : les outils et le de\u0301bitage du site Kruger 3<br \/>\nAdrian L. Burke<\/p>\n<p>Chapitre dix<br \/>\nL\u2019importance du site Kruger 3 pour l\u2019arche\u0301ologie de l\u2019Estrie<br \/>\nClaude Chapdelaine<\/p>\n<p>&nbsp;<\/p>\n<\/div>\n<\/div>\n<\/div>\n<\/div>\n<\/div>\n<\/div>\n<\/div>\n","protected":false},"excerpt":{"rendered":"<p><strong>Kruger 3 : lieu de portage mill\u00e9naire \u00e0 Brompton<\/strong><br \/>\nTextes r\u00e9unis sous la direction de Claude Chapdelaine et d&rsquo;\u00c9ric Graillon<\/p>\n<div class=\"page\" title=\"Page 1\">\n<div class=\"section\">\n<div class=\"layoutArea\">\n<div class=\"column\">\n<div class=\"page\" title=\"Page 1\">\n<div class=\"section\">\n<div class=\"layoutArea\">\n<div class=\"column\">\n<p>Le site Kruger 3 occupe une terrasse interme\u0301diaire en contrebas du site Kruger 2 sur la rive droite de la rivie\u0300re Saint-Franc\u0327ois. La fouille d\u2019une trentaine de me\u0300tres carre\u0301s entre 2013 et 2019 a permis de mettre au jour une se\u0301rie d\u2019occupations bre\u0300ves e\u0301chelonne\u0301es sur une profondeur de 150 cm. Cet enfouissement des te\u0301moins culturels est lie\u0301 a\u0300 une se\u0301dimentation alimente\u0301e par les crues printanie\u0300res. Les premie\u0300res occupations, vieilles de 9300 ans, remontent au Pale\u0301oindien re\u0301cent dont les indices se trouvent a\u0300 plus de 110 cm sous la surface actuelle. Trois occupations distinctes sont attribue\u0301es a\u0300 l\u2019Archai\u0308que entre 40 et 110 cm et les a\u0302ges varient entre 8000 et 3500 ans avant aujourd\u2019hui. De la surface jusqu\u2019a\u0300 40 cm, la de\u0301couverte de te\u0301moins ce\u0301ramiques et lithiques re\u0301ve\u0300le une pre\u0301sence continue au Sylvicole entre 3000 et 500 ans avant aujourd\u2019hui. Le site Kruger 3 permet ainsi de reconstituer de larges pans de l\u2019histoire culturelle de la re\u0301gion. Une histoire couvrant 9000 ans est reconstitue\u0301e a\u0300 partir de ce petit site exceptionnel avec l\u2019aide de divers spe\u0301cialistes pour faire parler la ce\u0301ramique, l\u2019industrie de la pierre taille\u0301e et de la pierre polie, les restes osseux et les sources des matie\u0300res lithiques.<\/p>\n<\/div>\n<\/div>\n<\/div>\n<\/div>\n<\/div>\n<\/div>\n<\/div>\n<\/div>\n<p><strong>Auteurs et autrices : <\/strong>David Bernard, Adrian L. Burke, Claude Chapdelaine, Michelle Courtemanche, Christian Gates St-Pierre, \u00c9ric Graillon, Claire St-Germain, Jolyane Saule,<\/p>\n<p>2023 \u2022 238 pages<br \/>\n<strong>ISBN (imprim\u00e9) :\u00a0<\/strong>978-2-920366-58-9<br \/>\n<strong>ISBN (pdf) :\u00a0<\/strong>978-2-920366-59-6<\/p>\n<p><a href=\"https:\/\/recherches-autochtones.org\/site\/produit\/kruger-3-lieu-de-portage-millenaire-a-brompton-pdf\/\"><strong>Version PDF<\/strong><\/a><\/p>\n","protected":false},"featured_media":9498,"comment_status":"closed","ping_status":"closed","template":"","meta":{"_EventAllDay":false,"_EventTimezone":"","_EventStartDate":"","_EventEndDate":"","_EventStartDateUTC":"","_EventEndDateUTC":"","_EventShowMap":false,"_EventShowMapLink":false,"_EventURL":"","_EventCost":"","_EventCostDescription":"","_EventCurrencySymbol":"","_EventCurrencyCode":"","_EventCurrencyPosition":"","_EventDateTimeSeparator":"","_EventTimeRangeSeparator":"","_EventOrganizerID":[],"_EventVenueID":[],"_OrganizerEmail":"","_OrganizerPhone":"","_OrganizerWebsite":"","_VenueAddress":"","_VenueCity":"","_VenueCountry":"","_VenueProvince":"","_VenueState":"","_VenueZip":"","_VenuePhone":"","_VenueURL":"","_VenueStateProvince":"","_VenueLat":"","_VenueLng":"","_VenueShowMap":false,"_VenueShowMapLink":false},"product_brand":[],"product_cat":[24,47],"product_tag":[],"class_list":{"0":"post-9497","1":"product","2":"type-product","3":"status-publish","4":"has-post-thumbnail","6":"product_cat-paleo-quebec","7":"product_cat-papier","9":"first","10":"instock","11":"featured","12":"purchasable","13":"product-type-simple"},"_links":{"self":[{"href":"https:\/\/recherches-autochtones.org\/site\/wp-json\/wp\/v2\/product\/9497","targetHints":{"allow":["GET"]}}],"collection":[{"href":"https:\/\/recherches-autochtones.org\/site\/wp-json\/wp\/v2\/product"}],"about":[{"href":"https:\/\/recherches-autochtones.org\/site\/wp-json\/wp\/v2\/types\/product"}],"replies":[{"embeddable":true,"href":"https:\/\/recherches-autochtones.org\/site\/wp-json\/wp\/v2\/comments?post=9497"}],"wp:featuredmedia":[{"embeddable":true,"href":"https:\/\/recherches-autochtones.org\/site\/wp-json\/wp\/v2\/media\/9498"}],"wp:attachment":[{"href":"https:\/\/recherches-autochtones.org\/site\/wp-json\/wp\/v2\/media?parent=9497"}],"wp:term":[{"taxonomy":"product_brand","embeddable":true,"href":"https:\/\/recherches-autochtones.org\/site\/wp-json\/wp\/v2\/product_brand?post=9497"},{"taxonomy":"product_cat","embeddable":true,"href":"https:\/\/recherches-autochtones.org\/site\/wp-json\/wp\/v2\/product_cat?post=9497"},{"taxonomy":"product_tag","embeddable":true,"href":"https:\/\/recherches-autochtones.org\/site\/wp-json\/wp\/v2\/product_tag?post=9497"}],"curies":[{"name":"wp","href":"https:\/\/api.w.org\/{rel}","templated":true}]}}

Kruger 3 : lieu de portage millénaire à Brompton

<p><strong>Table des matières</strong></p>
<div class="page" title="Page 5">
<div class="section">
<div class="layoutArea">
<div class="column">
<p>Liste des figures<br />
Liste des tableaux</p>
<p>Un mot du Grand Conseil de la Nation Waban-Aki<br />
David Bernard</p>
<div class="page" title="Page 3">
<div class="layoutArea">
<div class="column">
<p>Avant-propos et remerciements<br />
Éric Graillon et Claude Chapdelaine</p>
<p>Chapitre premier<br />
Introduction : Historique de recherches<br />
Éric Graillon et Claude Chapdelaine</p>
<p>Chapitre deux<br />
Le cadre culturel et la problématique<br />
Claude Chapdelaine et Éric Graillon</p>
<p>Chapitre trois<br />
Description du site Kruger 3: un carrefour millénaire au pied des chutes<br />
Claude Chapdelaine et Éric Graillon</p>
<p>Chapitre quatre<br />
Les occupations anciennes: Archaïque ancien et Paléoindien récent<br />
Claude Chapdelaine</p>
<p>Chapitre cinq<br />
Les occupations de l’Archaïque<br />
Claude Chapdelaine</p>
<p>Chapitre six<br />
Les occupations du Sylvicole<br />
Claude Chapdelaine</p>
<p>Chapitre sept<br />
Les contributions du débitage : comparaison entre Sylvicole, l’Archaïque et le Paléoindien récent<br />
Jolyane Saule</p>
<p>Chapitre huit<br />
Des tortues et des castors : nourritures aquacoles et terrestres du site Kruger 3<br />
Claire Saint-Germain, Michelle Courtemanche et Christian Gates Saint-Pierre</p>
<p>Chapitre neuf<br />
Perspective diachronique sur l’exploitation des matières premières lithiques en Estrie : les outils et le débitage du site Kruger 3<br />
Adrian L. Burke</p>
<p>Chapitre dix<br />
L’importance du site Kruger 3 pour l’archéologie de l’Estrie<br />
Claude Chapdelaine</p>
<p>&nbsp;</p>
</div>
</div>
</div>
</div>
</div>
</div>
</div>

<p><strong>Kruger 3 : lieu de portage millénaire à Brompton</strong><br />
Textes réunis sous la direction de Claude Chapdelaine et d&rsquo;Éric Graillon</p>
<div class="page" title="Page 1">
<div class="section">
<div class="layoutArea">
<div class="column">
<div class="page" title="Page 1">
<div class="section">
<div class="layoutArea">
<div class="column">
<p>Le site Kruger 3 occupe une terrasse intermédiaire en contrebas du site Kruger 2 sur la rive droite de la rivière Saint-François. La fouille d’une trentaine de mètres carrés entre 2013 et 2019 a permis de mettre au jour une série d’occupations brèves échelonnées sur une profondeur de 150 cm. Cet enfouissement des témoins culturels est lié à une sédimentation alimentée par les crues printanières. Les premières occupations, vieilles de 9300 ans, remontent au Paléoindien récent dont les indices se trouvent à plus de 110 cm sous la surface actuelle. Trois occupations distinctes sont attribuées à l’Archaïque entre 40 et 110 cm et les âges varient entre 8000 et 3500 ans avant aujourd’hui. De la surface jusqu’à 40 cm, la découverte de témoins céramiques et lithiques révèle une présence continue au Sylvicole entre 3000 et 500 ans avant aujourd’hui. Le site Kruger 3 permet ainsi de reconstituer de larges pans de l’histoire culturelle de la région. Une histoire couvrant 9000 ans est reconstituée à partir de ce petit site exceptionnel avec l’aide de divers spécialistes pour faire parler la céramique, l’industrie de la pierre taillée et de la pierre polie, les restes osseux et les sources des matières lithiques.</p>
</div>
</div>
</div>
</div>
</div>
</div>
</div>
</div>
<p><strong>Auteurs et autrices : </strong>David Bernard, Adrian L. Burke, Claude Chapdelaine, Michelle Courtemanche, Christian Gates St-Pierre, Éric Graillon, Claire St-Germain, Jolyane Saule,</p>
<p>2023 • 238 pages<br />
<strong>ISBN (imprimé) : </strong>978-2-920366-58-9<br />
<strong>ISBN (pdf) : </strong>978-2-920366-59-6</p>
<p><a href="https://recherches-autochtones.org/site/produit/kruger-3-lieu-de-portage-millenaire-a-brompton-pdf/"><strong>Version PDF</strong></a></p>
