{"id":5778,"date":"2019-03-22T10:21:32","date_gmt":"2019-03-22T14:21:32","guid":{"rendered":"https:\/\/recherches-autochtones.org\/site\/?post_type=product&#038;p=5778"},"modified":"2020-01-07T17:40:52","modified_gmt":"2020-01-07T22:40:52","slug":"recits-de-savoirs-partages-par-lart-et-la-creation-en-milieux-autochtones-2018-vol-48-no-1-2-version-pdf","status":"publish","type":"product","link":"https:\/\/recherches-autochtones.org\/site\/produit\/recits-de-savoirs-partages-par-lart-et-la-creation-en-milieux-autochtones-2018-vol-48-no-1-2-version-pdf\/","title":{"rendered":"R\u00e9cits de savoirs partag\u00e9s par l\u2019art et la cr\u00e9ation en milieux autochtones (2018, vol. 48, no. 1-2) \u2013 version PDF"},"content":{"rendered":"<p><strong>SOMMAIRE<\/strong><\/p>\n<p><strong>Pr\u00e9face<\/strong><br \/>\nArt et science\u00a0: deux faces d\u2019une m\u00eame pi\u00e8ce de monnaie<br \/>\nJacques Kurtness<\/p>\n<p><strong>Introduction<\/strong><br \/>\nDesign et Culture mat\u00e9rielle\u00a0: r\u00e9cits de savoirs partag\u00e9s par l\u2019art et la cr\u00e9ation en milieux autochtones<br \/>\n\u00c9lisabeth Kaine<\/p>\n<p>La pens\u00e9e m\u00e9tisse comme m\u00e9thodologie de cr\u00e9ation\u00a0: organiser un chaos identitaire<br \/>\nLydia Mestokosho-Paradis<\/p>\n<p><strong>Portfolio \u2013 Porteurs d\u2019espoir<\/strong><br \/>\nSous la direction de Diane Laurier<br \/>\nG\u00e9ronimo Inutiq, Eruoma Awashish, Nadia Myre, Florent Vollant, Katia Kurtness, Louis-Karl Picard-Sioui, Lydia Mestokosho-Paradis, Sonia Robertson, Sylvain Rivard, la troupe de th\u00e9\u00e2tre Maikan<\/p>\n<p>Lorsque l\u2019image parle\u00a0: l\u2019enseignement des arts visuels bas\u00e9 sur le r\u00e9cit de cr\u00e9ation d\u2019artistes autochtones<br \/>\nDiane Laurier, Catherine Bouchard, Caroline Cloutier et Mejda Meddeb<\/p>\n<p>Le cin\u00e9ma comme fabrique d\u2019images et d\u2019identit\u00e9s<br \/>\nDenis Bellemare<\/p>\n<p><em>Indian Time<\/em>\u00a0: des images d\u2019archives justes ou juste des images d\u2019archives\u00a0?<br \/>\nCarl Morasse<\/p>\n<p>La culture comme force d\u2019avenir\u00a0: enjeux et d\u00e9fis de l\u2019affirmation culturelle et socio\u00e9conomique atikamekw par la cr\u00e9ation et la mise en march\u00e9 de produits contemporains<br \/>\nAnne Marchand, Karine Awashish, Christian Coocoo, Solen Roth, Renata Marques Leit\u00e3o, C\u00e9dric Sportes et Caoimhe Isha Beaul\u00e9<\/p>\n<p>Expression culturelle et accomplissement personnel\u00a0: l\u2019affiche comme outil de valorisation<br \/>\nLe cas de Jeanne-Mance\u00a0Ambroise<br \/>\nClaudia N\u00e9ron et Jean-Fran\u00e7ois Vachon<\/p>\n<p>Le design et l\u2019empowerment au sein des communaut\u00e9s autochtones\u00a0: s\u2019engager avec la mat\u00e9rialit\u00e9<br \/>\nRenata Marques Leit\u00e3o et Anne Marchand<\/p>\n<p>R\u00e9percussions des publications et des expositions sur la cr\u00e9ation en art autochtone de la c\u00f4te Nord-Ouest<br \/>\nSolen Roth<\/p>\n<p>Premier regard d\u2019\u00e9valuation d\u2019une pratique\u00a0: rencontre avec l\u2019\u00e9quipe Design et Culture mat\u00e9rielle<br \/>\nRaymonde Beaudoin<\/p>\n<p>Voix autochtones au Mus\u00e9e de la civilisation de Qu\u00e9bec\u00a0: les d\u00e9fis de la mus\u00e9ologie collaborative<br \/>\nLaurence Desmarais et Laurent J\u00e9r\u00f4me<\/p>\n<p>Activisme autochtone et production audiovisuelle au Mato Grosso do Sul, Br\u00e9sil<br \/>\nMarta Castilho da Silva<\/p>\n<p>La cr\u00e9ation d\u2019un partenariat\u00a0: approches m\u00e9thodologiques interdisciplinaires en art et en anthropologie<br \/>\nDenis Bellemare et Paula Morgado Dias Lopes<\/p>\n<p>Image et alt\u00e9rit\u00e9\u00a0: un \u00e9change audiovisuel entre les Guaranis et les Innus<br \/>\nLucas Keese dos Santos<\/p>\n<p>La vid\u00e9o, une m\u00e9moire prospective am\u00e9rindienne<br \/>\nAndr\u00e9 Lopes<\/p>\n<p>Pens\u00e9e am\u00e9rindienne et cin\u00e9ma. Essai de r\u00e9flexion et d\u2019analogie\u00a0: la nation maxakalie du Br\u00e9sil<br \/>\nAna Carolina Estrela da Costa<\/p>\n<p><strong>Compte rendu d\u2019un s\u00e9minaire<\/strong><br \/>\nCr\u00e9ativit\u00e9 et mus\u00e9ologie autochtone\u00a0: dialogue entre conservateurs-artistes autochtones d\u2019Australie et du Qu\u00e9bec<br \/>\nJean Tanguay et \u00c9lisabeth Kaine<\/p>\n<p>&nbsp;<\/p>\n<hr \/>\n<p><strong>Autres articles<br \/>\n<\/strong><\/p>\n<p>Missionnaires en territoire anicinabe : des r\u00e9ponses \u00e0 la lumi\u00e8re de la tol\u00e9rance religieuse<br \/>\nLaurence Hamel-Charest<\/p>\n<p>L\u2019affaire du <em>Quassia amara<\/em> : jeux et enjeux politiques en Guyane, du global au local<br \/>\nG\u00e9rard Collomb<\/p>\n<p>L\u2019invisibilisation autochtone dans les politiques coloniales et r\u00e9publicaines : le cas des Mantas-Huancavilcas (r\u00e9gion littorale de l\u2019\u00c9quateur)<br \/>\nVildan Bahar Tuncay<\/p>\n<p>Le soufre d\u2019Ollag\u00fce : photographie et m\u00e9moire d\u2019une utopie moderne dans le nord du Chili<br \/>\nFrancisco Rivera, Rodrigo Lorca et Paula Gonz\u00e1lez<\/p>\n<p>\u00ab Le territoire c\u2019est la valeur \u00bb : production de personne et transformation de dons en marchandises chez les Innus d\u2019Unamen Shipu (La Romaine)<br \/>\n\u00c9mile Duchesne<\/p>\n<p>&nbsp;<\/p>\n<hr \/>\n<p><strong>Comptes rendus<\/strong><\/p>\n<p class=\"SommTitrearticle\">Thomas Grillot\u00a0: <em>Apr\u00e8s la Grande Guerre. Comment les Am\u00e9rindiens des \u00c9tats-Unis sont devenus patriotes (1917-1947)<\/em><br \/>\n<span lang=\"FR\">William Chass\u00e9<\/span><\/p>\n<p class=\"SommTitrearticle\">Zebedee Nungak\u00a0: <em>Wrestling With Colonialism On Steroids. Quebec Inuit Fight For Their Homeland<\/em><br \/>\n<span lang=\"FR\">Robert Lanari<\/span><\/p>\n<p class=\"SommTitrearticle\">Leila Inksetter\u00a0: <em>Initiatives et adaptations algonquines au XIX<sup>e<\/sup>\u00a0si\u00e8cle<\/em><br \/>\n<span lang=\"FR\">Mathieu Arsenault <\/span><\/p>\n<p class=\"SommTitrearticle\"><span lang=\"FR\">\u00c9. Kaine, J. Tanguay et J. Kurtness (dir.)\u00a0: <\/span><em>Voix, Visages, Paysages. Les Premiers Peuples et le XXI<sup>e<\/sup>si\u00e8cle<\/em><br \/>\n<span lang=\"FR\">Thomas Lecomte<\/span><\/p>\n<p class=\"SommTitrearticle\"><span lang=\"FR\">Louis-Jacques Dorais\u00a0: <\/span><em>Quaqtaq, terre de la grande banquise<\/em><br \/>\n<span lang=\"FR\">Marie Kirouac-Poirier<\/span><\/p>\n<p class=\"SommTitrearticle\"><span lang=\"FR\">Jean-Michel Wissmer\u00a0: <\/span><em>Kateri Tekakwitha. L\u2019entr\u00e9e du Christ chez les Iroquois. Voyage au c\u0153ur de l\u2019Am\u00e9rique indienne et coloniale<\/em><br \/>\n<span lang=\"FR\">Marion Robinaud<\/span><\/p>\n<p class=\"SommTitrearticle\"><span lang=\"FR\">B. Capitaine et K. Vanthuyne (dir.)\u00a0: <\/span><span lang=\"EN-US\"><em>Power through Testimony: Reframing Residential Schools in the Age of Reconciliation<\/em><br \/>\n<\/span><span lang=\"FR\">Anne-Marie Reynaud<\/span><\/p>\n<p>&nbsp;<\/p>\n<hr \/>\n<p><strong>Et aux \u00c9tats-Unis&#8230;<\/strong><\/p>\n<p><a href=\"https:\/\/recherches-autochtones.org\/site\/trumpisme-far-west\" target=\"_blank\" rel=\"noopener noreferrer\">Trumpisme et Far West : une histoire renvers\u00e9e<\/a><br \/>\n<a href=\"https:\/\/recherches-autochtones.org\/site\/trumpisme-far-west\" target=\"_blank\" rel=\"noopener noreferrer\">Nelcya Delano\u00eb<\/a><\/p>\n<p>&nbsp;<\/p>\n","protected":false},"excerpt":{"rendered":"<p><strong>Volume 48, nos. 1-2<br \/>\n<\/strong><\/p>\n<p><strong>R\u00e9cits de savoirs partag\u00e9s par l\u2019art et la cr\u00e9ation en milieux autochtones<\/strong><strong><br \/>\n<\/strong>Sous la direction de Denis Bellemare et \u00c9lisabeth Kaine<strong><br \/>\n<\/strong><\/p>\n<p><strong>Couverture :<\/strong><\/p>\n<p><em>Mbya i Piragui<\/em> (Sapukai, Br\u00e9sil, 2012)<br \/>\nCourt m\u00e9trage : r\u00e9alisation de Vera Mirim, image de Waubnasse Bobiwash-Simon, son de Vanderlei Juexaka Benite, montage de Vera Mirim et Fran\u00e7ois-Mathieu Hotte (Programme R\u00e9alit\u00e9s autochtones [CRSH]).<\/p>\n<p>Synopsis : selon une l\u00e9gende guaranie, \u00e0 la suite de p\u00eaches infructueuses, un homme conclut un pacte avec une sir\u00e8ne. En \u00e9change de poissons, il lui donnera son premier enfant, sinon une s\u00e9rie de malheurs s&rsquo;abattra sur eux et sur la communaut\u00e9<br \/>\n(Photo Fran\u00e7ois-Mathieu Hotte, \u00a9 Design et Culture mat\u00e9rielle 2012)<\/p>\n<p><strong>Les collaborateurs : <\/strong>Mathieu Arsenault,\u00a0Karine Awashish, Raymonde Beaudoin, Caoimhe Isha Beaul\u00e9 Denis Bellemare, Catherine Bouchard, Marta Castilho da Silva, William Chass\u00e9, Caroline Cloutier, G\u00e9rard Collomb Christian Coocoo, Laurence Desmarais, Ana Carolina Estrela da Costa, \u00c9mile Duchesne, Paula Gonz\u00e1lez, Laurence Hamel-Charest, Laurent J\u00e9r\u00f4me, \u00c9lisabeth Kaine, Lucas Keese dos Santos, Marie Kirouac-Poirier, Robert Lanari, Diane Laurier, Thomas Lecomte, Andr\u00e9 Lopes, Rodrigo Lorca, Anne Marchand, Renata Marques Leit\u00e3o,Mejda Meddeb, Carl Morasse, Paula Morgado Dias Lopes, Claudia N\u00e9ron, Anne-Marie Reynaud, Francisco Rivera, Marion Robinaud, Solen Roth, C\u00e9dric Sportes, Vildan Bahar Tuncay, Jean-Fran\u00e7ois Vachon<\/p>\n<p>260 pages<br \/>\nISSN (papier) :\u00a00318-4137<br \/>\nISSN (num\u00e9rique) :\u00a01923-5151<\/p>\n<p>&nbsp;<\/p>\n","protected":false},"featured_media":5779,"comment_status":"closed","ping_status":"closed","template":"","meta":{"_EventAllDay":false,"_EventTimezone":"","_EventStartDate":"","_EventEndDate":"","_EventStartDateUTC":"","_EventEndDateUTC":"","_EventShowMap":false,"_EventShowMapLink":false,"_EventURL":"","_EventCost":"","_EventCostDescription":"","_EventCurrencySymbol":"","_EventCurrencyCode":"","_EventCurrencyPosition":"","_EventDateTimeSeparator":"","_EventTimeRangeSeparator":"","_EventOrganizerID":[],"_EventVenueID":[],"_OrganizerEmail":"","_OrganizerPhone":"","_OrganizerWebsite":"","_VenueAddress":"","_VenueCity":"","_VenueCountry":"","_VenueProvince":"","_VenueState":"","_VenueZip":"","_VenuePhone":"","_VenueURL":"","_VenueStateProvince":"","_VenueLat":"","_VenueLng":"","_VenueShowMap":false,"_VenueShowMapLink":false},"product_brand":[],"product_cat":[48,26],"product_tag":[],"class_list":{"0":"post-5778","1":"product","2":"type-product","3":"status-publish","4":"has-post-thumbnail","6":"product_cat-pdf","7":"product_cat-recherches-amerindiennes-au-quebec","9":"first","10":"instock","11":"downloadable","12":"virtual","13":"sold-individually","14":"purchasable","15":"product-type-simple"},"_links":{"self":[{"href":"https:\/\/recherches-autochtones.org\/site\/wp-json\/wp\/v2\/product\/5778","targetHints":{"allow":["GET"]}}],"collection":[{"href":"https:\/\/recherches-autochtones.org\/site\/wp-json\/wp\/v2\/product"}],"about":[{"href":"https:\/\/recherches-autochtones.org\/site\/wp-json\/wp\/v2\/types\/product"}],"replies":[{"embeddable":true,"href":"https:\/\/recherches-autochtones.org\/site\/wp-json\/wp\/v2\/comments?post=5778"}],"wp:featuredmedia":[{"embeddable":true,"href":"https:\/\/recherches-autochtones.org\/site\/wp-json\/wp\/v2\/media\/5779"}],"wp:attachment":[{"href":"https:\/\/recherches-autochtones.org\/site\/wp-json\/wp\/v2\/media?parent=5778"}],"wp:term":[{"taxonomy":"product_brand","embeddable":true,"href":"https:\/\/recherches-autochtones.org\/site\/wp-json\/wp\/v2\/product_brand?post=5778"},{"taxonomy":"product_cat","embeddable":true,"href":"https:\/\/recherches-autochtones.org\/site\/wp-json\/wp\/v2\/product_cat?post=5778"},{"taxonomy":"product_tag","embeddable":true,"href":"https:\/\/recherches-autochtones.org\/site\/wp-json\/wp\/v2\/product_tag?post=5778"}],"curies":[{"name":"wp","href":"https:\/\/api.w.org\/{rel}","templated":true}]}}

Récits de savoirs partagés par l’art et la création en milieux autochtones (2018, vol. 48, no. 1-2) – version PDF

<p><strong>SOMMAIRE</strong></p>
<p><strong>Préface</strong><br />
Art et science : deux faces d’une même pièce de monnaie<br />
Jacques Kurtness</p>
<p><strong>Introduction</strong><br />
Design et Culture matérielle : récits de savoirs partagés par l’art et la création en milieux autochtones<br />
Élisabeth Kaine</p>
<p>La pensée métisse comme méthodologie de création : organiser un chaos identitaire<br />
Lydia Mestokosho-Paradis</p>
<p><strong>Portfolio – Porteurs d’espoir</strong><br />
Sous la direction de Diane Laurier<br />
Géronimo Inutiq, Eruoma Awashish, Nadia Myre, Florent Vollant, Katia Kurtness, Louis-Karl Picard-Sioui, Lydia Mestokosho-Paradis, Sonia Robertson, Sylvain Rivard, la troupe de théâtre Maikan</p>
<p>Lorsque l’image parle : l’enseignement des arts visuels basé sur le récit de création d’artistes autochtones<br />
Diane Laurier, Catherine Bouchard, Caroline Cloutier et Mejda Meddeb</p>
<p>Le cinéma comme fabrique d’images et d’identités<br />
Denis Bellemare</p>
<p><em>Indian Time</em> : des images d’archives justes ou juste des images d’archives ?<br />
Carl Morasse</p>
<p>La culture comme force d’avenir : enjeux et défis de l’affirmation culturelle et socioéconomique atikamekw par la création et la mise en marché de produits contemporains<br />
Anne Marchand, Karine Awashish, Christian Coocoo, Solen Roth, Renata Marques Leitão, Cédric Sportes et Caoimhe Isha Beaulé</p>
<p>Expression culturelle et accomplissement personnel : l’affiche comme outil de valorisation<br />
Le cas de Jeanne-Mance Ambroise<br />
Claudia Néron et Jean-François Vachon</p>
<p>Le design et l’empowerment au sein des communautés autochtones : s’engager avec la matérialité<br />
Renata Marques Leitão et Anne Marchand</p>
<p>Répercussions des publications et des expositions sur la création en art autochtone de la côte Nord-Ouest<br />
Solen Roth</p>
<p>Premier regard d’évaluation d’une pratique : rencontre avec l’équipe Design et Culture matérielle<br />
Raymonde Beaudoin</p>
<p>Voix autochtones au Musée de la civilisation de Québec : les défis de la muséologie collaborative<br />
Laurence Desmarais et Laurent Jérôme</p>
<p>Activisme autochtone et production audiovisuelle au Mato Grosso do Sul, Brésil<br />
Marta Castilho da Silva</p>
<p>La création d’un partenariat : approches méthodologiques interdisciplinaires en art et en anthropologie<br />
Denis Bellemare et Paula Morgado Dias Lopes</p>
<p>Image et altérité : un échange audiovisuel entre les Guaranis et les Innus<br />
Lucas Keese dos Santos</p>
<p>La vidéo, une mémoire prospective amérindienne<br />
André Lopes</p>
<p>Pensée amérindienne et cinéma. Essai de réflexion et d’analogie : la nation maxakalie du Brésil<br />
Ana Carolina Estrela da Costa</p>
<p><strong>Compte rendu d’un séminaire</strong><br />
Créativité et muséologie autochtone : dialogue entre conservateurs-artistes autochtones d’Australie et du Québec<br />
Jean Tanguay et Élisabeth Kaine</p>
<p>&nbsp;</p>
<hr />
<p><strong>Autres articles<br />
</strong></p>
<p>Missionnaires en territoire anicinabe : des réponses à la lumière de la tolérance religieuse<br />
Laurence Hamel-Charest</p>
<p>L’affaire du <em>Quassia amara</em> : jeux et enjeux politiques en Guyane, du global au local<br />
Gérard Collomb</p>
<p>L’invisibilisation autochtone dans les politiques coloniales et républicaines : le cas des Mantas-Huancavilcas (région littorale de l’Équateur)<br />
Vildan Bahar Tuncay</p>
<p>Le soufre d’Ollagüe : photographie et mémoire d’une utopie moderne dans le nord du Chili<br />
Francisco Rivera, Rodrigo Lorca et Paula González</p>
<p>« Le territoire c’est la valeur » : production de personne et transformation de dons en marchandises chez les Innus d’Unamen Shipu (La Romaine)<br />
Émile Duchesne</p>
<p>&nbsp;</p>
<hr />
<p><strong>Comptes rendus</strong></p>
<p class="SommTitrearticle">Thomas Grillot : <em>Après la Grande Guerre. Comment les Amérindiens des États-Unis sont devenus patriotes (1917-1947)</em><br />
<span lang="FR">William Chassé</span></p>
<p class="SommTitrearticle">Zebedee Nungak : <em>Wrestling With Colonialism On Steroids. Quebec Inuit Fight For Their Homeland</em><br />
<span lang="FR">Robert Lanari</span></p>
<p class="SommTitrearticle">Leila Inksetter : <em>Initiatives et adaptations algonquines au XIX<sup>e</sup> siècle</em><br />
<span lang="FR">Mathieu Arsenault </span></p>
<p class="SommTitrearticle"><span lang="FR">É. Kaine, J. Tanguay et J. Kurtness (dir.) : </span><em>Voix, Visages, Paysages. Les Premiers Peuples et le XXI<sup>e</sup>siècle</em><br />
<span lang="FR">Thomas Lecomte</span></p>
<p class="SommTitrearticle"><span lang="FR">Louis-Jacques Dorais : </span><em>Quaqtaq, terre de la grande banquise</em><br />
<span lang="FR">Marie Kirouac-Poirier</span></p>
<p class="SommTitrearticle"><span lang="FR">Jean-Michel Wissmer : </span><em>Kateri Tekakwitha. L’entrée du Christ chez les Iroquois. Voyage au cœur de l’Amérique indienne et coloniale</em><br />
<span lang="FR">Marion Robinaud</span></p>
<p class="SommTitrearticle"><span lang="FR">B. Capitaine et K. Vanthuyne (dir.) : </span><span lang="EN-US"><em>Power through Testimony: Reframing Residential Schools in the Age of Reconciliation</em><br />
</span><span lang="FR">Anne-Marie Reynaud</span></p>
<p>&nbsp;</p>
<hr />
<p><strong>Et aux États-Unis&#8230;</strong></p>
<p><a href="https://recherches-autochtones.org/site/trumpisme-far-west" target="_blank" rel="noopener noreferrer">Trumpisme et Far West : une histoire renversée</a><br />
<a href="https://recherches-autochtones.org/site/trumpisme-far-west" target="_blank" rel="noopener noreferrer">Nelcya Delanoë</a></p>
<p>&nbsp;</p>

<p><strong>Volume 48, nos. 1-2<br />
</strong></p>
<p><strong>Récits de savoirs partagés par l’art et la création en milieux autochtones</strong><strong><br />
</strong>Sous la direction de Denis Bellemare et Élisabeth Kaine<strong><br />
</strong></p>
<p><strong>Couverture :</strong></p>
<p><em>Mbya i Piragui</em> (Sapukai, Brésil, 2012)<br />
Court métrage : réalisation de Vera Mirim, image de Waubnasse Bobiwash-Simon, son de Vanderlei Juexaka Benite, montage de Vera Mirim et François-Mathieu Hotte (Programme Réalités autochtones [CRSH]).</p>
<p>Synopsis : selon une légende guaranie, à la suite de pêches infructueuses, un homme conclut un pacte avec une sirène. En échange de poissons, il lui donnera son premier enfant, sinon une série de malheurs s&rsquo;abattra sur eux et sur la communauté<br />
(Photo François-Mathieu Hotte, © Design et Culture matérielle 2012)</p>
<p><strong>Les collaborateurs : </strong>Mathieu Arsenault, Karine Awashish, Raymonde Beaudoin, Caoimhe Isha Beaulé Denis Bellemare, Catherine Bouchard, Marta Castilho da Silva, William Chassé, Caroline Cloutier, Gérard Collomb Christian Coocoo, Laurence Desmarais, Ana Carolina Estrela da Costa, Émile Duchesne, Paula González, Laurence Hamel-Charest, Laurent Jérôme, Élisabeth Kaine, Lucas Keese dos Santos, Marie Kirouac-Poirier, Robert Lanari, Diane Laurier, Thomas Lecomte, André Lopes, Rodrigo Lorca, Anne Marchand, Renata Marques Leitão,Mejda Meddeb, Carl Morasse, Paula Morgado Dias Lopes, Claudia Néron, Anne-Marie Reynaud, Francisco Rivera, Marion Robinaud, Solen Roth, Cédric Sportes, Vildan Bahar Tuncay, Jean-François Vachon</p>
<p>260 pages<br />
ISSN (papier) : 0318-4137<br />
ISSN (numérique) : 1923-5151</p>
<p>&nbsp;</p>
