{"id":1742,"date":"1976-03-17T14:11:36","date_gmt":"1976-03-17T19:11:36","guid":{"rendered":"https:\/\/recherches-autochtones.org\/site\/produit\/archeologie-du-nouveau-quebec-habitats-paleo-esquimaux-a-poste-de-la-baleine-version-pdf-1976"},"modified":"2025-06-20T11:24:49","modified_gmt":"2025-06-20T15:24:49","slug":"archeologie-du-nouveau-quebec-habitats-paleo-esquimaux-a-poste-de-la-baleine-version-pdf-1976","status":"publish","type":"product","link":"https:\/\/recherches-autochtones.org\/site\/produit\/archeologie-du-nouveau-quebec-habitats-paleo-esquimaux-a-poste-de-la-baleine-version-pdf-1976\/","title":{"rendered":"Arch\u00e9ologie du Nouveau-Qu\u00e9bec : habitats pal\u00e9o-esquimaux \u00e0 Poste-de-la-Baleine &#8211; version pdf"},"content":{"rendered":"<p>Table des figures \/ Table des photos<br \/>\nR\u00e9sum\u00e9 \/ Abstrait<\/p>\n<p>Introduction<\/p>\n<p>L\u2019OCCUPATION HUMAINE DANS L\u2019ARCTIQUE<br \/>\nLouis Giddings et la culture de Denbigh<br \/>\nLa tradition microlithique de l\u2019Arctique<br \/>\nL\u2019imbrication des cultures dans l\u2019Arctique occidental<br \/>\nCivilisation commune et influence asiatique<br \/>\n\u00ab\u00a0L\u2019id\u00e9al esquimau\u00a0\u00bb : convergence ou \u00e9mergence ?<br \/>\nLes hypoth\u00e8ses sur l\u2019origine de la culture du Cap Dorset<br \/>\nR\u00e9sum\u00e9 de l\u2019histoire de l\u2019occupation humaine dans l\u2019Arctique oriental<br \/>\nLa c\u00f4te est de la mer d\u2019Hudson et la r\u00e9gion de Poste-de-la-Baleine. Probl\u00e9matique<\/p>\n<p>PR\u00c9SENTATION ET DISCUSSION DES DONN\u00c9ES<br \/>\nLe contexte g\u00e9ologique des sites BAL.1, 2, 3-69 et BAL.4-72<br \/>\nLe contexte pal\u00e9ontologique &#8211; climat et faune<br \/>\nDescription des sites arch\u00e9ologiques de Poste-de-la-Baleine<br \/>\nDescription provisoire des t\u00e9moins fa\u00e7onn\u00e9s recueillis \u00e0 BAL.1<br \/>\nL\u2019abri sous roche<br \/>\nConclusion concernant les vestiges arch\u00e9ologiques de Poste-de-la-Baleine<br \/>\nLe milieu physique contemporain de BAL.1, 2, 3 et 4 et les donn\u00e9es chronologiques<\/p>\n<p>ANALYSE ET INTERPR\u00c9TATION DES DONN\u00c9ES ARCH\u00c9OLOGIQUES : LES HABITATS ET LES HABITATIONS<br \/>\nLes habitations associ\u00e9es \u00e0 la tradition microlithique de l\u2019Arctique<br \/>\nLes d\u00e9pressions dans les champs de blocs<br \/>\nLes habitats et les habitations de BAL.1, 2, 3 et 4<br \/>\nProbl\u00e8mes particuliers \u00e0 l\u2019habitation pal\u00e9o-esquimaude orientale et nouvelles perspectives de recherches<\/p>\n<p>Conclusion g\u00e9n\u00e9rale<br \/>\nR\u00e9f\u00e9rences bibliographiques<\/p>\n<p><strong>Auteur(s) : <\/strong>Patrick Plumet<br \/>\n<strong>Autre(s) collaborateur(s) : <\/strong><\/p>\n<p>232 pages<br \/>\n<strong style=\"font-size: 16px; line-height: 1.5;\">ISBN\/ISSN\u00a0:\u00a0<\/strong>0-889284-0-24<\/p>\n<p>&nbsp;<\/p>\n","protected":false},"excerpt":{"rendered":"<p>La premi\u00e8re partie de ce travail r\u00e9sume l&rsquo;\u00e9volution des connaissances et des th\u00e9ories concernant l&rsquo;occupation humaine dans l&rsquo;Arctique. La deuxi\u00e8me partie est consacr\u00e9e au cadre pal\u00e9og\u00e9ographique et \u00e0 la description des donn\u00e9es arch\u00e9ologiques. Dans la r\u00e9gion de Poste-de-la-Baleine le rel\u00e8vement glacio-isostatique a \u00e9t\u00e9 particuli\u00e8rement important puisqu&rsquo;il atteint presque le maximum de sur\u00e9l\u00e9vation qui est de 300 m\u00e8tres. Il y eut donc, m\u00eame au cours de l&rsquo;occupation humaine, des changements consid\u00e9rables dans la configuration des c\u00f4tes, la ligne de rivage ayant pu s&rsquo;abaisser de 70 m\u00e8tres en quelques g\u00e9n\u00e9rations. (&#8230;) La troisi\u00e8me partie est consacr\u00e9e aux habitats et aux habitations. Un rappel des quelques donn\u00e9es disponibles concernant les habitations pal\u00e9o-esquimaudes est d&rsquo;abord pr\u00e9sent\u00e9, ensuite l&rsquo;analyse des habitations de BAL.1.<\/p>\n","protected":false},"featured_media":3447,"comment_status":"closed","ping_status":"closed","template":"","meta":{"_EventAllDay":false,"_EventTimezone":"","_EventStartDate":"","_EventEndDate":"","_EventStartDateUTC":"","_EventEndDateUTC":"","_EventShowMap":false,"_EventShowMapLink":false,"_EventURL":"","_EventCost":"","_EventCostDescription":"","_EventCurrencySymbol":"","_EventCurrencyCode":"","_EventCurrencyPosition":"","_EventDateTimeSeparator":"","_EventTimeRangeSeparator":"","_EventOrganizerID":[],"_EventVenueID":[],"_OrganizerEmail":"","_OrganizerPhone":"","_OrganizerWebsite":"","_VenueAddress":"","_VenueCity":"","_VenueCountry":"","_VenueProvince":"","_VenueState":"","_VenueZip":"","_VenuePhone":"","_VenueURL":"","_VenueStateProvince":"","_VenueLat":"","_VenueLng":"","_VenueShowMap":false,"_VenueShowMapLink":false},"product_brand":[],"product_cat":[24,48],"product_tag":[],"class_list":{"0":"post-1742","1":"product","2":"type-product","3":"status-publish","4":"has-post-thumbnail","6":"product_cat-paleo-quebec","7":"product_cat-pdf","9":"first","10":"instock","11":"downloadable","12":"virtual","13":"purchasable","14":"product-type-simple"},"_links":{"self":[{"href":"https:\/\/recherches-autochtones.org\/site\/wp-json\/wp\/v2\/product\/1742","targetHints":{"allow":["GET"]}}],"collection":[{"href":"https:\/\/recherches-autochtones.org\/site\/wp-json\/wp\/v2\/product"}],"about":[{"href":"https:\/\/recherches-autochtones.org\/site\/wp-json\/wp\/v2\/types\/product"}],"replies":[{"embeddable":true,"href":"https:\/\/recherches-autochtones.org\/site\/wp-json\/wp\/v2\/comments?post=1742"}],"wp:featuredmedia":[{"embeddable":true,"href":"https:\/\/recherches-autochtones.org\/site\/wp-json\/wp\/v2\/media\/3447"}],"wp:attachment":[{"href":"https:\/\/recherches-autochtones.org\/site\/wp-json\/wp\/v2\/media?parent=1742"}],"wp:term":[{"taxonomy":"product_brand","embeddable":true,"href":"https:\/\/recherches-autochtones.org\/site\/wp-json\/wp\/v2\/product_brand?post=1742"},{"taxonomy":"product_cat","embeddable":true,"href":"https:\/\/recherches-autochtones.org\/site\/wp-json\/wp\/v2\/product_cat?post=1742"},{"taxonomy":"product_tag","embeddable":true,"href":"https:\/\/recherches-autochtones.org\/site\/wp-json\/wp\/v2\/product_tag?post=1742"}],"curies":[{"name":"wp","href":"https:\/\/api.w.org\/{rel}","templated":true}]}}

Archéologie du Nouveau-Québec : habitats paléo-esquimaux à Poste-de-la-Baleine &#8211; version pdf

<p>Table des figures / Table des photos<br />
Résumé / Abstrait</p>
<p>Introduction</p>
<p>L’OCCUPATION HUMAINE DANS L’ARCTIQUE<br />
Louis Giddings et la culture de Denbigh<br />
La tradition microlithique de l’Arctique<br />
L’imbrication des cultures dans l’Arctique occidental<br />
Civilisation commune et influence asiatique<br />
« L’idéal esquimau » : convergence ou émergence ?<br />
Les hypothèses sur l’origine de la culture du Cap Dorset<br />
Résumé de l’histoire de l’occupation humaine dans l’Arctique oriental<br />
La côte est de la mer d’Hudson et la région de Poste-de-la-Baleine. Problématique</p>
<p>PRÉSENTATION ET DISCUSSION DES DONNÉES<br />
Le contexte géologique des sites BAL.1, 2, 3-69 et BAL.4-72<br />
Le contexte paléontologique &#8211; climat et faune<br />
Description des sites archéologiques de Poste-de-la-Baleine<br />
Description provisoire des témoins façonnés recueillis à BAL.1<br />
L’abri sous roche<br />
Conclusion concernant les vestiges archéologiques de Poste-de-la-Baleine<br />
Le milieu physique contemporain de BAL.1, 2, 3 et 4 et les données chronologiques</p>
<p>ANALYSE ET INTERPRÉTATION DES DONNÉES ARCHÉOLOGIQUES : LES HABITATS ET LES HABITATIONS<br />
Les habitations associées à la tradition microlithique de l’Arctique<br />
Les dépressions dans les champs de blocs<br />
Les habitats et les habitations de BAL.1, 2, 3 et 4<br />
Problèmes particuliers à l’habitation paléo-esquimaude orientale et nouvelles perspectives de recherches</p>
<p>Conclusion générale<br />
Références bibliographiques</p>
<p><strong>Auteur(s) : </strong>Patrick Plumet<br />
<strong>Autre(s) collaborateur(s) : </strong></p>
<p>232 pages<br />
<strong style="font-size: 16px; line-height: 1.5;">ISBN/ISSN : </strong>0-889284-0-24</p>
<p>&nbsp;</p>

<p>La première partie de ce travail résume l&rsquo;évolution des connaissances et des théories concernant l&rsquo;occupation humaine dans l&rsquo;Arctique. La deuxième partie est consacrée au cadre paléogéographique et à la description des données archéologiques. Dans la région de Poste-de-la-Baleine le relèvement glacio-isostatique a été particulièrement important puisqu&rsquo;il atteint presque le maximum de surélévation qui est de 300 mètres. Il y eut donc, même au cours de l&rsquo;occupation humaine, des changements considérables dans la configuration des côtes, la ligne de rivage ayant pu s&rsquo;abaisser de 70 mètres en quelques générations. (&#8230;) La troisième partie est consacrée aux habitats et aux habitations. Un rappel des quelques données disponibles concernant les habitations paléo-esquimaudes est d&rsquo;abord présenté, ensuite l&rsquo;analyse des habitations de BAL.1.</p>
