{"id":1719,"date":"2014-03-17T14:11:36","date_gmt":"2014-03-17T18:11:36","guid":{"rendered":"https:\/\/recherches-autochtones.org\/site\/produit\/amerique-latine-guyane-francaise-etats-unis-canada-nouvelle-caledonie-version-pdf-2014"},"modified":"2020-01-15T15:52:01","modified_gmt":"2020-01-15T20:52:01","slug":"amerique-latine-guyane-francaise-etats-unis-canada-nouvelle-caledonie-version-pdf-2014","status":"publish","type":"product","link":"https:\/\/recherches-autochtones.org\/site\/produit\/amerique-latine-guyane-francaise-etats-unis-canada-nouvelle-caledonie-version-pdf-2014\/","title":{"rendered":"Am\u00e9rique latine, Guyane fran\u00e7aise, \u00c9tats-Unis, Canada, Nouvelle-Cal\u00e9donie &#8211; (2014, vol. 44, nos. 2-3) version pdf"},"content":{"rendered":"<p><strong>SOMMAIRE<\/strong><\/p>\n<p>\u00c9TUDES AUTOCHTONES COMPAR\u00c9ES<br \/>\nSous la direction de Cristhian Te\u00f3filo da Silva et Martin H\u00e9bert<\/p>\n<p>Regards sur les \u00e9tudes autochtones compar\u00e9es<br \/>\nCristhian Te\u00f3filo da Silva et Martin H\u00e9bert<\/p>\n<p>Politiques indig\u00e9nistes au Br\u00e9sil, au Canada et en Australie : les d\u00e9fis de la pratique anthropologique dans divers contextes nationaux<br \/>\nStephen Grant Baines<\/p>\n<p>Situations coloniales, pluralisme ethnique et d\u00e9fis de l\u2019autonomie autochtone en Am\u00e9rique latine<br \/>\nCristhian Te\u00f3filo da Silva<\/p>\n<p>L\u2019h\u00e9g\u00e9monie et les programmes d\u2019\u00e9ducation autochtone au Mexique et au Br\u00e9sil (1940-1970)<br \/>\nL\u00edgia Duque Platero<\/p>\n<p>Comparaison entre la herranza, la \u00ab f\u00eate de l\u2019eau \u00bb et la zafa-casa dans les Andes<br \/>\nJuan Javier Rivera And\u00eda<\/p>\n<p>Note de recherche<br \/>\nL\u2019organisation autochtone devant l\u2019installation de parcs \u00e9oliens sur l\u2019isthme d\u2019Oaxaca, au Mexique<br \/>\nClarissa Noronha Melo Tavares<\/p>\n<p>Des Kanaks au Qu\u00e9bec : l\u2019exp\u00e9rience de jeunes autochtones cal\u00e9doniens en formation aux m\u00e9tiers de la mine \u00e0 Rouyn et \u00e0 Sept-\u00celes<br \/>\nMarie Sala\u00fcn<\/p>\n<p>CONGR\u00c8S D&rsquo;\u00c9TUDES WENDAT-WYANDOT, 2012<br \/>\nSous la direction de Jonathan Lainey<\/p>\n<p>Pr\u00e9sentation<br \/>\nJonathan Lainey<\/p>\n<p>Les arts wendats au service de la diplomatie et de la traite<br \/>\nAnnette de Stecher<\/p>\n<p>Note de recherche<br \/>\nLes sacs hurons-wendats avant 1850 : une coupe unique<br \/>\nNikolaus Stolle<\/p>\n<p>Note de recherche<br \/>\nLes sons wyandots per\u00e7us par des oreilles \u00e9trang\u00e8res<br \/>\nCraig Kopris<\/p>\n<p>Les origines huronnes-wendates de Kanesatake<br \/>\nJean-Fran\u00e7ois Lozier<\/p>\n<p>AUTRES ARTICLES<br \/>\nM\u00e9moire g\u00e9n\u00e9alogique et mariages consanguins chez les Qoms du Chaco argentin<br \/>\nFlorencia Tola<\/p>\n<p>Un village \u00ab galibi \u00bb en Guyane fran\u00e7aise : le cas du site arch\u00e9ologique d\u2019Eva 2<br \/>\nMartijn van den Bel, Thomas Romon, Christian Vallet et Sandrine Delpech<\/p>\n<p>R\u00e9sistances novatrices de peuples autochtones face au pillage de leurs territoires et de leurs ressources en Am\u00e9rique latine<br \/>\nDenis Langlois<\/p>\n<p>Les actualit\u00e9s de la tente tremblante chez les Eeyous : transformations, continuit\u00e9s socioculturelles et enjeux anthropologiques<br \/>\nPaul Wattez<\/p>\n<p>ACTUALIT\u00c9S<br \/>\nLe monde sociopolitique autochtone au Qu\u00e9bec de novembre 2014 \u00e0 f\u00e9vrier 2015<br \/>\nGenevi\u00e8ve Beaudet<\/p>\n<p>COMPTES RENDUS<br \/>\nFr\u00e9d\u00e9rique Cornellier : Kitakinan\u2026 parce que la ville est aussi autochtone<br \/>\nCarole Delamour<\/p>\n<p>Emmanuel Colomb : Premi\u00e8res Nations : essai d\u2019une approche holistique en \u00e9ducation sup\u00e9rieure. Entre compr\u00e9hension et r\u00e9ussite<br \/>\nSamuel Neural<\/p>\n<p>Anna Hoefnagels et Beverley Diamond (dir.) : Aboriginal Music in Contemporary Canada: Echoes and Exchanges<br \/>\nNicole Beaudry<\/p>\n<p>Gilles Havard et Fr\u00e9d\u00e9ric Laugrand (dir.) : \u00c9ros et tabou. Sexualit\u00e9 et genre chez Am\u00e9rindiens et les Inuit<br \/>\nJoseph L\u00e9vy<\/p>\n<p>Thomas King : Une br\u00e8ve histoire des Indiens au Canada<br \/>\nGenevi\u00e8ve Pigeon<\/p>\n<p>Daniel Cl\u00e9ment : Le bestiaire innu : les quadrup\u00e8des<br \/>\nPaul Charest<\/p>\n<p>Nicolas Landry : La Cadie, fronti\u00e8re du Canada : Micmacs et Euro-canadiens au Nord-Est du Nouveau-Brunswick, 1620-1850<br \/>\nGregory Kennedy<\/p>\n<p>Donald B. Smith : Mississauga Portraits. Ojibwe Voices from Nineteenth-Century Canada<br \/>\nJimena Marquez<\/p>\n<p>John L. Steckley : The Eighteenth-Century Wyandot: A Clan-Based Study<br \/>\nJean-Fran\u00e7ois Lozier<\/p>\n","protected":false},"excerpt":{"rendered":"<p>Volume 44, num\u00e9ros 2-3<br \/>\nAm\u00e9rique latine, Guyane fran\u00e7aise, \u00c9tats-Unis, Canada, Nouvelle-Cal\u00e9donie<br \/>\nSous la direction de Martin H\u00e9bert, Cristhian Te\u00f3filo da Silva et Jonathan Lainey<\/p>\n<p>Couverture :<br \/>\nWyandot Floral<br \/>\n\u0152uvre de Richard Zane Smith<br \/>\nColombins d\u2019argile naturelle, barbotine et teinture, 2012<br \/>\n(Photo : courtoisie de Blue Rain Gallery, Santa Fe, NM)<\/p>\n<p><strong>Autre(s) collaborateur(s) : <\/strong>Stephen Grant Baines, Cristhian Teofilo da Silva, Ligia Duque Platero, Juan Javier Rivera Andia, Clarissa Noronha Melo Tavares, Marie Sala\u00fcn, Jonathan Lainey, Annette de Stecher, Nikolaus Stolle, Craig Kopris, Jean-Fran\u00e7ois Lozier, Florencia Tola, Martijn van den Bel, Thomas Romon, Christian Vallet, Sandrine Delpech, Denis Langlois, Paul Wattez<\/p>\n<p>197 pages<br \/>\n<strong>ISBN\/ISSN\u00a0:\u00a0<\/strong>0318-4137<\/p>\n<p>&nbsp;<\/p>\n","protected":false},"featured_media":3407,"comment_status":"closed","ping_status":"closed","template":"","meta":{"_EventAllDay":false,"_EventTimezone":"","_EventStartDate":"","_EventEndDate":"","_EventStartDateUTC":"","_EventEndDateUTC":"","_EventShowMap":false,"_EventShowMapLink":false,"_EventURL":"","_EventCost":"","_EventCostDescription":"","_EventCurrencySymbol":"","_EventCurrencyCode":"","_EventCurrencyPosition":"","_EventDateTimeSeparator":"","_EventTimeRangeSeparator":"","_EventOrganizerID":[],"_EventVenueID":[],"_OrganizerEmail":"","_OrganizerPhone":"","_OrganizerWebsite":"","_VenueAddress":"","_VenueCity":"","_VenueCountry":"","_VenueProvince":"","_VenueState":"","_VenueZip":"","_VenuePhone":"","_VenueURL":"","_VenueStateProvince":"","_VenueLat":"","_VenueLng":"","_VenueShowMap":false,"_VenueShowMapLink":false},"product_brand":[],"product_cat":[48,26],"product_tag":[],"class_list":{"0":"post-1719","1":"product","2":"type-product","3":"status-publish","4":"has-post-thumbnail","6":"product_cat-pdf","7":"product_cat-recherches-amerindiennes-au-quebec","9":"first","10":"instock","11":"downloadable","12":"virtual","13":"sold-individually","14":"purchasable","15":"product-type-simple"},"_links":{"self":[{"href":"https:\/\/recherches-autochtones.org\/site\/wp-json\/wp\/v2\/product\/1719","targetHints":{"allow":["GET"]}}],"collection":[{"href":"https:\/\/recherches-autochtones.org\/site\/wp-json\/wp\/v2\/product"}],"about":[{"href":"https:\/\/recherches-autochtones.org\/site\/wp-json\/wp\/v2\/types\/product"}],"replies":[{"embeddable":true,"href":"https:\/\/recherches-autochtones.org\/site\/wp-json\/wp\/v2\/comments?post=1719"}],"wp:featuredmedia":[{"embeddable":true,"href":"https:\/\/recherches-autochtones.org\/site\/wp-json\/wp\/v2\/media\/3407"}],"wp:attachment":[{"href":"https:\/\/recherches-autochtones.org\/site\/wp-json\/wp\/v2\/media?parent=1719"}],"wp:term":[{"taxonomy":"product_brand","embeddable":true,"href":"https:\/\/recherches-autochtones.org\/site\/wp-json\/wp\/v2\/product_brand?post=1719"},{"taxonomy":"product_cat","embeddable":true,"href":"https:\/\/recherches-autochtones.org\/site\/wp-json\/wp\/v2\/product_cat?post=1719"},{"taxonomy":"product_tag","embeddable":true,"href":"https:\/\/recherches-autochtones.org\/site\/wp-json\/wp\/v2\/product_tag?post=1719"}],"curies":[{"name":"wp","href":"https:\/\/api.w.org\/{rel}","templated":true}]}}