{"id":1700,"date":"2005-02-17T14:11:36","date_gmt":"2005-02-17T19:11:36","guid":{"rendered":"https:\/\/recherches-autochtones.org\/site\/produit\/la-culture-materielle-archeologie-de-lechange-interculturel-version-pdf-2005"},"modified":"2025-06-20T10:05:05","modified_gmt":"2025-06-20T14:05:05","slug":"la-culture-materielle-archeologie-de-lechange-interculturel-version-pdf-2005","status":"publish","type":"product","link":"https:\/\/recherches-autochtones.org\/site\/produit\/la-culture-materielle-archeologie-de-lechange-interculturel-version-pdf-2005\/","title":{"rendered":"La culture mat\u00e9rielle. Arch\u00e9ologie de l&rsquo;\u00e9change interculturel (2005, vol. 35, no. 2) &#8211; version pdf"},"content":{"rendered":"<p><strong>SOMMAIRE<\/strong><\/p>\n<p>PR\u00c9SENTATION<br \/>\nOuvrir les \u00e9tudes en culture mat\u00e9rielle am\u00e9rindienne<br \/>\nLaurier Turgeon<\/p>\n<p>Le scalp : un objet interculturel dans le contexte colonial nord-am\u00e9ricain (1701-1763)<br \/>\nSt\u00e9phanie Chaffray<\/p>\n<p>Les relations entre soldats fran\u00e7ais et Am\u00e9rindiens : la question de la traite (1683-1763)<br \/>\nArnaud Balvay<\/p>\n<p>Le calumet de paix, un objet de contacts : \u00e9tude et analyse d\u2019une pipe am\u00e9rindienne<br \/>\nJean-Fran\u00e7ois Dumouchel<\/p>\n<p>La mati\u00e8re du r\u00eave : mat\u00e9riaux, objets, arts et techniques dans les pratiques indianophiles<br \/>\nOlivier Maligne<\/p>\n<p>La modernit\u00e9 de la tradition : une analyse de la g\u00e9om\u00e9trie culturelle dans \u00ab Nous, les Premi\u00e8res Nations \u00bb, Mus\u00e9e de la civilisation, Qu\u00e9bec<br \/>\nDessislav Sabev<\/p>\n<p>Les colliers \u00e9poque coloniale \u00e0 aujourd\u2019hui<br \/>\nJonathan C. Lainey<\/p>\n<p>Perles, parures et r\u00e9gimes de valeurs en France et en Am\u00e9rique du Nord, vers 1500-1650<br \/>\nLaurier Turgeon<\/p>\n<p>NOTE DE RECHERCHE<br \/>\nFonctions et usages du wampum dans les chapelles sous \u00e9suite en Nouvelle-France<br \/>\nMuriel Clair<\/p>\n<p>ACTUALIT\u00c9S<br \/>\nInnus contre Canada, Qu\u00e9bec et Kruger<br \/>\nPierre Trudel<\/p>\n<p>Le droit des Innus \u00e0 la cogestion des ressources naturelles sur leur Nitassinan<br \/>\nD\u00e9claration de Rapha\u00ebl Picard, chef du Conseil des Innus de Pessamit, \u00e0 New York (25 mai 2005)<\/p>\n<p>COMPTES RENDUS<br \/>\nPatrick Plumet : Peuples du Grand Nord<br \/>\nClaude Pinard<\/p>\n<p>A. Breton, A. Monod Becquelin et M. Humberto Ruz (coord.) : Espacios Mayas<br \/>\nMartin H\u00e9bert<\/p>\n<p>W. Raymond Wood : Prologue to Lewis &amp; Clark. The Mackay and Evans Expedition<br \/>\nGuillaume Teasdale<\/p>\n<p>R. Chamberland, J. Leroux, S. Audet, S. Bouill\u00e9 et M. Lopez : Terra Incognita des Kotakoutouemis. L\u2019Algonquinie orientale au XVIIe si\u00e8cle<br \/>\nJacques Frenette<\/p>\n<p>Sylvie Vincent : Le R\u00e9cit de Uepishtikueiau. L\u2019arriv\u00e9e des Fran\u00e7ais \u00e0 Qu\u00e9bec selon la tradition orale innue<br \/>\nRobert Fournier<\/p>\n<p>&nbsp;<\/p>\n","protected":false},"excerpt":{"rendered":"<p>Volume 35, num\u00e9ro 2<br \/>\nLa culture mat\u00e9rielle<br \/>\nArch\u00e9ologie de l\u2019\u00e9change interculturel<br \/>\nSous la direction de Laurier Turgeon<\/p>\n<p><strong>Autre(s) collaborateur(s) : <\/strong>St\u00e9phanie Chaffray, Arnaud Balvay, Jean-Fran\u00e7ois Dumouchel, Olivier Maligne, Dessislav Sabev, Jonathan Lainey, Laurier Turgeon, Muriel Clair<\/p>\n<p>113 pages<br \/>\n<strong>ISBN\/ISSN\u00a0:\u00a0<\/strong>0318-4137<\/p>\n<p>&nbsp;<\/p>\n","protected":false},"featured_media":3369,"comment_status":"closed","ping_status":"closed","template":"","meta":{"_EventAllDay":false,"_EventTimezone":"","_EventStartDate":"","_EventEndDate":"","_EventStartDateUTC":"","_EventEndDateUTC":"","_EventShowMap":false,"_EventShowMapLink":false,"_EventURL":"","_EventCost":"","_EventCostDescription":"","_EventCurrencySymbol":"","_EventCurrencyCode":"","_EventCurrencyPosition":"","_EventDateTimeSeparator":"","_EventTimeRangeSeparator":"","_EventOrganizerID":[],"_EventVenueID":[],"_OrganizerEmail":"","_OrganizerPhone":"","_OrganizerWebsite":"","_VenueAddress":"","_VenueCity":"","_VenueCountry":"","_VenueProvince":"","_VenueState":"","_VenueZip":"","_VenuePhone":"","_VenueURL":"","_VenueStateProvince":"","_VenueLat":"","_VenueLng":"","_VenueShowMap":false,"_VenueShowMapLink":false},"product_brand":[],"product_cat":[48,26],"product_tag":[],"class_list":{"0":"post-1700","1":"product","2":"type-product","3":"status-publish","4":"has-post-thumbnail","6":"product_cat-pdf","7":"product_cat-recherches-amerindiennes-au-quebec","9":"first","10":"instock","11":"downloadable","12":"virtual","13":"sold-individually","14":"purchasable","15":"product-type-simple"},"_links":{"self":[{"href":"https:\/\/recherches-autochtones.org\/site\/wp-json\/wp\/v2\/product\/1700","targetHints":{"allow":["GET"]}}],"collection":[{"href":"https:\/\/recherches-autochtones.org\/site\/wp-json\/wp\/v2\/product"}],"about":[{"href":"https:\/\/recherches-autochtones.org\/site\/wp-json\/wp\/v2\/types\/product"}],"replies":[{"embeddable":true,"href":"https:\/\/recherches-autochtones.org\/site\/wp-json\/wp\/v2\/comments?post=1700"}],"wp:featuredmedia":[{"embeddable":true,"href":"https:\/\/recherches-autochtones.org\/site\/wp-json\/wp\/v2\/media\/3369"}],"wp:attachment":[{"href":"https:\/\/recherches-autochtones.org\/site\/wp-json\/wp\/v2\/media?parent=1700"}],"wp:term":[{"taxonomy":"product_brand","embeddable":true,"href":"https:\/\/recherches-autochtones.org\/site\/wp-json\/wp\/v2\/product_brand?post=1700"},{"taxonomy":"product_cat","embeddable":true,"href":"https:\/\/recherches-autochtones.org\/site\/wp-json\/wp\/v2\/product_cat?post=1700"},{"taxonomy":"product_tag","embeddable":true,"href":"https:\/\/recherches-autochtones.org\/site\/wp-json\/wp\/v2\/product_tag?post=1700"}],"curies":[{"name":"wp","href":"https:\/\/api.w.org\/{rel}","templated":true}]}}