{"id":1697,"date":"2004-02-17T14:04:53","date_gmt":"2004-02-17T19:04:53","guid":{"rendered":"https:\/\/recherches-autochtones.org\/site\/produit\/les-nouveaux-enfants-de-dieu-conversions-recentes-en-amerique-latine-version-pdf-2004"},"modified":"2025-06-20T10:04:18","modified_gmt":"2025-06-20T14:04:18","slug":"les-nouveaux-enfants-de-dieu-conversions-recentes-en-amerique-latine-version-pdf-2004","status":"publish","type":"product","link":"https:\/\/recherches-autochtones.org\/site\/produit\/les-nouveaux-enfants-de-dieu-conversions-recentes-en-amerique-latine-version-pdf-2004\/","title":{"rendered":"Les nouveaux enfants de Dieu. Conversions r\u00e9centes en Am\u00e9rique latine (2004, vol. 34, no. 2) &#8211; version pdf"},"content":{"rendered":"<p><strong>SOMMAIRE<\/strong><\/p>\n<p>Introduction<br \/>\nSoci\u00e9t\u00e9s autochtones et conversions religieuses<br \/>\nPierre Beaucage<\/p>\n<p>Violence politique, exclusion ethnique et rituel dans les \u00c9glises n\u00e9o-pentec\u00f4tistes guat\u00e9malt\u00e8ques (1989-1994)<br \/>\nManuela Cant\u00f3n Delgado<\/p>\n<p>Changements religieux et \u00ab d\u00e9sethnification \u00bb : l\u2019expansion protestante r\u00e9cente dans les Andes centrales d\u2019Argentine<br \/>\nRita-Laura Segato<\/p>\n<p>Nouveaux imaginaires et conversions au protestantisme chez les Am\u00e9rindiens du Guerrero (Mexique)<br \/>\nPierre Beaucage<\/p>\n<p>Religiosit\u00e9 indig\u00e8ne et identit\u00e9 ethnique : le pentec\u00f4tisme chez le peuple toba<br \/>\nLiliana Tamago<\/p>\n<p>La \u00ab g\u00e9n\u00e9raction \u00bb du mythe de saint Juan Diego : r\u00e9appropriation et transformation du mythe de la Vierge de la Guadeloupe<br \/>\nMargarita Zires<\/p>\n<p>AUTRE ARTICLE<br \/>\nNOTE DE RECHERCHE<br \/>\nPremiers contacts entre Ayor\u00e9s et Blancs dans le Chaco paraguayen : le point de vue des Am\u00e9rindiens<br \/>\nSalvatore D\u2019Onofrio<\/p>\n<p>CHRONIQUE JURIDIQUE<br \/>\nLe titre aborig\u00e8ne comme moyen de d\u00e9fense \u00e0 des accusations p\u00e9nales<br \/>\nPaul Dionne<\/p>\n<p>ACTUALIT\u00c9S<br \/>\nAteliers, colloques r\u00e9gionaux et symposiums sur l\u2019avenir \u00e9conomique des Autochtones du Qu\u00e9bec<br \/>\nSylvie Vincent<\/p>\n<p>COMPTES RENDUS<br \/>\nGilles Havard et C\u00e9cile Vidal : Histoire de l\u2019Am\u00e9rique fran\u00e7aise<br \/>\nDenis Vaugeois<\/p>\n<p>Jean-Jacques Simard : La R\u00e9duction. L\u2019autochtone invent\u00e9 et les Am\u00e9rindiens d\u2019aujourd\u2019hui<br \/>\nClaude G\u00e9linas<\/p>\n<p>Thierry Rodon : En partenariat avec l\u2019\u00c9tat, les exp\u00e9riences de cogestion des autochtones du Canada<br \/>\nMathieu Bergeron<\/p>\n<p>\u00c9ric Julien : Le Chemin des Neuf Mondes. Les Indiens Kogis de Colombie peuvent nous enseigner les myst\u00e8res de la vie<br \/>\nPaul Roy<\/p>\n","protected":false},"excerpt":{"rendered":"<p>Volume 34, num\u00e9ro 2<br \/>\nLes nouveaux enfants de Dieu<br \/>\nConversions r\u00e9centes en Am\u00e9rique latine<br \/>\nSous la direction de Pierre Beaucage<\/p>\n<p><strong>Autre(s) collaborateur(s) : <\/strong>Manuela Canton Delgado, Rita-Laura Segato, Pierre Beaucage, Liliana Tamagno, Margarita Zires, Salvatore D&rsquo;Onofrio<\/p>\n<p>109 pages<br \/>\n<strong>ISBN\/ISSN\u00a0:\u00a0<\/strong>0318-4137<\/p>\n<p>&nbsp;<\/p>\n","protected":false},"featured_media":3363,"comment_status":"closed","ping_status":"closed","template":"","meta":{"_EventAllDay":false,"_EventTimezone":"","_EventStartDate":"","_EventEndDate":"","_EventStartDateUTC":"","_EventEndDateUTC":"","_EventShowMap":false,"_EventShowMapLink":false,"_EventURL":"","_EventCost":"","_EventCostDescription":"","_EventCurrencySymbol":"","_EventCurrencyCode":"","_EventCurrencyPosition":"","_EventDateTimeSeparator":"","_EventTimeRangeSeparator":"","_EventOrganizerID":[],"_EventVenueID":[],"_OrganizerEmail":"","_OrganizerPhone":"","_OrganizerWebsite":"","_VenueAddress":"","_VenueCity":"","_VenueCountry":"","_VenueProvince":"","_VenueState":"","_VenueZip":"","_VenuePhone":"","_VenueURL":"","_VenueStateProvince":"","_VenueLat":"","_VenueLng":"","_VenueShowMap":false,"_VenueShowMapLink":false},"product_brand":[],"product_cat":[48,26],"product_tag":[],"class_list":{"0":"post-1697","1":"product","2":"type-product","3":"status-publish","4":"has-post-thumbnail","6":"product_cat-pdf","7":"product_cat-recherches-amerindiennes-au-quebec","9":"first","10":"instock","11":"downloadable","12":"virtual","13":"sold-individually","14":"purchasable","15":"product-type-simple"},"_links":{"self":[{"href":"https:\/\/recherches-autochtones.org\/site\/wp-json\/wp\/v2\/product\/1697","targetHints":{"allow":["GET"]}}],"collection":[{"href":"https:\/\/recherches-autochtones.org\/site\/wp-json\/wp\/v2\/product"}],"about":[{"href":"https:\/\/recherches-autochtones.org\/site\/wp-json\/wp\/v2\/types\/product"}],"replies":[{"embeddable":true,"href":"https:\/\/recherches-autochtones.org\/site\/wp-json\/wp\/v2\/comments?post=1697"}],"wp:featuredmedia":[{"embeddable":true,"href":"https:\/\/recherches-autochtones.org\/site\/wp-json\/wp\/v2\/media\/3363"}],"wp:attachment":[{"href":"https:\/\/recherches-autochtones.org\/site\/wp-json\/wp\/v2\/media?parent=1697"}],"wp:term":[{"taxonomy":"product_brand","embeddable":true,"href":"https:\/\/recherches-autochtones.org\/site\/wp-json\/wp\/v2\/product_brand?post=1697"},{"taxonomy":"product_cat","embeddable":true,"href":"https:\/\/recherches-autochtones.org\/site\/wp-json\/wp\/v2\/product_cat?post=1697"},{"taxonomy":"product_tag","embeddable":true,"href":"https:\/\/recherches-autochtones.org\/site\/wp-json\/wp\/v2\/product_tag?post=1697"}],"curies":[{"name":"wp","href":"https:\/\/api.w.org\/{rel}","templated":true}]}}

Les nouveaux enfants de Dieu. Conversions récentes en Amérique latine (2004, vol. 34, no. 2) &#8211; version pdf

<p><strong>SOMMAIRE</strong></p>
<p>Introduction<br />
Sociétés autochtones et conversions religieuses<br />
Pierre Beaucage</p>
<p>Violence politique, exclusion ethnique et rituel dans les Églises néo-pentecôtistes guatémaltèques (1989-1994)<br />
Manuela Cantón Delgado</p>
<p>Changements religieux et « désethnification » : l’expansion protestante récente dans les Andes centrales d’Argentine<br />
Rita-Laura Segato</p>
<p>Nouveaux imaginaires et conversions au protestantisme chez les Amérindiens du Guerrero (Mexique)<br />
Pierre Beaucage</p>
<p>Religiosité indigène et identité ethnique : le pentecôtisme chez le peuple toba<br />
Liliana Tamago</p>
<p>La « généraction » du mythe de saint Juan Diego : réappropriation et transformation du mythe de la Vierge de la Guadeloupe<br />
Margarita Zires</p>
<p>AUTRE ARTICLE<br />
NOTE DE RECHERCHE<br />
Premiers contacts entre Ayorés et Blancs dans le Chaco paraguayen : le point de vue des Amérindiens<br />
Salvatore D’Onofrio</p>
<p>CHRONIQUE JURIDIQUE<br />
Le titre aborigène comme moyen de défense à des accusations pénales<br />
Paul Dionne</p>
<p>ACTUALITÉS<br />
Ateliers, colloques régionaux et symposiums sur l’avenir économique des Autochtones du Québec<br />
Sylvie Vincent</p>
<p>COMPTES RENDUS<br />
Gilles Havard et Cécile Vidal : Histoire de l’Amérique française<br />
Denis Vaugeois</p>
<p>Jean-Jacques Simard : La Réduction. L’autochtone inventé et les Amérindiens d’aujourd’hui<br />
Claude Gélinas</p>
<p>Thierry Rodon : En partenariat avec l’État, les expériences de cogestion des autochtones du Canada<br />
Mathieu Bergeron</p>
<p>Éric Julien : Le Chemin des Neuf Mondes. Les Indiens Kogis de Colombie peuvent nous enseigner les mystères de la vie<br />
Paul Roy</p>

<p>Volume 34, numéro 2<br />
Les nouveaux enfants de Dieu<br />
Conversions récentes en Amérique latine<br />
Sous la direction de Pierre Beaucage</p>
<p><strong>Autre(s) collaborateur(s) : </strong>Manuela Canton Delgado, Rita-Laura Segato, Pierre Beaucage, Liliana Tamagno, Margarita Zires, Salvatore D&rsquo;Onofrio</p>
<p>109 pages<br />
<strong>ISBN/ISSN : </strong>0318-4137</p>
<p>&nbsp;</p>
