{"id":1695,"date":"2003-03-17T14:04:53","date_gmt":"2003-03-17T19:04:53","guid":{"rendered":"https:\/\/recherches-autochtones.org\/site\/produit\/quand-les-autochtones-expriment-leur-depossession-arts-lettres-et-theatre-version-pdf-2003"},"modified":"2025-06-20T10:03:47","modified_gmt":"2025-06-20T14:03:47","slug":"quand-les-autochtones-expriment-leur-depossession-arts-lettres-et-theatre-version-pdf-2003","status":"publish","type":"product","link":"https:\/\/recherches-autochtones.org\/site\/produit\/quand-les-autochtones-expriment-leur-depossession-arts-lettres-et-theatre-version-pdf-2003\/","title":{"rendered":"Quand les autochtones expriment leur d\u00e9possession : Arts, lettres et th\u00e9\u00e2tre (2003, vol. 33, no. 3) &#8211; version pdf"},"content":{"rendered":"<p><strong>SOMMAIRE<\/strong><\/p>\n<p>Pr\u00e9sentation<br \/>\nBasma El Omari<\/p>\n<p>Jamais c\u00e9d\u00e9 mon territoire<br \/>\nJeanne-Mance Charlish<\/p>\n<p>Repr\u00e9senter la d\u00e9possession des Cherokees<br \/>\nArnold Krupat<\/p>\n<p>Jouer \u00e0 l\u2019indien est une chose, \u00eatre Am\u00e9rindien en est une autre<br \/>\nGuy Sioui Durand<\/p>\n<p>Avoir et \u00eatre dans Slash et Whispering in Shadows, de Jeannette Armstrong<br \/>\nSimone Pellerin<\/p>\n<p>Le voyage de Sonia Robertson : Un territoire pour une histoire<br \/>\nJacqueline Bouchard<\/p>\n<p>Kaion\u2019ni, le wampum rompu : De la rupture de la cha\u00eene d\u2019alliance ou \u00ab le grand inconscient r\u00e9sineux \u00bb<br \/>\nYves Sioui Durand<\/p>\n<p>Les diff\u00e9rentes r\u00e9ceptions de l\u2019art am\u00e9rindien contemporain<br \/>\nAlice Cerdan<\/p>\n<p>Du grenier \u00e0 la for\u00eat : le mus\u00e9e de l\u2019immat\u00e9riel<br \/>\nSylvie Par\u00e9<\/p>\n<p>AUTRE ARTICLE<br \/>\nLes Am\u00e9rindiens face \u00e0 la justice coloniale fran\u00e7aise dans le gouvernement de Qu\u00e9bec, 1663-1759. I \u2013 Les crimes capitaux et leurs ch\u00e2timents<br \/>\nDenys Del\u00e2ge et \u00c9tienne Gilbert<\/p>\n<p>CHRONIQUE JURIDIQUE<br \/>\nLa preuve orale dans les proc\u00e8s relatifs \u00e0 l\u2019article 35 de la Loi constitutionnelle de 1982<br \/>\nPaul Dionne<\/p>\n<p>ACTUALIT\u00c9S<br \/>\nDerni\u00e8res nouvelles du Groupe de travail de l\u2019ONU sur le Projet de d\u00e9claration des droits des peuples autochtones<br \/>\nIr\u00e8ne Bellier<\/p>\n<p>Un mouvement indig\u00e8ne mexicain et les fant\u00f4mes du pass\u00e9<br \/>\nPierre Beaucage<\/p>\n<p>L\u2019ACTUALIT\u00c9 EN BREF<br \/>\nJuin \u00e0 octobre 2003<br \/>\nSylvie Vincent<\/p>\n<p>COMMENTAIRES<br \/>\nDe la pr\u00e9sence des \u00ab Ab\u00e9naquis-Montagnais \u00bb dans le Domaine du Roi<br \/>\nRussel Bouchard<\/p>\n<p>R\u00e9ponse de Sylvie Savoie et Jean Tanguay<\/p>\n<p>COMPTES RENDUS<br \/>\nCarlos Montemayor : La R\u00e9bellion indig\u00e8ne du Mexique. Violence, autonomie et humanisme<br \/>\nMartin H\u00e9bert<\/p>\n<p>John C. Weaver : The Great Land Rush and the Making of the Modern World, 1650-1900<br \/>\nMichel Morin<\/p>\n<p>Fran\u00e7oise Morin et Roberto Santana (dir.) : Lo transnacional. Instrumento y desafio para los pueblos indigenas<br \/>\nIr\u00e8ne Bellier<\/p>\n<p>&nbsp;<\/p>\n","protected":false},"excerpt":{"rendered":"<p>Volume 33, num\u00e9ro 3<br \/>\nQuand les autochtones expriment leur d\u00e9possession<br \/>\nArts, lettres, th\u00e9\u00e2tre&#8230;<br \/>\nSous la direction de Basma El Omari<\/p>\n<p><strong>Autre(s) collaborateur(s) : <\/strong>Jeanne-Mance Charlish, Arnold Krupat, Guy Sioui-Durand, Simone Pellerin, Jacqueline Bouchard, Yves Sioui-Durand, Alice Cerdan, Sylvie Par\u00e9, Denys Del\u00e2ge, \u00c9tienne Gilbert<\/p>\n<p>121 pages<br \/>\n<strong>ISBN\/ISSN\u00a0:\u00a0<\/strong>0318-4137<\/p>\n<p>&nbsp;<\/p>\n","protected":false},"featured_media":3359,"comment_status":"closed","ping_status":"closed","template":"","meta":{"_EventAllDay":false,"_EventTimezone":"","_EventStartDate":"","_EventEndDate":"","_EventStartDateUTC":"","_EventEndDateUTC":"","_EventShowMap":false,"_EventShowMapLink":false,"_EventURL":"","_EventCost":"","_EventCostDescription":"","_EventCurrencySymbol":"","_EventCurrencyCode":"","_EventCurrencyPosition":"","_EventDateTimeSeparator":"","_EventTimeRangeSeparator":"","_EventOrganizerID":[],"_EventVenueID":[],"_OrganizerEmail":"","_OrganizerPhone":"","_OrganizerWebsite":"","_VenueAddress":"","_VenueCity":"","_VenueCountry":"","_VenueProvince":"","_VenueState":"","_VenueZip":"","_VenuePhone":"","_VenueURL":"","_VenueStateProvince":"","_VenueLat":"","_VenueLng":"","_VenueShowMap":false,"_VenueShowMapLink":false},"product_brand":[],"product_cat":[48,26],"product_tag":[],"class_list":{"0":"post-1695","1":"product","2":"type-product","3":"status-publish","4":"has-post-thumbnail","6":"product_cat-pdf","7":"product_cat-recherches-amerindiennes-au-quebec","9":"first","10":"instock","11":"downloadable","12":"virtual","13":"sold-individually","14":"purchasable","15":"product-type-simple"},"_links":{"self":[{"href":"https:\/\/recherches-autochtones.org\/site\/wp-json\/wp\/v2\/product\/1695","targetHints":{"allow":["GET"]}}],"collection":[{"href":"https:\/\/recherches-autochtones.org\/site\/wp-json\/wp\/v2\/product"}],"about":[{"href":"https:\/\/recherches-autochtones.org\/site\/wp-json\/wp\/v2\/types\/product"}],"replies":[{"embeddable":true,"href":"https:\/\/recherches-autochtones.org\/site\/wp-json\/wp\/v2\/comments?post=1695"}],"wp:featuredmedia":[{"embeddable":true,"href":"https:\/\/recherches-autochtones.org\/site\/wp-json\/wp\/v2\/media\/3359"}],"wp:attachment":[{"href":"https:\/\/recherches-autochtones.org\/site\/wp-json\/wp\/v2\/media?parent=1695"}],"wp:term":[{"taxonomy":"product_brand","embeddable":true,"href":"https:\/\/recherches-autochtones.org\/site\/wp-json\/wp\/v2\/product_brand?post=1695"},{"taxonomy":"product_cat","embeddable":true,"href":"https:\/\/recherches-autochtones.org\/site\/wp-json\/wp\/v2\/product_cat?post=1695"},{"taxonomy":"product_tag","embeddable":true,"href":"https:\/\/recherches-autochtones.org\/site\/wp-json\/wp\/v2\/product_tag?post=1695"}],"curies":[{"name":"wp","href":"https:\/\/api.w.org\/{rel}","templated":true}]}}

Quand les autochtones expriment leur dépossession : Arts, lettres et théâtre (2003, vol. 33, no. 3) &#8211; version pdf

<p><strong>SOMMAIRE</strong></p>
<p>Présentation<br />
Basma El Omari</p>
<p>Jamais cédé mon territoire<br />
Jeanne-Mance Charlish</p>
<p>Représenter la dépossession des Cherokees<br />
Arnold Krupat</p>
<p>Jouer à l’indien est une chose, être Amérindien en est une autre<br />
Guy Sioui Durand</p>
<p>Avoir et être dans Slash et Whispering in Shadows, de Jeannette Armstrong<br />
Simone Pellerin</p>
<p>Le voyage de Sonia Robertson : Un territoire pour une histoire<br />
Jacqueline Bouchard</p>
<p>Kaion’ni, le wampum rompu : De la rupture de la chaîne d’alliance ou « le grand inconscient résineux »<br />
Yves Sioui Durand</p>
<p>Les différentes réceptions de l’art amérindien contemporain<br />
Alice Cerdan</p>
<p>Du grenier à la forêt : le musée de l’immatériel<br />
Sylvie Paré</p>
<p>AUTRE ARTICLE<br />
Les Amérindiens face à la justice coloniale française dans le gouvernement de Québec, 1663-1759. I – Les crimes capitaux et leurs châtiments<br />
Denys Delâge et Étienne Gilbert</p>
<p>CHRONIQUE JURIDIQUE<br />
La preuve orale dans les procès relatifs à l’article 35 de la Loi constitutionnelle de 1982<br />
Paul Dionne</p>
<p>ACTUALITÉS<br />
Dernières nouvelles du Groupe de travail de l’ONU sur le Projet de déclaration des droits des peuples autochtones<br />
Irène Bellier</p>
<p>Un mouvement indigène mexicain et les fantômes du passé<br />
Pierre Beaucage</p>
<p>L’ACTUALITÉ EN BREF<br />
Juin à octobre 2003<br />
Sylvie Vincent</p>
<p>COMMENTAIRES<br />
De la présence des « Abénaquis-Montagnais » dans le Domaine du Roi<br />
Russel Bouchard</p>
<p>Réponse de Sylvie Savoie et Jean Tanguay</p>
<p>COMPTES RENDUS<br />
Carlos Montemayor : La Rébellion indigène du Mexique. Violence, autonomie et humanisme<br />
Martin Hébert</p>
<p>John C. Weaver : The Great Land Rush and the Making of the Modern World, 1650-1900<br />
Michel Morin</p>
<p>Françoise Morin et Roberto Santana (dir.) : Lo transnacional. Instrumento y desafio para los pueblos indigenas<br />
Irène Bellier</p>
<p>&nbsp;</p>

<p>Volume 33, numéro 3<br />
Quand les autochtones expriment leur dépossession<br />
Arts, lettres, théâtre&#8230;<br />
Sous la direction de Basma El Omari</p>
<p><strong>Autre(s) collaborateur(s) : </strong>Jeanne-Mance Charlish, Arnold Krupat, Guy Sioui-Durand, Simone Pellerin, Jacqueline Bouchard, Yves Sioui-Durand, Alice Cerdan, Sylvie Paré, Denys Delâge, Étienne Gilbert</p>
<p>121 pages<br />
<strong>ISBN/ISSN : </strong>0318-4137</p>
<p>&nbsp;</p>
