{"id":1631,"date":"1983-02-17T14:01:18","date_gmt":"1983-02-17T19:01:18","guid":{"rendered":"https:\/\/recherches-autochtones.org\/site\/produit\/ethnocentrisme-et-ethnohistoire-version-pdf-1983"},"modified":"2025-06-19T15:41:45","modified_gmt":"2025-06-19T19:41:45","slug":"ethnocentrisme-et-ethnohistoire-version-pdf-1983","status":"publish","type":"product","link":"https:\/\/recherches-autochtones.org\/site\/produit\/ethnocentrisme-et-ethnohistoire-version-pdf-1983\/","title":{"rendered":"Ethnocentrisme et ethnohistoire (1983, vol. 13, no. 2) &#8211; version pdf"},"content":{"rendered":"<p><strong>SOMMAIRE<\/strong><\/p>\n<p>\u00c9DITORIAL<br \/>\nEthnocentrisme et ethnohistoire\u00a0: les distorsions de diff\u00e9rents dialogues Nord\/Sud<br \/>\nClaude-Yves Charron<\/p>\n<p>Ethnohistoire<br \/>\n\u00c0 moins d\u2019\u00eatre son Esquimau, on est toujours le Naskapi de quelqu\u2019un<br \/>\nJos\u00e9 Mailhot<\/p>\n<p>Le probl\u00e8me des identit\u00e9s tribales. Les Ab\u00e9naquis de Saint-Fran\u00e7ois (Odanak)<br \/>\nGordon Day<\/p>\n<p>Pelleteries et Peaux-Rouges\u00a0: perceptions fran\u00e7aises de la Nouvelle-France et de ses peuples indig\u00e8nes au XVIe, XVIIe et XVIIIe si\u00e8cles<br \/>\nCornelius J. Jaenen<\/p>\n<p>&#8230;Et distorsions ethnocentriques<br \/>\nLe mode de connaissance des Cris et l\u2019\u00e9laboration d\u2019un programme scolaire<br \/>\nJohn Murdoch<\/p>\n<p>Le Mus\u00e9e national d\u2019anthropologie \u00e0 Mexico. De l\u2019\u00e9ducation populaire \u00e0 la consid\u00e9ration des autochtones<br \/>\nLouise Boucher<\/p>\n<p>La culture \u00e9br\u00e9ch\u00e9e au poste de commande<br \/>\nJean-Jacques Simard<\/p>\n<p>Entrevue<br \/>\nR\u00e9organisation du Service de la recherche nordique du minist\u00e8re des Affaires indiennes et du Nord<br \/>\nEntrevue avec Donat Savoie<\/p>\n<p>DOCUMENTS<br \/>\nLes d\u00e9fis de la recherche nordique au Qu\u00e9bec (extrait)<br \/>\nComit\u00e9 d\u2019\u00e9tude sur la recherche nordique<\/p>\n<p>Propositions d\u2019ordre politique et m\u00e9thodologique \u00e0 la suite d\u2019une \u00e9tude d\u00e9mographique des T.-N.-O.<br \/>\nLouis-Edmond Hamelin<\/p>\n<p>ACTUALIT\u00c9S<br \/>\nLa conf\u00e9rence constitutionnelle\u00a0: acquis et possibilit\u00e9s<br \/>\nJean-Ren\u00e9 Proulx<\/p>\n<p>COMPTE RENDU<br \/>\nOccupation humaine de l\u2019Ungava\u00a0: Perspectives ethnohistorique et \u00e9cologique<br \/>\nFran\u00e7ois Trudel<\/p>\n<p>&nbsp;<\/p>\n","protected":false},"excerpt":{"rendered":"<p>Volume 13, num\u00e9ro 2<br \/>\nEthnocentrisme et ethnohistoire<br \/>\nLa r\u00e9daction<\/p>\n<p><strong>Autre(s) collaborateur(s) : <\/strong>Claude-Yves Charron, Jos\u00e9 Mailhot, Gordon Day, Cornelius J. Jaenen, John Murdoch, Louise Boucher, Jean-Jacques Simard, Donat Savoie, Louis-Edmond Hamelin<\/p>\n<p>81 pages<br \/>\n<strong>ISBN\/ISSN\u00a0:\u00a0<\/strong>0318-4137<\/p>\n<p>&nbsp;<\/p>\n<p>&nbsp;<\/p>\n","protected":false},"featured_media":3253,"comment_status":"closed","ping_status":"closed","template":"","meta":{"_EventAllDay":false,"_EventTimezone":"","_EventStartDate":"","_EventEndDate":"","_EventStartDateUTC":"","_EventEndDateUTC":"","_EventShowMap":false,"_EventShowMapLink":false,"_EventURL":"","_EventCost":"","_EventCostDescription":"","_EventCurrencySymbol":"","_EventCurrencyCode":"","_EventCurrencyPosition":"","_EventDateTimeSeparator":"","_EventTimeRangeSeparator":"","_EventOrganizerID":[],"_EventVenueID":[],"_OrganizerEmail":"","_OrganizerPhone":"","_OrganizerWebsite":"","_VenueAddress":"","_VenueCity":"","_VenueCountry":"","_VenueProvince":"","_VenueState":"","_VenueZip":"","_VenuePhone":"","_VenueURL":"","_VenueStateProvince":"","_VenueLat":"","_VenueLng":"","_VenueShowMap":false,"_VenueShowMapLink":false},"product_brand":[],"product_cat":[48,26],"product_tag":[],"class_list":{"0":"post-1631","1":"product","2":"type-product","3":"status-publish","4":"has-post-thumbnail","6":"product_cat-pdf","7":"product_cat-recherches-amerindiennes-au-quebec","9":"first","10":"instock","11":"downloadable","12":"virtual","13":"sold-individually","14":"purchasable","15":"product-type-simple"},"_links":{"self":[{"href":"https:\/\/recherches-autochtones.org\/site\/wp-json\/wp\/v2\/product\/1631","targetHints":{"allow":["GET"]}}],"collection":[{"href":"https:\/\/recherches-autochtones.org\/site\/wp-json\/wp\/v2\/product"}],"about":[{"href":"https:\/\/recherches-autochtones.org\/site\/wp-json\/wp\/v2\/types\/product"}],"replies":[{"embeddable":true,"href":"https:\/\/recherches-autochtones.org\/site\/wp-json\/wp\/v2\/comments?post=1631"}],"wp:featuredmedia":[{"embeddable":true,"href":"https:\/\/recherches-autochtones.org\/site\/wp-json\/wp\/v2\/media\/3253"}],"wp:attachment":[{"href":"https:\/\/recherches-autochtones.org\/site\/wp-json\/wp\/v2\/media?parent=1631"}],"wp:term":[{"taxonomy":"product_brand","embeddable":true,"href":"https:\/\/recherches-autochtones.org\/site\/wp-json\/wp\/v2\/product_brand?post=1631"},{"taxonomy":"product_cat","embeddable":true,"href":"https:\/\/recherches-autochtones.org\/site\/wp-json\/wp\/v2\/product_cat?post=1631"},{"taxonomy":"product_tag","embeddable":true,"href":"https:\/\/recherches-autochtones.org\/site\/wp-json\/wp\/v2\/product_tag?post=1631"}],"curies":[{"name":"wp","href":"https:\/\/api.w.org\/{rel}","templated":true}]}}

<p><strong>SOMMAIRE</strong></p>
<p>ÉDITORIAL<br />
Ethnocentrisme et ethnohistoire : les distorsions de différents dialogues Nord/Sud<br />
Claude-Yves Charron</p>
<p>Ethnohistoire<br />
À moins d’être son Esquimau, on est toujours le Naskapi de quelqu’un<br />
José Mailhot</p>
<p>Le problème des identités tribales. Les Abénaquis de Saint-François (Odanak)<br />
Gordon Day</p>
<p>Pelleteries et Peaux-Rouges : perceptions françaises de la Nouvelle-France et de ses peuples indigènes au XVIe, XVIIe et XVIIIe siècles<br />
Cornelius J. Jaenen</p>
<p>&#8230;Et distorsions ethnocentriques<br />
Le mode de connaissance des Cris et l’élaboration d’un programme scolaire<br />
John Murdoch</p>
<p>Le Musée national d’anthropologie à Mexico. De l’éducation populaire à la considération des autochtones<br />
Louise Boucher</p>
<p>La culture ébréchée au poste de commande<br />
Jean-Jacques Simard</p>
<p>Entrevue<br />
Réorganisation du Service de la recherche nordique du ministère des Affaires indiennes et du Nord<br />
Entrevue avec Donat Savoie</p>
<p>DOCUMENTS<br />
Les défis de la recherche nordique au Québec (extrait)<br />
Comité d’étude sur la recherche nordique</p>
<p>Propositions d’ordre politique et méthodologique à la suite d’une étude démographique des T.-N.-O.<br />
Louis-Edmond Hamelin</p>
<p>ACTUALITÉS<br />
La conférence constitutionnelle : acquis et possibilités<br />
Jean-René Proulx</p>
<p>COMPTE RENDU<br />
Occupation humaine de l’Ungava : Perspectives ethnohistorique et écologique<br />
François Trudel</p>
<p>&nbsp;</p>

<p>Volume 13, numéro 2<br />
Ethnocentrisme et ethnohistoire<br />
La rédaction</p>
<p><strong>Autre(s) collaborateur(s) : </strong>Claude-Yves Charron, José Mailhot, Gordon Day, Cornelius J. Jaenen, John Murdoch, Louise Boucher, Jean-Jacques Simard, Donat Savoie, Louis-Edmond Hamelin</p>
<p>81 pages<br />
<strong>ISBN/ISSN : </strong>0318-4137</p>
<p>&nbsp;</p>
<p>&nbsp;</p>
