{"id":1600,"date":"1974-02-17T14:01:18","date_gmt":"1974-02-17T18:01:18","guid":{"rendered":"https:\/\/recherches-autochtones.org\/site\/produit\/linguistique-et-environnement-version-pdf-1974"},"modified":"2025-06-19T14:32:19","modified_gmt":"2025-06-19T18:32:19","slug":"linguistique-et-environnement-version-pdf-1974","status":"publish","type":"product","link":"https:\/\/recherches-autochtones.org\/site\/produit\/linguistique-et-environnement-version-pdf-1974\/","title":{"rendered":"Linguistique et environnement (1974, vol. 4, no. 2) &#8211; version pdf"},"content":{"rendered":"<p><strong>SOMMAIRE<\/strong><\/p>\n<p>La terminologie des couleurs en montagnais<br \/>\nFrancine Royer<\/p>\n<p>Les r\u00e9cits de Mathieu Mestokosho\u00a0: chronique de chasse d\u2019un Montagnais de Mingan<br \/>\nSerge Bouchard<\/p>\n<p>ITT-Rayonier, le gouvernement qu\u00e9b\u00e9cois et les droits territoriaux des Indiens<br \/>\nRichard Dominique<\/p>\n<p>L\u2019algonquien, une langue sensible \u00e0 l\u2019environnement<br \/>\nPeter Denny<\/p>\n<p>L\u2019acculturation linguistique<br \/>\nLouis-Jacques Dorais<\/p>\n<p>Remarques sur quelques mots compos\u00e9s tir\u00e9s du dictionnaire du P\u00e8re Antoine Silvy<br \/>\nDavid E. Cooter<\/p>\n<p>Mise sur pied d\u2019un conseil consultatif pour les diff\u00e9rents groupes de recherches am\u00e9rindiennes \u0153uvrant au Qu\u00e9bec<br \/>\nGeorges Bacon<\/p>\n<p>Ils proposent&#8230;ils imposent<br \/>\nLa protection des biens culturels\u00a0: un r\u00eave devenu l\u00e9galit\u00e9<br \/>\nLe point sur les activit\u00e9s du Centre d\u2019\u00e9tudes nordiques en 1972 et 1973<\/p>\n<p>Des sources, des r\u00e9f\u00e9rences, des bibliographies<br \/>\nTh\u00e8ses et publications du CEN<\/p>\n<p>COMPTE RENDU<br \/>\nLe peuple esquimau, aujourd\u2019hui et demain par Jean Malaurie \u00e9d.<br \/>\nLouis Gilbert<\/p>\n<p>&nbsp;<\/p>\n","protected":false},"excerpt":{"rendered":"<p>Volume 4, num\u00e9ro 2<br \/>\nLinguistique et environnement<br \/>\nLa r\u00e9daction<\/p>\n<p><strong>Autre(s) collaborateur(s) : <\/strong>Francine Royer, Serge Bouchard, Richard Dominique, Peter Denny, Louis-Jacques Dorais, David E. Cooter, Georges Bacon<\/p>\n<p>66 pages<br \/>\n<strong>ISBN\/ISSN\u00a0:\u00a0<\/strong>0318-4137<\/p>\n<p>&nbsp;<\/p>\n<p>&nbsp;<\/p>\n","protected":false},"featured_media":3222,"comment_status":"closed","ping_status":"closed","template":"","meta":{"_EventAllDay":false,"_EventTimezone":"","_EventStartDate":"","_EventEndDate":"","_EventStartDateUTC":"","_EventEndDateUTC":"","_EventShowMap":false,"_EventShowMapLink":false,"_EventURL":"","_EventCost":"","_EventCostDescription":"","_EventCurrencySymbol":"","_EventCurrencyCode":"","_EventCurrencyPosition":"","_EventDateTimeSeparator":"","_EventTimeRangeSeparator":"","_EventOrganizerID":[],"_EventVenueID":[],"_OrganizerEmail":"","_OrganizerPhone":"","_OrganizerWebsite":"","_VenueAddress":"","_VenueCity":"","_VenueCountry":"","_VenueProvince":"","_VenueState":"","_VenueZip":"","_VenuePhone":"","_VenueURL":"","_VenueStateProvince":"","_VenueLat":"","_VenueLng":"","_VenueShowMap":false,"_VenueShowMapLink":false},"product_brand":[],"product_cat":[48,26],"product_tag":[],"class_list":{"0":"post-1600","1":"product","2":"type-product","3":"status-publish","4":"has-post-thumbnail","6":"product_cat-pdf","7":"product_cat-recherches-amerindiennes-au-quebec","9":"first","10":"instock","11":"downloadable","12":"virtual","13":"sold-individually","14":"purchasable","15":"product-type-simple"},"_links":{"self":[{"href":"https:\/\/recherches-autochtones.org\/site\/wp-json\/wp\/v2\/product\/1600","targetHints":{"allow":["GET"]}}],"collection":[{"href":"https:\/\/recherches-autochtones.org\/site\/wp-json\/wp\/v2\/product"}],"about":[{"href":"https:\/\/recherches-autochtones.org\/site\/wp-json\/wp\/v2\/types\/product"}],"replies":[{"embeddable":true,"href":"https:\/\/recherches-autochtones.org\/site\/wp-json\/wp\/v2\/comments?post=1600"}],"wp:featuredmedia":[{"embeddable":true,"href":"https:\/\/recherches-autochtones.org\/site\/wp-json\/wp\/v2\/media\/3222"}],"wp:attachment":[{"href":"https:\/\/recherches-autochtones.org\/site\/wp-json\/wp\/v2\/media?parent=1600"}],"wp:term":[{"taxonomy":"product_brand","embeddable":true,"href":"https:\/\/recherches-autochtones.org\/site\/wp-json\/wp\/v2\/product_brand?post=1600"},{"taxonomy":"product_cat","embeddable":true,"href":"https:\/\/recherches-autochtones.org\/site\/wp-json\/wp\/v2\/product_cat?post=1600"},{"taxonomy":"product_tag","embeddable":true,"href":"https:\/\/recherches-autochtones.org\/site\/wp-json\/wp\/v2\/product_tag?post=1600"}],"curies":[{"name":"wp","href":"https:\/\/api.w.org\/{rel}","templated":true}]}}

<p><strong>SOMMAIRE</strong></p>
<p>La terminologie des couleurs en montagnais<br />
Francine Royer</p>
<p>Les récits de Mathieu Mestokosho : chronique de chasse d’un Montagnais de Mingan<br />
Serge Bouchard</p>
<p>ITT-Rayonier, le gouvernement québécois et les droits territoriaux des Indiens<br />
Richard Dominique</p>
<p>L’algonquien, une langue sensible à l’environnement<br />
Peter Denny</p>
<p>L’acculturation linguistique<br />
Louis-Jacques Dorais</p>
<p>Remarques sur quelques mots composés tirés du dictionnaire du Père Antoine Silvy<br />
David E. Cooter</p>
<p>Mise sur pied d’un conseil consultatif pour les différents groupes de recherches amérindiennes œuvrant au Québec<br />
Georges Bacon</p>
<p>Ils proposent&#8230;ils imposent<br />
La protection des biens culturels : un rêve devenu légalité<br />
Le point sur les activités du Centre d’études nordiques en 1972 et 1973</p>
<p>Des sources, des références, des bibliographies<br />
Thèses et publications du CEN</p>
<p>COMPTE RENDU<br />
Le peuple esquimau, aujourd’hui et demain par Jean Malaurie éd.<br />
Louis Gilbert</p>
<p>&nbsp;</p>

<p>Volume 4, numéro 2<br />
Linguistique et environnement<br />
La rédaction</p>
<p><strong>Autre(s) collaborateur(s) : </strong>Francine Royer, Serge Bouchard, Richard Dominique, Peter Denny, Louis-Jacques Dorais, David E. Cooter, Georges Bacon</p>
<p>66 pages<br />
<strong>ISBN/ISSN : </strong>0318-4137</p>
<p>&nbsp;</p>
<p>&nbsp;</p>
