{"id":1595,"date":"1972-04-17T13:56:20","date_gmt":"1972-04-17T18:56:20","guid":{"rendered":"https:\/\/recherches-autochtones.org\/site\/produit\/ecoute-listen-version-pdf-1972"},"modified":"2025-06-19T14:31:02","modified_gmt":"2025-06-19T18:31:02","slug":"ecoute-listen-version-pdf-1972","status":"publish","type":"product","link":"https:\/\/recherches-autochtones.org\/site\/produit\/ecoute-listen-version-pdf-1972\/","title":{"rendered":"\u00c9coute, listen\u2026 (1972, vol. 2, nos. 4-5) &#8211; version pdf"},"content":{"rendered":"<p><strong>Auteur(s) : <\/strong>Georges Bacon<br \/>\n<strong>Autre(s) collaborateur(s) : <\/strong>Georges Bacon, Association des Indiens du Qu\u00e9bec, Georges Manuel, David Diamond, Jean-Paul Nolet, \u00c9l\u00e9onore Sioui, Jacques Kurtness, G. William Craig, Anne-Marie Saint-Onge-Andr\u00e9, Georges Sioui, Denis Gill, Don Whiteside<\/p>\n<p>81 pages<br \/>\n<strong style=\"font-size: 16px; line-height: 1.5;\">ISBN\/ISSN\u00a0:\u00a0<\/strong>0318-4137<\/p>\n<p>&nbsp;<\/p>\n","protected":false},"excerpt":{"rendered":"<p>Volume 2, num\u00e9ros 4-5<br \/>\n\u00c9coute, listen\u2026<br \/>\nSous la direction de George Bacon<\/p>\n<p>Note de recherches \u2013 pr\u00e9sentation<br \/>\nGeorges Bacon<\/p>\n<p>M\u00e9moire sur les droits territoriaux des Indiens de la province de Qu\u00e9bec<br \/>\nAssociation des Indiens du Qu\u00e9bec<\/p>\n<p>Les droits originels des Autochtones<br \/>\nGeorges Manuel<\/p>\n<p>La baie James et les Cris<br \/>\nDavid Diamond<\/p>\n<p>Le projet d\u2019am\u00e9nagement de la baie James<br \/>\nJean-Paul Nolet<\/p>\n<p>Le droit d\u2019\u00eatre<br \/>\n\u00c9l\u00e9onore Sioui<\/p>\n<p>Du nomadisme au s\u00e9dentarisme<br \/>\nJacques Kurtness<\/p>\n<p>Rapport du directeur de l\u2019Institut des \u00e9tudes aborig\u00e8nes d\u2019Am\u00e9rique du Nord\u00a0: ann\u00e9e fiscale 1971-1972<br \/>\nG. William Craig<\/p>\n<p>O\u00f9 vont-ils encore nous d\u00e9m\u00e9nager?<br \/>\nAnne-Marie Saint-Onge-Andr\u00e9<\/p>\n<p>\u00c0 la r\u00e9flexion des Blancs d\u2019Am\u00e9rique du Nord et autres \u00e9trangers<br \/>\nGeorges Sioui<\/p>\n<p>Le changement<br \/>\nDenis Gill<\/p>\n<p>Perp\u00e9tuelle lutte pour la libert\u00e9 et la dignit\u00e9 des indiens d\u2019Am\u00e9rique du Nord<br \/>\nDon Whiteside<\/p>\n","protected":false},"featured_media":3217,"comment_status":"closed","ping_status":"closed","template":"","meta":{"_EventAllDay":false,"_EventTimezone":"","_EventStartDate":"","_EventEndDate":"","_EventStartDateUTC":"","_EventEndDateUTC":"","_EventShowMap":false,"_EventShowMapLink":false,"_EventURL":"","_EventCost":"","_EventCostDescription":"","_EventCurrencySymbol":"","_EventCurrencyCode":"","_EventCurrencyPosition":"","_EventDateTimeSeparator":"","_EventTimeRangeSeparator":"","_EventOrganizerID":[],"_EventVenueID":[],"_OrganizerEmail":"","_OrganizerPhone":"","_OrganizerWebsite":"","_VenueAddress":"","_VenueCity":"","_VenueCountry":"","_VenueProvince":"","_VenueState":"","_VenueZip":"","_VenuePhone":"","_VenueURL":"","_VenueStateProvince":"","_VenueLat":"","_VenueLng":"","_VenueShowMap":false,"_VenueShowMapLink":false},"product_brand":[],"product_cat":[48,26],"product_tag":[],"class_list":{"0":"post-1595","1":"product","2":"type-product","3":"status-publish","4":"has-post-thumbnail","6":"product_cat-pdf","7":"product_cat-recherches-amerindiennes-au-quebec","9":"first","10":"instock","11":"downloadable","12":"virtual","13":"sold-individually","14":"purchasable","15":"product-type-simple"},"_links":{"self":[{"href":"https:\/\/recherches-autochtones.org\/site\/wp-json\/wp\/v2\/product\/1595","targetHints":{"allow":["GET"]}}],"collection":[{"href":"https:\/\/recherches-autochtones.org\/site\/wp-json\/wp\/v2\/product"}],"about":[{"href":"https:\/\/recherches-autochtones.org\/site\/wp-json\/wp\/v2\/types\/product"}],"replies":[{"embeddable":true,"href":"https:\/\/recherches-autochtones.org\/site\/wp-json\/wp\/v2\/comments?post=1595"}],"wp:featuredmedia":[{"embeddable":true,"href":"https:\/\/recherches-autochtones.org\/site\/wp-json\/wp\/v2\/media\/3217"}],"wp:attachment":[{"href":"https:\/\/recherches-autochtones.org\/site\/wp-json\/wp\/v2\/media?parent=1595"}],"wp:term":[{"taxonomy":"product_brand","embeddable":true,"href":"https:\/\/recherches-autochtones.org\/site\/wp-json\/wp\/v2\/product_brand?post=1595"},{"taxonomy":"product_cat","embeddable":true,"href":"https:\/\/recherches-autochtones.org\/site\/wp-json\/wp\/v2\/product_cat?post=1595"},{"taxonomy":"product_tag","embeddable":true,"href":"https:\/\/recherches-autochtones.org\/site\/wp-json\/wp\/v2\/product_tag?post=1595"}],"curies":[{"name":"wp","href":"https:\/\/api.w.org\/{rel}","templated":true}]}}