{"id":1584,"date":"1997-03-17T13:56:20","date_gmt":"1997-03-17T18:56:20","guid":{"rendered":"https:\/\/recherches-autochtones.org\/site\/produit\/sciences-et-societes-autochtones-partenaires-pour-lavenir-1997-2"},"modified":"2021-06-10T11:35:17","modified_gmt":"2021-06-10T15:35:17","slug":"sciences-et-societes-autochtones-partenaires-pour-lavenir-1997-2","status":"publish","type":"product","link":"https:\/\/recherches-autochtones.org\/site\/produit\/sciences-et-societes-autochtones-partenaires-pour-lavenir-1997-2\/","title":{"rendered":"Sciences et soci\u00e9t\u00e9s autochtones, partenaires pour l&rsquo;avenir"},"content":{"rendered":"<p>Pr\u00e9sentation du colloque : dix ans apr\u00e8s<br \/>\nHuguette Bouchard<\/p>\n<p>Remerciements<br \/>\nLe Centre d\u2019\u00e9tudes am\u00e9rindiennes<\/p>\n<p>SECTION \u00ab HISTOIRE ET ETHNOLOGIE\u00a0\u00bb<\/p>\n<p>Recherches am\u00e9rindiennes au Qu\u00e9bec, vingt-cinq ans d\u2019existence<br \/>\nSylvie Vincent et Jos\u00e9 Mailhot<\/p>\n<p>L\u2019apport ethnologique am\u00e9rindien du Registre de Sillery<br \/>\nL\u00e9o-Paul H\u00e9bert<\/p>\n<p>Premi\u00e8re alliance interculturelles : rencontre entre Montagnais (Ilnus) et Fran\u00e7ais \u00e0 Tadoussac, 27 mai 1603<br \/>\nCamil Girard<\/p>\n<p>COLLOQUE PROFESSIONNEL \u00ab SCIENCES ET SOCI\u00c9T\u00c9S AUTOCHTONES, PARTENAIRES POUR L\u2019AVENIR\u00a0\u00bb<\/p>\n<p>\u2022 Premi\u00e8re partie &#8211; N\u00e9gociations territoriales et droits autochtones<\/p>\n<p>Enjeux des n\u00e9gociations territoriales en Nitassinie<br \/>\nJacques Kurtness<\/p>\n<p>La D\u00e9cennie internationale des populations autochtones\u2026<br \/>\nAlain Bissonnette<\/p>\n<p>Les trait\u00e9s avec les peuples autochtones\u2026<br \/>\nS\u00e9bastien Grammond<\/p>\n<p>\u2022 Deuxi\u00e8me partie &#8211; Perspectives psychosociales<\/p>\n<p>B\u00e2tir notre futur sur nos traditions<br \/>\nMarc Lalande<\/p>\n<p>Spiritualit\u00e9 am\u00e9rindienne et retour aux valeurs traditionnelles<br \/>\nL\u00e9onard Paul<\/p>\n<p>Scolarit\u00e9, \u00e9chec et d\u00e9crochage scolaire en milieux am\u00e9rindiens qu\u00e9b\u00e9cois<br \/>\nRoy Cheezo<\/p>\n<p>\u2022 Troisi\u00e8me partie &#8211; Femmes et soci\u00e9t\u00e9s autochtones<\/p>\n<p>La femme autochtone dans la soci\u00e9t\u00e9 traditionnelle<br \/>\nMarie Rapha\u00ebl-Fortin<\/p>\n<p>Le r\u00f4le de la femme dans l\u2019\u00e9volution de la soci\u00e9t\u00e9 autochtone<br \/>\nMarcelline Picard-Kanap\u00e9<\/p>\n<p>\u2022 Quatri\u00e8me partie &#8211; Sant\u00e9 physique et mentale<\/p>\n<p>Les incidences de la maladie sur l\u2019\u00e9volution des soci\u00e9t\u00e9s autochtones<br \/>\nStanley Vollant<\/p>\n<p>Le diab\u00e8te chez les autochtones<br \/>\nJohanne Philippe<\/p>\n<p>La tomographie par \u00e9mission de positons dans l\u2019\u00e9tude des effets de l\u2019abus des drogues et de l\u2019alcool sur le cerveau humain<br \/>\nYani Picard<\/p>\n<p>La sant\u00e9 mentale<br \/>\nFrancine Jourdain<\/p>\n<p>SECTION \u00ab \u00c9DUCATION\u00a0\u00bb<\/p>\n<p>L\u2019exp\u00e9rimentation d\u2019une d\u00e9marche constructiviste dans le cadre d\u2019une formation logic-math\u00e9matique<br \/>\nCarole C\u00f4t\u00e9<\/p>\n<p>&nbsp;<\/p>\n<p>&nbsp;<\/p>\n","protected":false},"excerpt":{"rendered":"<p>Ce recueil comprend seize communications pr\u00e9sent\u00e9es lors d&rsquo;un colloque organis\u00e9 par le Centre d&rsquo;\u00e9tudes am\u00e9rindiennes de l&rsquo;UQAC et tenu en mai 1995 dans le cadre du congr\u00e8s de l&rsquo;ACFAS dont l&rsquo;h\u00f4te \u00e9tait l&rsquo;Universit\u00e9 du Qu\u00e9bec \u00e0 Chicoutimi. Dix des communications ont \u00e9t\u00e9 pr\u00e9sent\u00e9es par des chercheurs d&rsquo;origine am\u00e9rindienne. Les sujets abord\u00e9s touchent diff\u00e9rents aspects des pr\u00e9occupations des Am\u00e9rindiens: n\u00e9gociations territoriales et droits autochtones, perspectives psychosociales, femmes et soci\u00e9t\u00e9s autochtones, sant\u00e9 physique et mentale. D&rsquo;autres communications pr\u00e9sentent des recherches dans les domaines de l&rsquo;\u00e9ducation, de l&rsquo;histoire et de l&rsquo;ethnologie.<\/p>\n<p><strong>Auteur(s) : <\/strong>Huguette Bouchard (sous la direction de)<br \/>\n<strong>Autre(s) collaborateur(s) : <\/strong>Sylvie Vincent, Jos\u00e9 Mailhot, L\u00e9o-Paul H\u00e9bert, Camil Girard, Jacques Kurtness, Alain Bissonnette, S\u00e9bastien Grammond, Marc Lalande, L\u00e9onard Paul, Roy Cheezo, Marie-Rapha\u00ebl Fortin, Marcelline Picard-Kanap\u00e9, Stanley Vollant, Johanne Philippe, Yani Picard, Francine Jourdain, Carole C\u00f4t\u00e9<\/p>\n<p>170 pages<br \/>\n<strong>ISBN\/ISSN\u00a0:\u00a0<\/strong>2-920366-20-3<\/p>\n<p>&nbsp;<\/p>\n","protected":false},"featured_media":6015,"comment_status":"closed","ping_status":"closed","template":"","meta":{"_EventAllDay":false,"_EventTimezone":"","_EventStartDate":"","_EventEndDate":"","_EventStartDateUTC":"","_EventEndDateUTC":"","_EventShowMap":false,"_EventShowMapLink":false,"_EventURL":"","_EventCost":"","_EventCostDescription":"","_EventCurrencySymbol":"","_EventCurrencyCode":"","_EventCurrencyPosition":"","_EventDateTimeSeparator":"","_EventTimeRangeSeparator":"","_EventOrganizerID":[],"_EventVenueID":[],"_OrganizerEmail":"","_OrganizerPhone":"","_OrganizerWebsite":"","_VenueAddress":"","_VenueCity":"","_VenueCountry":"","_VenueProvince":"","_VenueState":"","_VenueZip":"","_VenuePhone":"","_VenueURL":"","_VenueStateProvince":"","_VenueLat":"","_VenueLng":"","_VenueShowMap":false,"_VenueShowMapLink":false},"product_brand":[],"product_cat":[22,47],"product_tag":[],"class_list":{"0":"post-1584","1":"product","2":"type-product","3":"status-publish","4":"has-post-thumbnail","6":"product_cat-dossiers","7":"product_cat-papier","9":"first","10":"instock","11":"purchasable","12":"product-type-simple"},"_links":{"self":[{"href":"https:\/\/recherches-autochtones.org\/site\/wp-json\/wp\/v2\/product\/1584","targetHints":{"allow":["GET"]}}],"collection":[{"href":"https:\/\/recherches-autochtones.org\/site\/wp-json\/wp\/v2\/product"}],"about":[{"href":"https:\/\/recherches-autochtones.org\/site\/wp-json\/wp\/v2\/types\/product"}],"replies":[{"embeddable":true,"href":"https:\/\/recherches-autochtones.org\/site\/wp-json\/wp\/v2\/comments?post=1584"}],"wp:featuredmedia":[{"embeddable":true,"href":"https:\/\/recherches-autochtones.org\/site\/wp-json\/wp\/v2\/media\/6015"}],"wp:attachment":[{"href":"https:\/\/recherches-autochtones.org\/site\/wp-json\/wp\/v2\/media?parent=1584"}],"wp:term":[{"taxonomy":"product_brand","embeddable":true,"href":"https:\/\/recherches-autochtones.org\/site\/wp-json\/wp\/v2\/product_brand?post=1584"},{"taxonomy":"product_cat","embeddable":true,"href":"https:\/\/recherches-autochtones.org\/site\/wp-json\/wp\/v2\/product_cat?post=1584"},{"taxonomy":"product_tag","embeddable":true,"href":"https:\/\/recherches-autochtones.org\/site\/wp-json\/wp\/v2\/product_tag?post=1584"}],"curies":[{"name":"wp","href":"https:\/\/api.w.org\/{rel}","templated":true}]}}

Sciences et sociétés autochtones, partenaires pour l&rsquo;avenir

<p>Présentation du colloque : dix ans après<br />
Huguette Bouchard</p>
<p>Remerciements<br />
Le Centre d’études amérindiennes</p>
<p>SECTION « HISTOIRE ET ETHNOLOGIE »</p>
<p>Recherches amérindiennes au Québec, vingt-cinq ans d’existence<br />
Sylvie Vincent et José Mailhot</p>
<p>L’apport ethnologique amérindien du Registre de Sillery<br />
Léo-Paul Hébert</p>
<p>Première alliance interculturelles : rencontre entre Montagnais (Ilnus) et Français à Tadoussac, 27 mai 1603<br />
Camil Girard</p>
<p>COLLOQUE PROFESSIONNEL « SCIENCES ET SOCIÉTÉS AUTOCHTONES, PARTENAIRES POUR L’AVENIR »</p>
<p>• Première partie &#8211; Négociations territoriales et droits autochtones</p>
<p>Enjeux des négociations territoriales en Nitassinie<br />
Jacques Kurtness</p>
<p>La Décennie internationale des populations autochtones…<br />
Alain Bissonnette</p>
<p>Les traités avec les peuples autochtones…<br />
Sébastien Grammond</p>
<p>• Deuxième partie &#8211; Perspectives psychosociales</p>
<p>Bâtir notre futur sur nos traditions<br />
Marc Lalande</p>
<p>Spiritualité amérindienne et retour aux valeurs traditionnelles<br />
Léonard Paul</p>
<p>Scolarité, échec et décrochage scolaire en milieux amérindiens québécois<br />
Roy Cheezo</p>
<p>• Troisième partie &#8211; Femmes et sociétés autochtones</p>
<p>La femme autochtone dans la société traditionnelle<br />
Marie Raphaël-Fortin</p>
<p>Le rôle de la femme dans l’évolution de la société autochtone<br />
Marcelline Picard-Kanapé</p>
<p>• Quatrième partie &#8211; Santé physique et mentale</p>
<p>Les incidences de la maladie sur l’évolution des sociétés autochtones<br />
Stanley Vollant</p>
<p>Le diabète chez les autochtones<br />
Johanne Philippe</p>
<p>La tomographie par émission de positons dans l’étude des effets de l’abus des drogues et de l’alcool sur le cerveau humain<br />
Yani Picard</p>
<p>La santé mentale<br />
Francine Jourdain</p>
<p>SECTION « ÉDUCATION »</p>
<p>L’expérimentation d’une démarche constructiviste dans le cadre d’une formation logic-mathématique<br />
Carole Côté</p>
<p>&nbsp;</p>
<p>&nbsp;</p>

<p>Ce recueil comprend seize communications présentées lors d&rsquo;un colloque organisé par le Centre d&rsquo;études amérindiennes de l&rsquo;UQAC et tenu en mai 1995 dans le cadre du congrès de l&rsquo;ACFAS dont l&rsquo;hôte était l&rsquo;Université du Québec à Chicoutimi. Dix des communications ont été présentées par des chercheurs d&rsquo;origine amérindienne. Les sujets abordés touchent différents aspects des préoccupations des Amérindiens: négociations territoriales et droits autochtones, perspectives psychosociales, femmes et sociétés autochtones, santé physique et mentale. D&rsquo;autres communications présentent des recherches dans les domaines de l&rsquo;éducation, de l&rsquo;histoire et de l&rsquo;ethnologie.</p>
<p><strong>Auteur(s) : </strong>Huguette Bouchard (sous la direction de)<br />
<strong>Autre(s) collaborateur(s) : </strong>Sylvie Vincent, José Mailhot, Léo-Paul Hébert, Camil Girard, Jacques Kurtness, Alain Bissonnette, Sébastien Grammond, Marc Lalande, Léonard Paul, Roy Cheezo, Marie-Raphaël Fortin, Marcelline Picard-Kanapé, Stanley Vollant, Johanne Philippe, Yani Picard, Francine Jourdain, Carole Côté</p>
<p>170 pages<br />
<strong>ISBN/ISSN : </strong>2-920366-20-3</p>
<p>&nbsp;</p>
