{"id":1576,"date":"2003-03-17T13:56:20","date_gmt":"2003-03-17T18:56:20","guid":{"rendered":"https:\/\/recherches-autochtones.org\/site\/produit\/ile-aux-allumettes-larchaique-superieur-dans-loutaouais-2003-2"},"modified":"2026-03-08T12:59:54","modified_gmt":"2026-03-08T16:59:54","slug":"ile-aux-allumettes-larchaique-superieur-dans-loutaouais-2003-2","status":"publish","type":"product","link":"https:\/\/recherches-autochtones.org\/site\/produit\/ile-aux-allumettes-larchaique-superieur-dans-loutaouais-2003-2\/","title":{"rendered":"\u00cele aux Allumettes. L\u2019Archa\u00efque sup\u00e9rieur dans l\u2019Outaouais"},"content":{"rendered":"<p>Pr\u00e9face \/ Preface<br \/>\nJim V. Wright<\/p>\n<p>Introduction<br \/>\nNorman Clermont et Claude Chapdelaine<\/p>\n<p>Les fouilles de Clyde Kennedy<br \/>\nNorman Clermont<\/p>\n<p>Histoire postglaciaire de la v\u00e9g\u00e9tation et du milieu en Outaouais. Le point et les pistes de recherche<br \/>\nPierre J. H. Richard<\/p>\n<p>Le cadre g\u00e9omorphologie de l\u2019\u00cele aux Allumettes<br \/>\nBernard Lauriol et Jacques Cinq-Mars<\/p>\n<p>L\u2019outillage osseux<br \/>\nNorman Clermont<\/p>\n<p>L\u2019outillage en pierre taill\u00e9e<br \/>\nClaude Chapdelaine<\/p>\n<p>L\u2019industrie du quartz<br \/>\nYves Chr\u00e9tien<\/p>\n<p>Les objets en pierre polie<br \/>\nNorman Clermont<\/p>\n<p>La provenance des mati\u00e8res premi\u00e8res lithiques et la reconstitution des r\u00e9seaux d\u2019interactions<br \/>\nAdrian L. Burke<\/p>\n<p>Les objets en cuivre natif<br \/>\nClaude Chapdelaine<\/p>\n<p>L\u2019analyse par activation neutronique des objets en cuivre natif<br \/>\nClaude Chapdelaine et Greg Kennedy<\/p>\n<p>\u00c9tude de l\u2019assemblage zooarch\u00e9ologique du site BkGg-11<br \/>\n\u00c9velyne Cossette<\/p>\n<p>Les autres donn\u00e9es culturelles<br \/>\nNorman Clermont, Jacques Cinq-Mars et France Levesque<\/p>\n<p>Les distributions horizontales et verticales<br \/>\nClaude Chapdelaine et Norman Clermont<\/p>\n<p>La place de l\u2019Archa\u00efque sup\u00e9rieur de l\u2019Outaouais dans le nord-est de l&rsquo;Am\u00e9rique du Nord : taxonomie, adaptation, continuit\u00e9 et changement<br \/>\nNorman Clermont et Claude Chapdelaine<\/p>\n<p>Conclusion<\/p>\n<p>Ouvrages cit\u00e9s<\/p>\n<p>R\u00e9sum\u00e9s<\/p>\n<p>\u2014\u2014\u2014\u2014\u2014\u2014\u2014<br \/>\nEnglish Section<\/p>\n<p>Allumettes Island and the Late Archaic in the Ottawa Valley<br \/>\nContents<br \/>\nIntroduction<br \/>\nAbstracts<br \/>\nConclusion<\/p>\n<p>&nbsp;<\/p>\n","protected":false},"excerpt":{"rendered":"<p>Clyde Kennedy a fouill\u00e9 les sites de l&rsquo;\u00eele Morrison (MN-6) et de l&rsquo;\u00eele aux Allumettes (AL-1) entre 1960 et 1963. Culturellement parlant, les 600 ans d&rsquo;\u00e9cart sugg\u00e9r\u00e9 entre les deux sites (5500 AA et 6100 AA, \u00e9talonn\u00e9) nous paraissent plausibles et sont \u00e9tay\u00e9s par l&rsquo;analyse comparative qui associe le site plus r\u00e9cent de l&rsquo;\u00eele Morrison \u00e0 l&rsquo;\u00e9pisode Brewerton et le site plus ancien de l&rsquo;\u00eele aux Allumettes \u00e0 l&rsquo;\u00e9pisode Vergennes de l&rsquo;Archa\u00efque laurentien. Les sp\u00e9cimens du site de l&rsquo;\u00eele aux Allumettes, au nombre de 74 269, ont \u00e9t\u00e9 examin\u00e9s pour les besoins de cette monographie descriptive. Ces sp\u00e9cimens peuvent \u00eatre r\u00e9partis grossi\u00e8rement dans trois cat\u00e9gories g\u00e9n\u00e9rales: les d\u00e9chets, les rebuts et les restes humains. La plus imposante cat\u00e9gorie, celle des d\u00e9chets (N=69 703), comprend tous les r\u00e9sidus apparemment inutilisables de la production de la culture mat\u00e9rielle. La cat\u00e9gorie des rebuts (N= 4 566) est compos\u00e9e de sp\u00e9cimens qui ont \u00e9t\u00e9 rejet\u00e9s apr\u00e8s avoir \u00e9t\u00e9 utilis\u00e9s. Les restes humains avaient d\u00e9j\u00e0 \u00e9t\u00e9 analys\u00e9s par S. Pfeiffer. Les collections mises au jour par Clyde Kennedydans la moyenne vall\u00e9e de l&rsquo;Outaouais sont exceptionnellement riches et tr\u00e8s bien d\u00e9finies en fonction de l&rsquo;espace et du temps. Nous les interpr\u00e9tons comme repr\u00e9sentatives de sites de campement de fin d&rsquo;\u00e9t\u00e9 ou de d\u00e9but d&rsquo;automne utilis\u00e9s de fa\u00e7on r\u00e9p\u00e9titive pendant plusieurs semaines, quelques ann\u00e9es d&rsquo;affil\u00e9e, par de petits groupes sur le point de partir vers leurs territoires d&rsquo;hiver \u00e0 l&rsquo;int\u00e9rieur des terres. Nous croyons que la collection des objets de cuivre deviendra l&rsquo;\u00e9l\u00e9ment le plus retenu de notre analyse. L&rsquo;utilisation du cuivre \u00e0 l&rsquo;\u00eele Morrison et \u00e0 l&rsquo;\u00eele aux Allumettes n&rsquo;est ni particuli\u00e8re typologiquement ni originale technologiquement mais elle est tr\u00e8s li\u00e9e \u00e0 ce qui se passait plus loin, \u00e0 1 000 km \u00e0 l&rsquo;ouest de la vall\u00e9e de l&rsquo;Outaouais. Il s&rsquo;agit d&rsquo;indices mat\u00e9riels qui nous indiquent que nous connaissont encore tr\u00e8s mal les processus de diffusion qui se d\u00e9roulaient \u00e0 ces latitudes aux environs de 6500-5500 AA et que nous m\u00e9connaissont aussi le r\u00e9seau social qui rendait possible la fa\u00e7on dont cette diffusion op\u00e9rait.<\/p>\n<p><strong>Auteur(s) : <\/strong>Norman Clermont, Claude Chapdelaine et Jacques Cinq-Mars (sous la direction de)<br \/>\n<strong>Autre(s) collaborateur(s) : <\/strong>Adrian L. Burke, Yves Chr\u00e9tien, \u00c9velyne Cossette, Greg Kennedy, Bernard Lauriol, France L\u00e9vesque, Pierre J.H. Richard<\/p>\n<p>364 pages<br \/>\n<strong>ISBN\/ISSN\u00a0:\u00a0<\/strong>2-920366-31-9<\/p>\n","protected":false},"featured_media":3188,"comment_status":"closed","ping_status":"closed","template":"","meta":{"_EventAllDay":false,"_EventTimezone":"","_EventStartDate":"","_EventEndDate":"","_EventStartDateUTC":"","_EventEndDateUTC":"","_EventShowMap":false,"_EventShowMapLink":false,"_EventURL":"","_EventCost":"","_EventCostDescription":"","_EventCurrencySymbol":"","_EventCurrencyCode":"","_EventCurrencyPosition":"","_EventDateTimeSeparator":"","_EventTimeRangeSeparator":"","_EventOrganizerID":[],"_EventVenueID":[],"_OrganizerEmail":"","_OrganizerPhone":"","_OrganizerWebsite":"","_VenueAddress":"","_VenueCity":"","_VenueCountry":"","_VenueProvince":"","_VenueState":"","_VenueZip":"","_VenuePhone":"","_VenueURL":"","_VenueStateProvince":"","_VenueLat":"","_VenueLng":"","_VenueShowMap":false,"_VenueShowMapLink":false},"product_brand":[],"product_cat":[24,47],"product_tag":[],"class_list":{"0":"post-1576","1":"product","2":"type-product","3":"status-publish","4":"has-post-thumbnail","6":"product_cat-paleo-quebec","7":"product_cat-papier","9":"first","10":"instock","11":"purchasable","12":"product-type-simple"},"_links":{"self":[{"href":"https:\/\/recherches-autochtones.org\/site\/wp-json\/wp\/v2\/product\/1576","targetHints":{"allow":["GET"]}}],"collection":[{"href":"https:\/\/recherches-autochtones.org\/site\/wp-json\/wp\/v2\/product"}],"about":[{"href":"https:\/\/recherches-autochtones.org\/site\/wp-json\/wp\/v2\/types\/product"}],"replies":[{"embeddable":true,"href":"https:\/\/recherches-autochtones.org\/site\/wp-json\/wp\/v2\/comments?post=1576"}],"wp:featuredmedia":[{"embeddable":true,"href":"https:\/\/recherches-autochtones.org\/site\/wp-json\/wp\/v2\/media\/3188"}],"wp:attachment":[{"href":"https:\/\/recherches-autochtones.org\/site\/wp-json\/wp\/v2\/media?parent=1576"}],"wp:term":[{"taxonomy":"product_brand","embeddable":true,"href":"https:\/\/recherches-autochtones.org\/site\/wp-json\/wp\/v2\/product_brand?post=1576"},{"taxonomy":"product_cat","embeddable":true,"href":"https:\/\/recherches-autochtones.org\/site\/wp-json\/wp\/v2\/product_cat?post=1576"},{"taxonomy":"product_tag","embeddable":true,"href":"https:\/\/recherches-autochtones.org\/site\/wp-json\/wp\/v2\/product_tag?post=1576"}],"curies":[{"name":"wp","href":"https:\/\/api.w.org\/{rel}","templated":true}]}}