{"id":1574,"date":"1998-03-17T13:56:20","date_gmt":"1998-03-17T18:56:20","guid":{"rendered":"https:\/\/recherches-autochtones.org\/site\/produit\/ile-morrison-lieu-sacre-et-atelier-de-larchaique-dans-loutaouais-1998-2"},"modified":"2026-04-16T14:09:00","modified_gmt":"2026-04-16T18:09:00","slug":"ile-morrison-lieu-sacre-et-atelier-de-larchaique-dans-loutaouais-1998-2","status":"publish","type":"product","link":"https:\/\/recherches-autochtones.org\/site\/produit\/ile-morrison-lieu-sacre-et-atelier-de-larchaique-dans-loutaouais-1998-2\/","title":{"rendered":"\u00cele Morrison : lieu sacr\u00e9 et atelier de l&rsquo;Archa\u00efque dans l&rsquo;Outaouais"},"content":{"rendered":"<p>Introduction<\/p>\n<p>Le contexte \u00e9cologique g\u00e9n\u00e9ral<br \/>\nLes fouilles de C. Kennedy<br \/>\nLe promontoire sacr\u00e9<br \/>\nLa datation<br \/>\nLes mati\u00e8res organiques<br \/>\nLe travail de la pierre<br \/>\nLes objets en cuivre natif<br \/>\nLes restes fauniques<br \/>\nLes autres t\u00e9moins<br \/>\nLes distributions<br \/>\nL\u2019utilisation locale du feu<br \/>\nConclusion<br \/>\nOuvrages cit\u00e9s<\/p>\n<p>&nbsp;<\/p>\n","protected":false},"excerpt":{"rendered":"<p>Au cours des ann\u00e9es 1961-1963, Clyde Kennedy d\u00e9couvre et fouille avec quelques amis les deux sites voisins de l&rsquo;\u00eele Morrison et de l&rsquo;\u00eele aux Allumettes. Ce sont incontestablement les joyaux de sa carri\u00e8re mais ce sont des sites complexes, et il attend la tranquillit\u00e9 de la retraite pour les analyser. Malheureusement, le temps va lui manquer et, \u00e0 sa mort, les assemblages seront encore dans les caisses. Nous les avons ouvertes pour que la communaut\u00e9 scientifique puisse partager ce dernier cadeau de Kennedy et nous avons commenc\u00e9 avec l&rsquo;assemblage de l&rsquo;\u00eele Morrison. C&rsquo;est une premi\u00e8re prise en m\u00e9moire qui tient surtout \u00e0 pr\u00e9senter les donn\u00e9es, les contextes et les inductions palethnographiques qui nous semblent les plus \u00e9videntes. Cette orientation explique l&rsquo;attention que nous avons accord\u00e9e, non seulement \u00e0 l&rsquo;illustration des sp\u00e9cimens les plus spectaculaires ou les plus diagnostiques mais aussi \u00e0 leur variabilit\u00e9 et \u00e0 leur distribution. Plus de 800 sp\u00e9cimens pourront \u00eatre examin\u00e9s dans la pr\u00e9sente monographie. il y a environ 5000 ans, l&rsquo;\u00eele Morison \u00e9tait visit\u00e9e r\u00e9guli\u00e8rement parun petit groupe de l&rsquo;Archa\u00efque qui y entretenait une clairi\u00e8re d&rsquo;au moins 400 m2 de superficie. Ce n&rsquo;\u00e9tait pas un lieu d&rsquo;habitation mais un espace de comportements rituels et profanes, articul\u00e9 \u00e0 une zone de campement qu&rsquo;il reste \u00e0 d\u00e9couvrir mais qui devait se trouver \u00e0 proximit\u00e9.<\/p>\n<p><strong>Auteur(s) : <\/strong>Norman Clermont et Claude Chapdelaine<br \/>\n<strong>Autre(s) collaborateur(s) : <\/strong><\/p>\n<p>160 pages<br \/>\n<strong>ISBN\/ISSN\u00a0:\u00a0<\/strong>2-920366-25-4<\/p>\n<p>&nbsp;<\/p>\n","protected":false},"featured_media":3184,"comment_status":"closed","ping_status":"closed","template":"","meta":{"_EventAllDay":false,"_EventTimezone":"","_EventStartDate":"","_EventEndDate":"","_EventStartDateUTC":"","_EventEndDateUTC":"","_EventShowMap":false,"_EventShowMapLink":false,"_EventURL":"","_EventCost":"","_EventCostDescription":"","_EventCurrencySymbol":"","_EventCurrencyCode":"","_EventCurrencyPosition":"","_EventDateTimeSeparator":"","_EventTimeRangeSeparator":"","_EventOrganizerID":[],"_EventVenueID":[],"_OrganizerEmail":"","_OrganizerPhone":"","_OrganizerWebsite":"","_VenueAddress":"","_VenueCity":"","_VenueCountry":"","_VenueProvince":"","_VenueState":"","_VenueZip":"","_VenuePhone":"","_VenueURL":"","_VenueStateProvince":"","_VenueLat":"","_VenueLng":"","_VenueShowMap":false,"_VenueShowMapLink":false},"product_brand":[],"product_cat":[24,47],"product_tag":[],"class_list":{"0":"post-1574","1":"product","2":"type-product","3":"status-publish","4":"has-post-thumbnail","6":"product_cat-paleo-quebec","7":"product_cat-papier","9":"first","10":"instock","11":"purchasable","12":"product-type-simple"},"_links":{"self":[{"href":"https:\/\/recherches-autochtones.org\/site\/wp-json\/wp\/v2\/product\/1574","targetHints":{"allow":["GET"]}}],"collection":[{"href":"https:\/\/recherches-autochtones.org\/site\/wp-json\/wp\/v2\/product"}],"about":[{"href":"https:\/\/recherches-autochtones.org\/site\/wp-json\/wp\/v2\/types\/product"}],"replies":[{"embeddable":true,"href":"https:\/\/recherches-autochtones.org\/site\/wp-json\/wp\/v2\/comments?post=1574"}],"wp:featuredmedia":[{"embeddable":true,"href":"https:\/\/recherches-autochtones.org\/site\/wp-json\/wp\/v2\/media\/3184"}],"wp:attachment":[{"href":"https:\/\/recherches-autochtones.org\/site\/wp-json\/wp\/v2\/media?parent=1574"}],"wp:term":[{"taxonomy":"product_brand","embeddable":true,"href":"https:\/\/recherches-autochtones.org\/site\/wp-json\/wp\/v2\/product_brand?post=1574"},{"taxonomy":"product_cat","embeddable":true,"href":"https:\/\/recherches-autochtones.org\/site\/wp-json\/wp\/v2\/product_cat?post=1574"},{"taxonomy":"product_tag","embeddable":true,"href":"https:\/\/recherches-autochtones.org\/site\/wp-json\/wp\/v2\/product_tag?post=1574"}],"curies":[{"name":"wp","href":"https:\/\/api.w.org\/{rel}","templated":true}]}}