{"id":1573,"date":"1998-01-17T13:56:20","date_gmt":"1998-01-17T18:56:20","guid":{"rendered":"https:\/\/recherches-autochtones.org\/site\/produit\/leveilleur-et-lambassadeur-essais-archeologiques-et-ethnohistoriques-en-hommage-a-charles-a-martijn-1998-2"},"modified":"2026-03-12T18:10:13","modified_gmt":"2026-03-12T22:10:13","slug":"leveilleur-et-lambassadeur-essais-archeologiques-et-ethnohistoriques-en-hommage-a-charles-a-martijn-1998-2","status":"publish","type":"product","link":"https:\/\/recherches-autochtones.org\/site\/produit\/leveilleur-et-lambassadeur-essais-archeologiques-et-ethnohistoriques-en-hommage-a-charles-a-martijn-1998-2\/","title":{"rendered":"L&rsquo;\u00e9veilleur et l&rsquo;ambassadeur : essais arch\u00e9ologiques et ethnohistoriques en hommage \u00e0 Charles A. Martijn"},"content":{"rendered":"<p>Un hommage \u00e0 Charles A. Martijn, \u00e9veiller et ambassadeur<br \/>\nRoland Tremblay<\/p>\n<p>Un itin\u00e9raire remarquable<br \/>\nNorman Clermont<\/p>\n<p>From the source, to the margins and back. Notes on Mistassini quartzite and archaeology in the area of the colline Blanche<br \/>\nDavid Denton<\/p>\n<p>Strat\u00e9gie d\u2019acquisition du chert Touladi et production lithique durant la p\u00e9riode du Sylvicole au T\u00e9miscouata<br \/>\nAdrian L. Burke et \u00c9ric Chalifoux<\/p>\n<p>La pr\u00e9histoire du T\u00e9miscouata, trente ans plus tard<br \/>\nPierre Dumais, Jean Poirier et Gilles Rousseau<\/p>\n<p>L\u2019espace \u00e9conomique des Iroquoiens de la r\u00e9gion de Qu\u00e9bec : un mod\u00e8le pour l\u2019emplacement des villages semi-permanents dans les basses terres du cap Tourmente<br \/>\nClaude Chapdelaine<\/p>\n<p>Le site de l\u2019anse \u00e0 la Vache et le mitan du Sylvicole sup\u00e9rieur dans l\u2019estuaire du Saint-Laurent<br \/>\nRoland Tremblay<\/p>\n<p>Le site Ramsay : un t\u00e9moignage furtif des premiers occupants de l\u2019Abitibi-T\u00e9miscamingue<br \/>\nMarc C\u00f4t\u00e9<\/p>\n<p>Les pointes pentagonales de Tadoussac, indices d\u2019une pr\u00e9sence pal\u00e9oindienne r\u00e9cente \u00e0 l\u2019embouchure du Saguenay ?<br \/>\nMarie-France Archambault<\/p>\n<p>Fort Trial, au Nouveau-Qu\u00e9bec. Une double \u00e9nigme : sa localisation et l\u2019expansion des postes vers l\u2019int\u00e9rieur<br \/>\nGilles Samson<\/p>\n<p>Ittuumut ?<br \/>\nTammy Weetaluktuk<\/p>\n<p>Tia8enk Charles !<br \/>\nLynda Sioui<\/p>\n<p>&nbsp;<\/p>\n","protected":false},"excerpt":{"rendered":"<p>Ces misc\u00e9llan\u00e9es rassemblent une douzaine d&rsquo;articles d&rsquo;auteurs qui ont poursuivi, de diff\u00e9rentes mani\u00e8res, les traces de Charles A. Martijn. Les sujets abord\u00e9s vont de la plus haute antiquit\u00e9 humaine sur le territoire jusqu&rsquo;\u00e0 des consid\u00e9rations tr\u00e8s actuelles. Les approches sont th\u00e9oriques ou descriptives, g\u00e9ographiques ou chronologiques, arch\u00e9ologiques ou ethnohistoriques. \u00c0 ce tour d&rsquo;horizon, dont la diversit\u00e9 des th\u00e8mes \u00e9voque bien une vive passion tous azimuts, de courts textes hommages viennent souligner sous un visage plus personnel l&rsquo;appr\u00e9ciation pour notre coll\u00e8gue. Une bibliographie de ses \u00e9crits s&rsquo;ajoute \u00e0 l&rsquo;ensemble.En somme, ce recueil est une mani\u00e8re de merci \u00e0 Charles A. Martijn pour sa consid\u00e9rable contribution \u00e0 la recherche am\u00e9rindianiste au Qu\u00e9bec.<\/p>\n<p><strong>Auteur(s) : <\/strong>Roland Tremblay (sous la direction de)<br \/>\n<strong>Autre(s) collaborateur(s) : <\/strong>Norman Clermont, David Denton, Adrian L. Burke, \u00c9ric Chalifoux, Pierre Dumais, Jean Poirier, Gilles Rousseau, Claude Chapdelaine, Marc C\u00f4t\u00e9, Marie-France Archambault, Gilles Samson, Tommy Weetaluktuk, Lynda Sioui, Vivian Gray, Roland Viau, Laurence Johnson, Claude G\u00e9linas, Daniel Arsenault, Louis Gagnon, Pierre Corbeil, Toby Morantz<\/p>\n<p>255 pages<br \/>\n<strong>ISBN\/ISSN\u00a0:\u00a0<\/strong>2-920366-24-6<\/p>\n<p>&nbsp;<\/p>\n","protected":false},"featured_media":3182,"comment_status":"closed","ping_status":"closed","template":"","meta":{"_EventAllDay":false,"_EventTimezone":"","_EventStartDate":"","_EventEndDate":"","_EventStartDateUTC":"","_EventEndDateUTC":"","_EventShowMap":false,"_EventShowMapLink":false,"_EventURL":"","_EventCost":"","_EventCostDescription":"","_EventCurrencySymbol":"","_EventCurrencyCode":"","_EventCurrencyPosition":"","_EventDateTimeSeparator":"","_EventTimeRangeSeparator":"","_EventOrganizerID":[],"_EventVenueID":[],"_OrganizerEmail":"","_OrganizerPhone":"","_OrganizerWebsite":"","_VenueAddress":"","_VenueCity":"","_VenueCountry":"","_VenueProvince":"","_VenueState":"","_VenueZip":"","_VenuePhone":"","_VenueURL":"","_VenueStateProvince":"","_VenueLat":"","_VenueLng":"","_VenueShowMap":false,"_VenueShowMapLink":false},"product_brand":[],"product_cat":[24,47],"product_tag":[],"class_list":{"0":"post-1573","1":"product","2":"type-product","3":"status-publish","4":"has-post-thumbnail","6":"product_cat-paleo-quebec","7":"product_cat-papier","9":"first","10":"instock","11":"purchasable","12":"product-type-simple"},"_links":{"self":[{"href":"https:\/\/recherches-autochtones.org\/site\/wp-json\/wp\/v2\/product\/1573","targetHints":{"allow":["GET"]}}],"collection":[{"href":"https:\/\/recherches-autochtones.org\/site\/wp-json\/wp\/v2\/product"}],"about":[{"href":"https:\/\/recherches-autochtones.org\/site\/wp-json\/wp\/v2\/types\/product"}],"replies":[{"embeddable":true,"href":"https:\/\/recherches-autochtones.org\/site\/wp-json\/wp\/v2\/comments?post=1573"}],"wp:featuredmedia":[{"embeddable":true,"href":"https:\/\/recherches-autochtones.org\/site\/wp-json\/wp\/v2\/media\/3182"}],"wp:attachment":[{"href":"https:\/\/recherches-autochtones.org\/site\/wp-json\/wp\/v2\/media?parent=1573"}],"wp:term":[{"taxonomy":"product_brand","embeddable":true,"href":"https:\/\/recherches-autochtones.org\/site\/wp-json\/wp\/v2\/product_brand?post=1573"},{"taxonomy":"product_cat","embeddable":true,"href":"https:\/\/recherches-autochtones.org\/site\/wp-json\/wp\/v2\/product_cat?post=1573"},{"taxonomy":"product_tag","embeddable":true,"href":"https:\/\/recherches-autochtones.org\/site\/wp-json\/wp\/v2\/product_tag?post=1573"}],"curies":[{"name":"wp","href":"https:\/\/api.w.org\/{rel}","templated":true}]}}