{"id":1535,"date":"1984-03-17T13:49:22","date_gmt":"1984-03-17T18:49:22","guid":{"rendered":"https:\/\/recherches-autochtones.org\/site\/produit\/les-tuvaalummiut-histoire-sociale-des-inuit-de-quaqtaq-quebec-arctique-1984-2"},"modified":"2017-02-22T15:53:33","modified_gmt":"2017-02-22T20:53:33","slug":"les-tuvaalummiut-histoire-sociale-des-inuit-de-quaqtaq-quebec-arctique-1984-2","status":"publish","type":"product","link":"https:\/\/recherches-autochtones.org\/site\/produit\/les-tuvaalummiut-histoire-sociale-des-inuit-de-quaqtaq-quebec-arctique-1984-2\/","title":{"rendered":"Les Tuvaalummiut : Histoire sociale des Inuit de Quaqtaq (Qu\u00e9bec arctique)"},"content":{"rendered":"<p>Avant-propos<br \/>\nIntroduction<\/p>\n<p>Cadre naturel<\/p>\n<p>Histoire et soci\u00e9t\u00e9 d\u2019autrefois<\/p>\n<p>P\u00e9riode semi-nomade<\/p>\n<p>P\u00e9riode communautaire<\/p>\n<p>P\u00e9riode bureaucratique<\/p>\n<p>Conclusion<\/p>\n<p>Appendice A &#8211; Liste des couples conjugaux<br \/>\nAppendice B &#8211; Groupes de chasse en canots<br \/>\nOuvrages cit\u00e9s<\/p>\n<p><strong>Auteur(s) : <\/strong>Louis-Jacques Dorais<br \/>\n<strong>Autre(s) collaborateur(s) : <\/strong><\/p>\n<p>209 pages<br \/>\n<strong style=\"font-size: 16px; line-height: 1.5;\">ISBN\/ISSN\u00a0:\u00a0<\/strong>2-920366-03-3<\/p>\n<p>&nbsp;<\/p>\n","protected":false},"excerpt":{"rendered":"<p>Cet ouvrage est en majeure partie le r\u00e9sultat de cinq s\u00e9jours, r\u00e9partis sur seize, chez les Inuit Tuvaalummiut du Nouveau-Qu\u00e9bec \u2013 aujourd\u2019hui le Nunavik \u2013 dans le village de Quaqtaq. Les recherches de l\u2019auteur portent sur l\u2019\u00e9tude de la langue, le recensement de la population, les g\u00e9n\u00e9alogies, les relev\u00e9s des ressources naturelles, etc. La m\u00e9thode d\u2019enqu\u00eate est celle de la participation la plus compl\u00e8te aux activit\u00e9s du groupe et de l\u2019observation directe de la r\u00e9alit\u00e9 sociale des membres de la communaut\u00e9.<\/p>\n","protected":false},"featured_media":3125,"comment_status":"closed","ping_status":"closed","template":"","meta":{"_EventAllDay":false,"_EventTimezone":"","_EventStartDate":"","_EventEndDate":"","_EventStartDateUTC":"","_EventEndDateUTC":"","_EventShowMap":false,"_EventShowMapLink":false,"_EventURL":"","_EventCost":"","_EventCostDescription":"","_EventCurrencySymbol":"","_EventCurrencyCode":"","_EventCurrencyPosition":"","_EventDateTimeSeparator":"","_EventTimeRangeSeparator":"","_EventOrganizerID":[],"_EventVenueID":[],"_OrganizerEmail":"","_OrganizerPhone":"","_OrganizerWebsite":"","_VenueAddress":"","_VenueCity":"","_VenueCountry":"","_VenueProvince":"","_VenueState":"","_VenueZip":"","_VenuePhone":"","_VenueURL":"","_VenueStateProvince":"","_VenueLat":"","_VenueLng":"","_VenueShowMap":false,"_VenueShowMapLink":false},"product_brand":[],"product_cat":[47,25],"product_tag":[],"class_list":{"0":"post-1535","1":"product","2":"type-product","3":"status-publish","4":"has-post-thumbnail","6":"product_cat-papier","7":"product_cat-signes-des-ameriques","9":"first","10":"outofstock","11":"purchasable","12":"product-type-simple"},"_links":{"self":[{"href":"https:\/\/recherches-autochtones.org\/site\/wp-json\/wp\/v2\/product\/1535","targetHints":{"allow":["GET"]}}],"collection":[{"href":"https:\/\/recherches-autochtones.org\/site\/wp-json\/wp\/v2\/product"}],"about":[{"href":"https:\/\/recherches-autochtones.org\/site\/wp-json\/wp\/v2\/types\/product"}],"replies":[{"embeddable":true,"href":"https:\/\/recherches-autochtones.org\/site\/wp-json\/wp\/v2\/comments?post=1535"}],"wp:featuredmedia":[{"embeddable":true,"href":"https:\/\/recherches-autochtones.org\/site\/wp-json\/wp\/v2\/media\/3125"}],"wp:attachment":[{"href":"https:\/\/recherches-autochtones.org\/site\/wp-json\/wp\/v2\/media?parent=1535"}],"wp:term":[{"taxonomy":"product_brand","embeddable":true,"href":"https:\/\/recherches-autochtones.org\/site\/wp-json\/wp\/v2\/product_brand?post=1535"},{"taxonomy":"product_cat","embeddable":true,"href":"https:\/\/recherches-autochtones.org\/site\/wp-json\/wp\/v2\/product_cat?post=1535"},{"taxonomy":"product_tag","embeddable":true,"href":"https:\/\/recherches-autochtones.org\/site\/wp-json\/wp\/v2\/product_tag?post=1535"}],"curies":[{"name":"wp","href":"https:\/\/api.w.org\/{rel}","templated":true}]}}