{"id":1449,"date":"1985-01-17T13:42:58","date_gmt":"1985-01-17T18:42:58","guid":{"rendered":"https:\/\/recherches-autochtones.org\/site\/produit\/des-elephants-des-caribous-et-des-hommes-la-periode-paleoindienne-1985-2"},"modified":"2025-06-19T15:46:01","modified_gmt":"2025-06-19T19:46:01","slug":"des-elephants-des-caribous-et-des-hommes-la-periode-paleoindienne-1985-2","status":"publish","type":"product","link":"https:\/\/recherches-autochtones.org\/site\/produit\/des-elephants-des-caribous-et-des-hommes-la-periode-paleoindienne-1985-2\/","title":{"rendered":"Des \u00e9l\u00e9phants, des caribous \u2026 et des hommes. La p\u00e9riode pal\u00e9oindienne (1985, vol. 15, nos. 1-2)"},"content":{"rendered":"<p><strong>SOMMAIRE<\/strong><\/p>\n<p>PR\u00c9SENTATION<br \/>\nSur les traces des premiers Qu\u00e9b\u00e9cois<br \/>\nClaude Chapdelaine<\/p>\n<p>M\u00e9moire d\u2019\u00e9l\u00e9phants&#8230;<br \/>\nNorman Clermont<\/p>\n<p>Pal\u00e9og\u00e9ographie du Qu\u00e9bec m\u00e9ridional entre 12 500 et 8 000 ans BP<br \/>\nMichel Parent, Jean-Marie M. Dubois, Pierre Bail, Armand Larocque et G\u00e9rard Larocque<\/p>\n<p>Couvert v\u00e9g\u00e9tal et pal\u00e9oenvironnement du Qu\u00e9bec entre 12 000 et 8 000 ans BP. L\u2019habitabilit\u00e9 dans un milieu changeant<br \/>\nPierre J.H. Richard<\/p>\n<p>Recherches arch\u00e9ologiques au site pal\u00e9oindien de Vail, dans le nord-ouest du Maine, 1980-1983<br \/>\nRichard M. Gramly<\/p>\n<p>La p\u00e9riode pal\u00e9oindienne sur l\u2019\u00cele-du-Prince-\u00c9douard<br \/>\nDavid L. Keenlyside<\/p>\n<p>Blanc-Sablon et le Pal\u00e9o-Indien au d\u00e9troit de Belle-Isle<br \/>\nDominique Groison<\/p>\n<p>Trois sites pal\u00e9oindiens sur la c\u00f4te sud de l\u2019estuaire du Saint-Laurent<br \/>\nPierre Dumais et Gilles Rousseau<\/p>\n<p>Le site CeEu-10. Une occupation pr\u00e9historique ancienne de la r\u00e9gion de Qu\u00e9bec<br \/>\nIan Badgley et Paul Boissonnault<\/p>\n<p>Le Complexe Plano de T\u00e9miscamie est-il une illusion?<br \/>\nCharles Martijn<\/p>\n<p>Glossaire pal\u00e9o\u00e9cologique et arch\u00e9ologique pour la p\u00e9riode pal\u00e9oindienne<br \/>\nJean-Fran\u00e7ois Moreau<\/p>\n<p>ACTUALIT\u00c9S<br \/>\nDiscuter pour mieux entendre les silences. Colloque sur l\u2019environnement Kativik \u00e0 Kuujjuaq, 10 au 12 d\u00e9cembre 1984<br \/>\nDiane Morissette<\/p>\n<p>COMPTES RENDUS<br \/>\n\u00ab\u00a0Le monde de Jacques Cartier, l\u2019aventure au XVIe si\u00e8cle\u00a0\u00bb<br \/>\nDenys Del\u00e2ge<\/p>\n<p>La conqu\u00eate de l\u2019Am\u00e9rique \u2013 La question de l\u2019autre<br \/>\nDaniel Chevrier<\/p>\n<p>&nbsp;<\/p>\n","protected":false},"excerpt":{"rendered":"<p>Volume 15, num\u00e9ros 1-2<br \/>\nDes \u00e9l\u00e9phants, des caribous \u2026 et des hommes. La p\u00e9riode pal\u00e9oindienne<br \/>\nSous la direction de Claude Chapdelaine<\/p>\n<p><strong>Autre(s) collaborateur(s) : <\/strong>Claude Chapdelaine, Norman Clermont, M.Parent, J.-M.M.Dubois, P.Bail, A.Larocque, G.Larocque, Pierre J.H. Richard, Richard M. Gramly, David L. Keenlyside, Dominique Groison, Pierre Dumais, Gilles Rousseau, Ian Badgley, Paul Boissonnault, Charles Martijn, Jean-Fran\u00e7ois Moreau<\/p>\n<p>185 pages<br \/>\n<strong>ISBN\/ISSN\u00a0:\u00a0<\/strong>0318-4137<\/p>\n<p>&nbsp;<\/p>\n<p>&nbsp;<\/p>\n","protected":false},"featured_media":2968,"comment_status":"closed","ping_status":"closed","template":"","meta":{"_EventAllDay":false,"_EventTimezone":"","_EventStartDate":"","_EventEndDate":"","_EventStartDateUTC":"","_EventEndDateUTC":"","_EventShowMap":false,"_EventShowMapLink":false,"_EventURL":"","_EventCost":"","_EventCostDescription":"","_EventCurrencySymbol":"","_EventCurrencyCode":"","_EventCurrencyPosition":"","_EventDateTimeSeparator":"","_EventTimeRangeSeparator":"","_EventOrganizerID":[],"_EventVenueID":[],"_OrganizerEmail":"","_OrganizerPhone":"","_OrganizerWebsite":"","_VenueAddress":"","_VenueCity":"","_VenueCountry":"","_VenueProvince":"","_VenueState":"","_VenueZip":"","_VenuePhone":"","_VenueURL":"","_VenueStateProvince":"","_VenueLat":"","_VenueLng":"","_VenueShowMap":false,"_VenueShowMapLink":false},"product_brand":[],"product_cat":[47,26],"product_tag":[],"class_list":{"0":"post-1449","1":"product","2":"type-product","3":"status-publish","4":"has-post-thumbnail","6":"product_cat-papier","7":"product_cat-recherches-amerindiennes-au-quebec","9":"first","10":"outofstock","11":"purchasable","12":"product-type-simple"},"_links":{"self":[{"href":"https:\/\/recherches-autochtones.org\/site\/wp-json\/wp\/v2\/product\/1449","targetHints":{"allow":["GET"]}}],"collection":[{"href":"https:\/\/recherches-autochtones.org\/site\/wp-json\/wp\/v2\/product"}],"about":[{"href":"https:\/\/recherches-autochtones.org\/site\/wp-json\/wp\/v2\/types\/product"}],"replies":[{"embeddable":true,"href":"https:\/\/recherches-autochtones.org\/site\/wp-json\/wp\/v2\/comments?post=1449"}],"wp:featuredmedia":[{"embeddable":true,"href":"https:\/\/recherches-autochtones.org\/site\/wp-json\/wp\/v2\/media\/2968"}],"wp:attachment":[{"href":"https:\/\/recherches-autochtones.org\/site\/wp-json\/wp\/v2\/media?parent=1449"}],"wp:term":[{"taxonomy":"product_brand","embeddable":true,"href":"https:\/\/recherches-autochtones.org\/site\/wp-json\/wp\/v2\/product_brand?post=1449"},{"taxonomy":"product_cat","embeddable":true,"href":"https:\/\/recherches-autochtones.org\/site\/wp-json\/wp\/v2\/product_cat?post=1449"},{"taxonomy":"product_tag","embeddable":true,"href":"https:\/\/recherches-autochtones.org\/site\/wp-json\/wp\/v2\/product_tag?post=1449"}],"curies":[{"name":"wp","href":"https:\/\/api.w.org\/{rel}","templated":true}]}}