{"id":1447,"date":"1984-03-17T13:39:31","date_gmt":"1984-03-17T18:39:31","guid":{"rendered":"https:\/\/recherches-autochtones.org\/site\/produit\/etre-nee-femme-autochtone-1984-2"},"modified":"2025-06-19T15:44:59","modified_gmt":"2025-06-19T19:44:59","slug":"etre-nee-femme-autochtone-1984-2","status":"publish","type":"product","link":"https:\/\/recherches-autochtones.org\/site\/produit\/etre-nee-femme-autochtone-1984-2\/","title":{"rendered":"\u00catre n\u00e9e femme autochtone (1984, vol. 14, no. 3)"},"content":{"rendered":"<p><strong>SOMMAIRE<\/strong><\/p>\n<p>PR\u00c9SENTATION<br \/>\nMarie-France Labrecque<\/p>\n<p>Des femmes de Weymontachie<br \/>\nMarie-France Labrecque<\/p>\n<p>Les menstruations et la grossesse chez les Iglulingmiut (T.N.-O.)<br \/>\nRose Dufour<\/p>\n<p>Que sont devenues les sages-femmes d\u2019antan? L\u2019accouchement chez les femmes attikam\u00e8ques de Manouane<br \/>\nMarie-Jos\u00e9e Routhier<\/p>\n<p>NOTE DE RECHERCHE<br \/>\nMes mocassins, ton canot, nos raquettes\u00a0: la division sexuelle du travail et la transmission des connaissances chez les Montagnais de La Romaine<br \/>\nChristiane Beaudet<\/p>\n<p>L\u2019\u00e9mancipation des femmes dans le vocabulaire montagnais<br \/>\nLynn Drapeau<\/p>\n<p>NOTE DE RECHERCHE<br \/>\nLes femmes am\u00e9rindiennes: un inventaire bibliographique<br \/>\nGa\u00ebtan Drolet<\/p>\n<p>\u00catre pr\u00e9sidente en toute lucidit\u00e9<br \/>\nEntrevue avec Bibiane Courtois<\/p>\n<p>Plus \u00e7a change, plus c\u2019est pareil? Les femmes autochtones et la question du gouvernement indien autonome et du droit coutumier<br \/>\nKathleen Jamieson<\/p>\n<p>D\u00e9veloppement du capitalisme dans la r\u00e9gion de Weymontachie (Haute-Mauricie). Incidences sur la condition des femmes attikam\u00e8ques<br \/>\nMarie-France Labrecque<\/p>\n<p>ACTUALIT\u00c9S<br \/>\nLa r\u00e9vision de la Loi et les femmes indiennes<br \/>\nDiane Morissette<\/p>\n<p>COMMENTAIRES<br \/>\nLa recherche universitaire nordique dans les sciences humaines au creux de la vague<br \/>\nMarc-Ad\u00e9lard Tremblay<\/p>\n<p>COMPTES RENDUS<br \/>\nVitalit\u00e9s et regroupements chez les femmes autochtones du Qu\u00e9bec<br \/>\nMarie-France Labrecque<\/p>\n<p>American Indian Economic Development<br \/>\nPaul Charest<\/p>\n<p>Indian Peoples of Canada<br \/>\net<br \/>\nInuit Peoples of Canada<br \/>\nFran\u00e7ois Trudel<\/p>\n<p>&nbsp;<\/p>\n","protected":false},"excerpt":{"rendered":"<p>Volume 14, num\u00e9ro 3<br \/>\n\u00catre n\u00e9e femme autochtone<br \/>\nSous la direction de Marie-France Labrecque<\/p>\n<p><strong>Autre(s) collaborateur(s) : <\/strong>Marie-France Labrecque, Rose Dufour, Marie-Jos\u00e9e Routhier, Christiane Beaudet, Lynn Drapeau, Ga\u00ebtan Drolet, Bibiane Courtois, Kathleen Jamieson<\/p>\n<p>105 pages<br \/>\n<strong>ISBN\/ISSN\u00a0:\u00a0<\/strong>0318-4137<\/p>\n<p>&nbsp;<\/p>\n<p>&nbsp;<\/p>\n","protected":false},"featured_media":2966,"comment_status":"closed","ping_status":"closed","template":"","meta":{"_EventAllDay":false,"_EventTimezone":"","_EventStartDate":"","_EventEndDate":"","_EventStartDateUTC":"","_EventEndDateUTC":"","_EventShowMap":false,"_EventShowMapLink":false,"_EventURL":"","_EventCost":"","_EventCostDescription":"","_EventCurrencySymbol":"","_EventCurrencyCode":"","_EventCurrencyPosition":"","_EventDateTimeSeparator":"","_EventTimeRangeSeparator":"","_EventOrganizerID":[],"_EventVenueID":[],"_OrganizerEmail":"","_OrganizerPhone":"","_OrganizerWebsite":"","_VenueAddress":"","_VenueCity":"","_VenueCountry":"","_VenueProvince":"","_VenueState":"","_VenueZip":"","_VenuePhone":"","_VenueURL":"","_VenueStateProvince":"","_VenueLat":"","_VenueLng":"","_VenueShowMap":false,"_VenueShowMapLink":false},"product_brand":[],"product_cat":[47,26],"product_tag":[],"class_list":{"0":"post-1447","1":"product","2":"type-product","3":"status-publish","4":"has-post-thumbnail","6":"product_cat-papier","7":"product_cat-recherches-amerindiennes-au-quebec","9":"first","10":"outofstock","11":"purchasable","12":"product-type-simple"},"_links":{"self":[{"href":"https:\/\/recherches-autochtones.org\/site\/wp-json\/wp\/v2\/product\/1447","targetHints":{"allow":["GET"]}}],"collection":[{"href":"https:\/\/recherches-autochtones.org\/site\/wp-json\/wp\/v2\/product"}],"about":[{"href":"https:\/\/recherches-autochtones.org\/site\/wp-json\/wp\/v2\/types\/product"}],"replies":[{"embeddable":true,"href":"https:\/\/recherches-autochtones.org\/site\/wp-json\/wp\/v2\/comments?post=1447"}],"wp:featuredmedia":[{"embeddable":true,"href":"https:\/\/recherches-autochtones.org\/site\/wp-json\/wp\/v2\/media\/2966"}],"wp:attachment":[{"href":"https:\/\/recherches-autochtones.org\/site\/wp-json\/wp\/v2\/media?parent=1447"}],"wp:term":[{"taxonomy":"product_brand","embeddable":true,"href":"https:\/\/recherches-autochtones.org\/site\/wp-json\/wp\/v2\/product_brand?post=1447"},{"taxonomy":"product_cat","embeddable":true,"href":"https:\/\/recherches-autochtones.org\/site\/wp-json\/wp\/v2\/product_cat?post=1447"},{"taxonomy":"product_tag","embeddable":true,"href":"https:\/\/recherches-autochtones.org\/site\/wp-json\/wp\/v2\/product_tag?post=1447"}],"curies":[{"name":"wp","href":"https:\/\/api.w.org\/{rel}","templated":true}]}}

Être née femme autochtone (1984, vol. 14, no. 3)

<p><strong>SOMMAIRE</strong></p>
<p>PRÉSENTATION<br />
Marie-France Labrecque</p>
<p>Des femmes de Weymontachie<br />
Marie-France Labrecque</p>
<p>Les menstruations et la grossesse chez les Iglulingmiut (T.N.-O.)<br />
Rose Dufour</p>
<p>Que sont devenues les sages-femmes d’antan? L’accouchement chez les femmes attikamèques de Manouane<br />
Marie-Josée Routhier</p>
<p>NOTE DE RECHERCHE<br />
Mes mocassins, ton canot, nos raquettes : la division sexuelle du travail et la transmission des connaissances chez les Montagnais de La Romaine<br />
Christiane Beaudet</p>
<p>L’émancipation des femmes dans le vocabulaire montagnais<br />
Lynn Drapeau</p>
<p>NOTE DE RECHERCHE<br />
Les femmes amérindiennes: un inventaire bibliographique<br />
Gaëtan Drolet</p>
<p>Être présidente en toute lucidité<br />
Entrevue avec Bibiane Courtois</p>
<p>Plus ça change, plus c’est pareil? Les femmes autochtones et la question du gouvernement indien autonome et du droit coutumier<br />
Kathleen Jamieson</p>
<p>Développement du capitalisme dans la région de Weymontachie (Haute-Mauricie). Incidences sur la condition des femmes attikamèques<br />
Marie-France Labrecque</p>
<p>ACTUALITÉS<br />
La révision de la Loi et les femmes indiennes<br />
Diane Morissette</p>
<p>COMMENTAIRES<br />
La recherche universitaire nordique dans les sciences humaines au creux de la vague<br />
Marc-Adélard Tremblay</p>
<p>COMPTES RENDUS<br />
Vitalités et regroupements chez les femmes autochtones du Québec<br />
Marie-France Labrecque</p>
<p>American Indian Economic Development<br />
Paul Charest</p>
<p>Indian Peoples of Canada<br />
et<br />
Inuit Peoples of Canada<br />
François Trudel</p>
<p>&nbsp;</p>

<p>Volume 14, numéro 3<br />
Être née femme autochtone<br />
Sous la direction de Marie-France Labrecque</p>
<p><strong>Autre(s) collaborateur(s) : </strong>Marie-France Labrecque, Rose Dufour, Marie-Josée Routhier, Christiane Beaudet, Lynn Drapeau, Gaëtan Drolet, Bibiane Courtois, Kathleen Jamieson</p>
<p>105 pages<br />
<strong>ISBN/ISSN : </strong>0318-4137</p>
<p>&nbsp;</p>
<p>&nbsp;</p>
