{"id":10216,"date":"2026-02-09T15:41:51","date_gmt":"2026-02-09T20:41:51","guid":{"rendered":"https:\/\/recherches-autochtones.org\/site\/?post_type=product&#038;p=10216"},"modified":"2026-02-09T15:39:57","modified_gmt":"2026-02-09T20:39:57","slug":"cliche-rancourt-mamsalhabika-le-plus-vieux-site-archeologique-au-quebec-pdf","status":"publish","type":"product","link":"https:\/\/recherches-autochtones.org\/site\/produit\/cliche-rancourt-mamsalhabika-le-plus-vieux-site-archeologique-au-quebec-pdf\/","title":{"rendered":"Cliche-Rancourt-Mamsalhabika : le plus vieux site arch\u00e9ologique au Qu\u00e9bec \u2013 version PDF"},"content":{"rendered":"<p><strong>TABLE DES MATI\u00c8RES<\/strong><\/p>\n<div class=\"page\" title=\"Page 1\">\n<div class=\"section\">\n<div class=\"layoutArea\">\n<div class=\"column\">\n<p style=\"font-weight: 400;\"><strong>Liste des figures<\/strong><\/p>\n<p style=\"font-weight: 400;\"><strong>Liste des tableaux<\/strong><\/p>\n<p style=\"font-weight: 400;\"><strong>Liste des planches<\/strong><\/p>\n<p>&nbsp;<\/p>\n<p style=\"font-weight: 400;\"><strong>Avant-propos et remerciements<\/strong><\/p>\n<p style=\"font-weight: 400;\"><strong>Chapitre premier<br \/>\n<\/strong>Introduction<\/p>\n<p style=\"font-weight: 400;\"><strong>Chapitre deux<br \/>\n<\/strong>Le site Cliche-Rancourt-Mamsalhabika<\/p>\n<p style=\"font-weight: 400;\"><strong>Chapitre trois<br \/>\n<\/strong>L\u2019aire #1\u00a0: concentration de pointes \u00e0 cannelure et deux occupations distinctes du Pal\u00e9oindien<\/p>\n<p style=\"font-weight: 400;\"><strong>Chapitre quatre<br \/>\n<\/strong>L\u2019aire #2 : br\u00e8ve pr\u00e9sence au Pal\u00e9oindien ancien et production de bifaces au Pal\u00e9oindien r\u00e9cent<\/p>\n<p style=\"font-weight: 400;\"><strong>Chapitre cinq<br \/>\n<\/strong>L\u2019aire #3 NW\u00a0: un atelier de taille du chert Munsungun<\/p>\n<p style=\"font-weight: 400;\"><strong>Chapitre six<br \/>\n<\/strong>L\u2019aire #3 SE\u00a0: un espace de transformation des peaux<\/p>\n<p style=\"font-weight: 400;\"><strong>Chapitre sept<br \/>\n<\/strong>L\u2019aire #5\u00a0: un atelier de taille de rhyolite et de chert Munsungun<\/p>\n<p style=\"font-weight: 400;\"><strong>Chapitre huit<br \/>\n<\/strong>L\u2019aire #4\u00a0: deux occupations de l\u2019Archa\u00efque<\/p>\n<p style=\"font-weight: 400;\"><strong>Chapitre neuf<br \/>\n<\/strong>Les occupations au Pal\u00e9oindien ancien, une synth\u00e8se<\/p>\n<p style=\"font-weight: 400;\"><strong>Chapitre dix<br \/>\n<\/strong>Les occupations au Pal\u00e9oindien r\u00e9cent, une synth\u00e8se<\/p>\n<p style=\"font-weight: 400;\"><strong>Chapitre onze<br \/>\n<\/strong>La place du site Cliche-Rancourt-Mamsalhabika dans la s\u00e9quence du Pal\u00e9oindien \u00e0 l\u2019\u00e9chelle du Nord-Est Am\u00e9ricain<\/p>\n<p>&nbsp;<\/p>\n<p style=\"font-weight: 400;\"><strong>Ouvrages cit\u00e9s<\/strong><\/p>\n<\/div>\n<\/div>\n<\/div>\n<\/div>\n","protected":false},"excerpt":{"rendered":"<h3><strong>Claude Chapdelaine<\/strong><\/h3>\n<p>2025<br \/>\n212 pages<\/p>\n<p><strong>Sur la page couverture :<\/strong><\/p>\n<p style=\"font-weight: 400;\"><em>Sur le site Cliche-Rancourt-Mamsalhabika<br \/>\n<\/em>Aquarelle de Fran\u00e7ois Girard, 2025<br \/>\n17 X 14 po<br \/>\n\u00a9 Fran\u00e7ois Girard<\/p>\n<p style=\"font-weight: 400;\">\u00c0 la fin de l\u2019\u00e9t\u00e9 dans la toundra, une femme travaille une peau de caribou et l\u2019autre nettoie un poisson. L\u00e9g\u00e8rement en retrait, deux hommes taillent le chert rouge Munsungun et un enfant joue dans le premier abri. Une jeune fille longe la terrasse et revient au camp charg\u00e9e de branches de bouleaux nains. Entre les deux abris, une femme amorce le travail sur un caribou alors qu\u2019un jeune homme sur le sentier revient avec un li\u00e8vre pour diversifier le menu. Quant au chien, il est attir\u00e9 par l\u2019odeur du poisson. Les tentes sont recouvertes de peaux de caribous cousues et leur base est consolid\u00e9e par plusieurs pierres. Le lac aux Araign\u00e9es se profile \u00e0 l\u2019horizon et la rivi\u00e8re aux Araign\u00e9es et ses rapides bordent le site \u00e0 l\u2019est. Des caribous gambadent de l\u2019autre c\u00f4t\u00e9 de la rivi\u00e8re et d\u2019autres b\u00eates s\u2019\u00e9loignent vers le nord-ouest.<\/p>\n<p><strong>ISBN\u00a0(imprim\u00e9)<\/strong> : 978-2-920366-71-8<br \/>\n<strong>ISBN (PDF)<\/strong> : 978-2-920366-72-5<b><\/b><\/p>\n","protected":false},"featured_media":10246,"comment_status":"closed","ping_status":"closed","template":"","meta":{"_EventAllDay":false,"_EventTimezone":"","_EventStartDate":"","_EventEndDate":"","_EventStartDateUTC":"","_EventEndDateUTC":"","_EventShowMap":false,"_EventShowMapLink":false,"_EventURL":"","_EventCost":"","_EventCostDescription":"","_EventCurrencySymbol":"","_EventCurrencyCode":"","_EventCurrencyPosition":"","_EventDateTimeSeparator":"","_EventTimeRangeSeparator":"","_EventOrganizerID":[],"_EventVenueID":[],"_OrganizerEmail":"","_OrganizerPhone":"","_OrganizerWebsite":"","_VenueAddress":"","_VenueCity":"","_VenueCountry":"","_VenueProvince":"","_VenueState":"","_VenueZip":"","_VenuePhone":"","_VenueURL":"","_VenueStateProvince":"","_VenueLat":"","_VenueLng":"","_VenueShowMap":false,"_VenueShowMapLink":false},"product_brand":[],"product_cat":[49,48,25],"product_tag":[],"class_list":{"0":"post-10216","1":"product","2":"type-product","3":"status-publish","4":"has-post-thumbnail","6":"product_cat-format","7":"product_cat-pdf","8":"product_cat-signes-des-ameriques","10":"first","11":"instock","12":"featured","13":"downloadable","14":"virtual","15":"purchasable","16":"product-type-simple"},"_links":{"self":[{"href":"https:\/\/recherches-autochtones.org\/site\/wp-json\/wp\/v2\/product\/10216","targetHints":{"allow":["GET"]}}],"collection":[{"href":"https:\/\/recherches-autochtones.org\/site\/wp-json\/wp\/v2\/product"}],"about":[{"href":"https:\/\/recherches-autochtones.org\/site\/wp-json\/wp\/v2\/types\/product"}],"replies":[{"embeddable":true,"href":"https:\/\/recherches-autochtones.org\/site\/wp-json\/wp\/v2\/comments?post=10216"}],"wp:featuredmedia":[{"embeddable":true,"href":"https:\/\/recherches-autochtones.org\/site\/wp-json\/wp\/v2\/media\/10246"}],"wp:attachment":[{"href":"https:\/\/recherches-autochtones.org\/site\/wp-json\/wp\/v2\/media?parent=10216"}],"wp:term":[{"taxonomy":"product_brand","embeddable":true,"href":"https:\/\/recherches-autochtones.org\/site\/wp-json\/wp\/v2\/product_brand?post=10216"},{"taxonomy":"product_cat","embeddable":true,"href":"https:\/\/recherches-autochtones.org\/site\/wp-json\/wp\/v2\/product_cat?post=10216"},{"taxonomy":"product_tag","embeddable":true,"href":"https:\/\/recherches-autochtones.org\/site\/wp-json\/wp\/v2\/product_tag?post=10216"}],"curies":[{"name":"wp","href":"https:\/\/api.w.org\/{rel}","templated":true}]}}