{"id":4517,"date":"2016-12-20T15:36:56","date_gmt":"2016-12-20T20:36:56","guid":{"rendered":"https:\/\/recherches-autochtones.org\/site\/?page_id=4517"},"modified":"2016-12-21T11:53:48","modified_gmt":"2016-12-21T16:53:48","slug":"conference-de-gilles-havard","status":"publish","type":"page","link":"https:\/\/recherches-autochtones.org\/site\/conference-de-gilles-havard\/","title":{"rendered":"Conf\u00e9rence de Gilles Havard \u00e0 Montr\u00e9al"},"content":{"rendered":"<p><strong>CONF\u00c9RENCE DE GILLES HAVARD \u00c0 MONTR\u00c9AL<\/strong><\/p>\n<p>Vous pouvez \u00e9couter la bande audio de la conf\u00e9rence prononc\u00e9e par Gilles Havard (directeur de recherche au CNRS) le 17 novembre 2016 au d\u00e9partement de sciences des religions de l\u2019Universit\u00e9 du Qu\u00e9bec \u00e0 Montr\u00e9al dans le cadre des activit\u00e9s du Ci\u00e9ra (Centre interuniversitaire d\u2019\u00e9tudes et de recherches autochtones) \u00e0 Montr\u00e9al (responsable : Laurent J\u00e9r\u00f4me).<\/p>\n<p>La conf\u00e9rence portait sur son\u00a0dernier livre : <em>Histoire des coureurs de bois. Am\u00e9rique du Nord 1600-1840<\/em><\/p>\n<p><a href=\"https:\/\/recherches-autochtones.org\/site\/wp-content\/uploads\/2016\/12\/coureurs-debois-havard-77263.jpg\" rel=\"attachment wp-att-4545\"><img decoding=\"async\" class=\"alignleft wp-image-4545 size-medium\" src=\"https:\/\/recherches-autochtones.org\/site\/wp-content\/uploads\/2016\/12\/coureurs-debois-havard-77263-197x300.jpg\" alt=\"coureurs-debois-havard-77263\" width=\"197\" height=\"300\" srcset=\"https:\/\/recherches-autochtones.org\/site\/wp-content\/uploads\/2016\/12\/coureurs-debois-havard-77263-98x150.jpg 98w, https:\/\/recherches-autochtones.org\/site\/wp-content\/uploads\/2016\/12\/coureurs-debois-havard-77263-197x300.jpg 197w, https:\/\/recherches-autochtones.org\/site\/wp-content\/uploads\/2016\/12\/coureurs-debois-havard-77263-200x305.jpg 200w, https:\/\/recherches-autochtones.org\/site\/wp-content\/uploads\/2016\/12\/coureurs-debois-havard-77263-400x611.jpg 400w, https:\/\/recherches-autochtones.org\/site\/wp-content\/uploads\/2016\/12\/coureurs-debois-havard-77263-500x763.jpg 500w, https:\/\/recherches-autochtones.org\/site\/wp-content\/uploads\/2016\/12\/coureurs-debois-havard-77263-600x916.jpg 600w, https:\/\/recherches-autochtones.org\/site\/wp-content\/uploads\/2016\/12\/coureurs-debois-havard-77263.jpg 640w\" sizes=\"(max-width: 197px) 100vw, 197px\" \/><\/a><\/p>\n<p>&nbsp;<\/p>\n<p><a href=\"https:\/\/recherches-autochtones.org\/site\/wp-content\/uploads\/2016\/12\/Visuel_RAQ2.jpg\" rel=\"attachment wp-att-4540\"><img decoding=\"async\" class=\"aligncenter wp-image-4540 size-full\" src=\"https:\/\/recherches-autochtones.org\/site\/wp-content\/uploads\/2016\/12\/Visuel_RAQ2.jpg\" alt=\"visuel_raq2\" width=\"3071\" height=\"899\" srcset=\"https:\/\/recherches-autochtones.org\/site\/wp-content\/uploads\/2016\/12\/Visuel_RAQ2-150x44.jpg 150w, https:\/\/recherches-autochtones.org\/site\/wp-content\/uploads\/2016\/12\/Visuel_RAQ2-200x59.jpg 200w, https:\/\/recherches-autochtones.org\/site\/wp-content\/uploads\/2016\/12\/Visuel_RAQ2-300x88.jpg 300w, https:\/\/recherches-autochtones.org\/site\/wp-content\/uploads\/2016\/12\/Visuel_RAQ2-400x117.jpg 400w, https:\/\/recherches-autochtones.org\/site\/wp-content\/uploads\/2016\/12\/Visuel_RAQ2-500x146.jpg 500w, https:\/\/recherches-autochtones.org\/site\/wp-content\/uploads\/2016\/12\/Visuel_RAQ2-600x176.jpg 600w, https:\/\/recherches-autochtones.org\/site\/wp-content\/uploads\/2016\/12\/Visuel_RAQ2-700x205.jpg 700w, https:\/\/recherches-autochtones.org\/site\/wp-content\/uploads\/2016\/12\/Visuel_RAQ2-768x225.jpg 768w, https:\/\/recherches-autochtones.org\/site\/wp-content\/uploads\/2016\/12\/Visuel_RAQ2-800x234.jpg 800w, https:\/\/recherches-autochtones.org\/site\/wp-content\/uploads\/2016\/12\/Visuel_RAQ2-1024x300.jpg 1024w, https:\/\/recherches-autochtones.org\/site\/wp-content\/uploads\/2016\/12\/Visuel_RAQ2-1200x351.jpg 1200w, https:\/\/recherches-autochtones.org\/site\/wp-content\/uploads\/2016\/12\/Visuel_RAQ2-1536x450.jpg 1536w, https:\/\/recherches-autochtones.org\/site\/wp-content\/uploads\/2016\/12\/Visuel_RAQ2.jpg 1920w\" sizes=\"(max-width: 3071px) 100vw, 3071px\" \/><\/a><\/p>\n<p>\u00a9 Photos de Laurent J\u00e9r\u00f4me<\/p>\n<p>&nbsp;<\/p>\n<p><strong>Conf\u00e9rence et questions (01:44:04) :<\/strong><\/p>\n<!--[if lt IE 9]><script>document.createElement('audio');<\/script><![endif]-->\n<audio class=\"wp-audio-shortcode\" id=\"audio-4517-1\" preload=\"none\" style=\"width: 100%;\" controls=\"controls\"><source type=\"audio\/mpeg\" src=\"https:\/\/recherches-autochtones.org\/site\/wp-content\/uploads\/2016\/12\/gilles_havard_conference_17nov2016.mp3?_=1\" \/><a href=\"https:\/\/recherches-autochtones.org\/site\/wp-content\/uploads\/2016\/12\/gilles_havard_conference_17nov2016.mp3\">https:\/\/recherches-autochtones.org\/site\/wp-content\/uploads\/2016\/12\/gilles_havard_conference_17nov2016.mp3<\/a><\/audio>\n<p>&nbsp;<\/p>\n<p><strong>Organisation\u00a0:<\/strong><br \/>\nAlain Beaulieu \u2013 professeur, d\u00e9partement d\u2019histoire, UQAM et<br \/>\nLaurent J\u00e9r\u00f4me \u2013 professeur, d\u00e9partement de Sciences des religions, UQAM<\/p>\n<p><strong>Pr\u00e9sentation\u00a0:<\/strong><br \/>\nAlain Beaulieu \u2013 professeur, d\u00e9partement d\u2019histoire, UQAM<\/p>\n<p><strong>Mise en ligne :<br \/>\n<\/strong>\u00c9ric Chalifoux (avec la collaboration\u00a0de Luc Bouvrette pour les r\u00e9glages de la bande audio)<\/p>\n<p>&nbsp;<\/p>\n<p>&nbsp;<\/p>\n","protected":false},"excerpt":{"rendered":"<p>CONF\u00c9RENCE DE GILLES HAVARD \u00c0 MONTR\u00c9AL Vous pouvez \u00e9couter la  [&#8230;]<\/p>\n","protected":false},"author":1,"featured_media":0,"parent":0,"menu_order":0,"comment_status":"closed","ping_status":"closed","template":"","meta":{"_EventAllDay":false,"_EventTimezone":"","_EventStartDate":"","_EventEndDate":"","_EventStartDateUTC":"","_EventEndDateUTC":"","_EventShowMap":false,"_EventShowMapLink":false,"_EventURL":"","_EventCost":"","_EventCostDescription":"","_EventCurrencySymbol":"","_EventCurrencyCode":"","_EventCurrencyPosition":"","_EventDateTimeSeparator":"","_EventTimeRangeSeparator":"","_EventOrganizerID":[],"_EventVenueID":[],"_OrganizerEmail":"","_OrganizerPhone":"","_OrganizerWebsite":"","_VenueAddress":"","_VenueCity":"","_VenueCountry":"","_VenueProvince":"","_VenueState":"","_VenueZip":"","_VenuePhone":"","_VenueURL":"","_VenueStateProvince":"","_VenueLat":"","_VenueLng":"","_VenueShowMap":false,"_VenueShowMapLink":false,"footnotes":""},"class_list":["post-4517","page","type-page","status-publish","hentry"],"_links":{"self":[{"href":"https:\/\/recherches-autochtones.org\/site\/wp-json\/wp\/v2\/pages\/4517","targetHints":{"allow":["GET"]}}],"collection":[{"href":"https:\/\/recherches-autochtones.org\/site\/wp-json\/wp\/v2\/pages"}],"about":[{"href":"https:\/\/recherches-autochtones.org\/site\/wp-json\/wp\/v2\/types\/page"}],"author":[{"embeddable":true,"href":"https:\/\/recherches-autochtones.org\/site\/wp-json\/wp\/v2\/users\/1"}],"replies":[{"embeddable":true,"href":"https:\/\/recherches-autochtones.org\/site\/wp-json\/wp\/v2\/comments?post=4517"}],"version-history":[{"count":33,"href":"https:\/\/recherches-autochtones.org\/site\/wp-json\/wp\/v2\/pages\/4517\/revisions"}],"predecessor-version":[{"id":4565,"href":"https:\/\/recherches-autochtones.org\/site\/wp-json\/wp\/v2\/pages\/4517\/revisions\/4565"}],"wp:attachment":[{"href":"https:\/\/recherches-autochtones.org\/site\/wp-json\/wp\/v2\/media?parent=4517"}],"curies":[{"name":"wp","href":"https:\/\/api.w.org\/{rel}","templated":true}]}}

Conférence de Gilles Havard à Montréal

<p><strong>CONFÉRENCE DE GILLES HAVARD À MONTRÉAL</strong></p>
<p>Vous pouvez écouter la bande audio de la conférence prononcée par Gilles Havard (directeur de recherche au CNRS) le 17 novembre 2016 au département de sciences des religions de l’Université du Québec à Montréal dans le cadre des activités du Ciéra (Centre interuniversitaire d’études et de recherches autochtones) à Montréal (responsable : Laurent Jérôme).</p>
<p>La conférence portait sur son dernier livre : <em>Histoire des coureurs de bois. Amérique du Nord 1600-1840</em></p>
<p><a href="https://recherches-autochtones.org/site/wp-content/uploads/2016/12/coureurs-debois-havard-77263.jpg" rel="attachment wp-att-4545"><img decoding="async" class="alignleft wp-image-4545 size-medium" src="https://recherches-autochtones.org/site/wp-content/uploads/2016/12/coureurs-debois-havard-77263-197x300.jpg" alt="coureurs-debois-havard-77263" width="197" height="300" srcset="https://recherches-autochtones.org/site/wp-content/uploads/2016/12/coureurs-debois-havard-77263-98x150.jpg 98w, https://recherches-autochtones.org/site/wp-content/uploads/2016/12/coureurs-debois-havard-77263-197x300.jpg 197w, https://recherches-autochtones.org/site/wp-content/uploads/2016/12/coureurs-debois-havard-77263-200x305.jpg 200w, https://recherches-autochtones.org/site/wp-content/uploads/2016/12/coureurs-debois-havard-77263-400x611.jpg 400w, https://recherches-autochtones.org/site/wp-content/uploads/2016/12/coureurs-debois-havard-77263-500x763.jpg 500w, https://recherches-autochtones.org/site/wp-content/uploads/2016/12/coureurs-debois-havard-77263-600x916.jpg 600w, https://recherches-autochtones.org/site/wp-content/uploads/2016/12/coureurs-debois-havard-77263.jpg 640w" sizes="(max-width: 197px) 100vw, 197px" /></a></p>
<p>&nbsp;</p>
<p><a href="https://recherches-autochtones.org/site/wp-content/uploads/2016/12/Visuel_RAQ2.jpg" rel="attachment wp-att-4540"><img decoding="async" class="aligncenter wp-image-4540 size-full" src="https://recherches-autochtones.org/site/wp-content/uploads/2016/12/Visuel_RAQ2.jpg" alt="visuel_raq2" width="3071" height="899" srcset="https://recherches-autochtones.org/site/wp-content/uploads/2016/12/Visuel_RAQ2-150x44.jpg 150w, https://recherches-autochtones.org/site/wp-content/uploads/2016/12/Visuel_RAQ2-200x59.jpg 200w, https://recherches-autochtones.org/site/wp-content/uploads/2016/12/Visuel_RAQ2-300x88.jpg 300w, https://recherches-autochtones.org/site/wp-content/uploads/2016/12/Visuel_RAQ2-400x117.jpg 400w, https://recherches-autochtones.org/site/wp-content/uploads/2016/12/Visuel_RAQ2-500x146.jpg 500w, https://recherches-autochtones.org/site/wp-content/uploads/2016/12/Visuel_RAQ2-600x176.jpg 600w, https://recherches-autochtones.org/site/wp-content/uploads/2016/12/Visuel_RAQ2-700x205.jpg 700w, https://recherches-autochtones.org/site/wp-content/uploads/2016/12/Visuel_RAQ2-768x225.jpg 768w, https://recherches-autochtones.org/site/wp-content/uploads/2016/12/Visuel_RAQ2-800x234.jpg 800w, https://recherches-autochtones.org/site/wp-content/uploads/2016/12/Visuel_RAQ2-1024x300.jpg 1024w, https://recherches-autochtones.org/site/wp-content/uploads/2016/12/Visuel_RAQ2-1200x351.jpg 1200w, https://recherches-autochtones.org/site/wp-content/uploads/2016/12/Visuel_RAQ2-1536x450.jpg 1536w, https://recherches-autochtones.org/site/wp-content/uploads/2016/12/Visuel_RAQ2.jpg 1920w" sizes="(max-width: 3071px) 100vw, 3071px" /></a></p>
<p>© Photos de Laurent Jérôme</p>
<p>&nbsp;</p>
<p><strong>Conférence et questions (01:44:04) :</strong></p>
<!--[if lt IE 9]><script>document.createElement('audio');</script><![endif]-->
<audio class="wp-audio-shortcode" id="audio-4517-1" preload="none" style="width: 100%;" controls="controls"><source type="audio/mpeg" src="https://recherches-autochtones.org/site/wp-content/uploads/2016/12/gilles_havard_conference_17nov2016.mp3?_=1" /><a href="https://recherches-autochtones.org/site/wp-content/uploads/2016/12/gilles_havard_conference_17nov2016.mp3">https://recherches-autochtones.org/site/wp-content/uploads/2016/12/gilles_havard_conference_17nov2016.mp3</a></audio>
<p>&nbsp;</p>
<p><strong>Organisation :</strong><br />
Alain Beaulieu – professeur, département d’histoire, UQAM et<br />
Laurent Jérôme – professeur, département de Sciences des religions, UQAM</p>
<p><strong>Présentation :</strong><br />
Alain Beaulieu – professeur, département d’histoire, UQAM</p>
<p><strong>Mise en ligne :<br />
</strong>Éric Chalifoux (avec la collaboration de Luc Bouvrette pour les réglages de la bande audio)</p>
<p>&nbsp;</p>
<p>&nbsp;</p>

<p>CONFÉRENCE DE GILLES HAVARD À MONTRÉAL Vous pouvez écouter la  [&#8230;]</p>
