{"id":4160,"date":"2016-05-05T10:03:15","date_gmt":"2016-05-05T14:03:15","guid":{"rendered":"https:\/\/recherches-autochtones.org\/site\/?page_id=4160"},"modified":"2025-06-06T16:08:06","modified_gmt":"2025-06-06T20:08:06","slug":"peuples-autochtones-et-enjeux-contemporains","status":"publish","type":"page","link":"https:\/\/recherches-autochtones.org\/site\/peuples-autochtones-et-enjeux-contemporains\/","title":{"rendered":"Peuples autochtones et enjeux contemporains"},"content":{"rendered":"<div class=\"fusion-fullwidth fullwidth-box fusion-builder-row-1 fusion-flex-container nonhundred-percent-fullwidth non-hundred-percent-height-scrolling\" style=\"--awb-border-radius-top-left:0px;--awb-border-radius-top-right:0px;--awb-border-radius-bottom-right:0px;--awb-border-radius-bottom-left:0px;--awb-flex-wrap:wrap;\" ><div class=\"fusion-builder-row fusion-row fusion-flex-align-items-flex-start fusion-flex-content-wrap\" style=\"max-width:1664px;margin-left: calc(-4% \/ 2 );margin-right: calc(-4% \/ 2 );\"><div class=\"fusion-layout-column fusion_builder_column fusion-builder-column-0 fusion_builder_column_3_4 3_4 fusion-flex-column\" style=\"--awb-bg-size:cover;--awb-width-large:75%;--awb-margin-top-large:0px;--awb-spacing-right-large:3.84%;--awb-margin-bottom-large:0px;--awb-spacing-left-large:2.56%;--awb-width-medium:75%;--awb-spacing-right-medium:3.84%;--awb-spacing-left-medium:2.56%;--awb-width-small:100%;--awb-spacing-right-small:1.92%;--awb-spacing-left-small:1.92%;\"><div class=\"fusion-column-wrapper fusion-flex-justify-content-flex-start fusion-content-layout-column\"><div class=\"fusion-text fusion-text-1\"><p>D\u00e9velopp\u00e9e en partenariat avec les Presses de l\u2019Universit\u00e9 du Qu\u00e9bec (PUQ), la collection \u00ab\u00a0Peuples autochtones et enjeux contemporains\u00a0\u00bb a pour objectif de contribuer \u00e0 la connaissance des cultures et des r\u00e9alit\u00e9s des peuples autochtones du Qu\u00e9bec, du Canada et plus globalement, des Am\u00e9riques. Multidisciplinaire, cette collection est ouverte aux chercheurs de toutes les disciplines et valorise un regard actuel sur les continuit\u00e9s et les transformations des soci\u00e9t\u00e9s autochtones. \u00c0 travers des monographies ou des ouvrages collectifs, sp\u00e9cialis\u00e9s ou didactiques, cette collection propose de mieux comprendre la participation des soci\u00e9t\u00e9s autochtones au monde contemporain. Elle s\u2019adresse aux sp\u00e9cialistes, aux professeurs, aux \u00e9tudiants, mais aussi \u00e0 un public plus large, que celui-ci soit autochtone ou non.<\/p>\n<p><strong>Pour la soumission de manuscrit, <\/strong><a href=\"https:\/\/recherches-autochtones.org\/site\/contact\/\">veuillez contacter la Soci\u00e9t\u00e9 Recherches autochtones au Qu\u00e9bec<\/a><strong>.<\/strong><\/p>\n<\/div><div class=\"fusion-separator fusion-full-width-sep\" style=\"align-self: center;margin-left: auto;margin-right: auto;margin-top:10px;margin-bottom:30px;width:100%;\"><div class=\"fusion-separator-border sep-single sep-solid\" style=\"--awb-height:20px;--awb-amount:20px;border-color:var(--awb-color3);border-top-width:4px;\"><\/div><\/div><div class=\"fusion-text fusion-text-2\"><p><strong><em><a href=\"https:\/\/recherches-autochtones.org\/site\/wp-content\/uploads\/2025\/01\/couv_c1_D6118_questions_interdisciplinaires.jpg\"><img decoding=\"async\" class=\"alignleft wp-image-10011\" src=\"https:\/\/recherches-autochtones.org\/site\/wp-content\/uploads\/2025\/01\/couv_c1_D6118_questions_interdisciplinaires-683x1024.jpg\" alt=\"\" width=\"150\" height=\"225\" srcset=\"https:\/\/recherches-autochtones.org\/site\/wp-content\/uploads\/2025\/01\/couv_c1_D6118_questions_interdisciplinaires-100x150.jpg 100w, https:\/\/recherches-autochtones.org\/site\/wp-content\/uploads\/2025\/01\/couv_c1_D6118_questions_interdisciplinaires-200x300.jpg 200w, https:\/\/recherches-autochtones.org\/site\/wp-content\/uploads\/2025\/01\/couv_c1_D6118_questions_interdisciplinaires-400x600.jpg 400w, https:\/\/recherches-autochtones.org\/site\/wp-content\/uploads\/2025\/01\/couv_c1_D6118_questions_interdisciplinaires-500x750.jpg 500w, https:\/\/recherches-autochtones.org\/site\/wp-content\/uploads\/2025\/01\/couv_c1_D6118_questions_interdisciplinaires-600x900.jpg 600w, https:\/\/recherches-autochtones.org\/site\/wp-content\/uploads\/2025\/01\/couv_c1_D6118_questions_interdisciplinaires-683x1024.jpg 683w, https:\/\/recherches-autochtones.org\/site\/wp-content\/uploads\/2025\/01\/couv_c1_D6118_questions_interdisciplinaires-700x1050.jpg 700w, https:\/\/recherches-autochtones.org\/site\/wp-content\/uploads\/2025\/01\/couv_c1_D6118_questions_interdisciplinaires-768x1152.jpg 768w, https:\/\/recherches-autochtones.org\/site\/wp-content\/uploads\/2025\/01\/couv_c1_D6118_questions_interdisciplinaires-800x1200.jpg 800w, https:\/\/recherches-autochtones.org\/site\/wp-content\/uploads\/2025\/01\/couv_c1_D6118_questions_interdisciplinaires-1024x1536.jpg 1024w, https:\/\/recherches-autochtones.org\/site\/wp-content\/uploads\/2025\/01\/couv_c1_D6118_questions_interdisciplinaires.jpg 1200w\" sizes=\"(max-width: 150px) 100vw, 150px\" \/><\/a><a href=\"https:\/\/www.puq.ca\/catalogue\/livres\/questions-interdisciplinaires-etudes-autochtones-4349.html\">Questions interdisciplinaires en \u00e9tudes autochtones : traditions, repr\u00e9sentations, relations<\/a><\/em><\/strong><br \/>\nSous la direction d&rsquo;\u00c9ric Chalifoux, M\u00e9lanie Chaplier et Doris Farget<br \/>\n2025, 192 pages, D6118, ISBN 978-2-7605-6118-2<\/p>\n<\/div><div class=\"fusion-separator fusion-full-width-sep\" style=\"align-self: center;margin-left: auto;margin-right: auto;margin-top:10px;margin-bottom:30px;width:100%;\"><div class=\"fusion-separator-border sep-single sep-solid\" style=\"--awb-height:20px;--awb-amount:20px;border-color:var(--awb-color3);border-top-width:4px;\"><\/div><\/div><div class=\"fusion-text fusion-text-3\"><p><img decoding=\"async\" class=\"alignleft wp-image-9556\" src=\"https:\/\/recherches-autochtones.org\/site\/wp-content\/uploads\/2024\/02\/puq003_wattez-200x300.jpg\" alt=\"\" width=\"150\" height=\"225\" srcset=\"https:\/\/recherches-autochtones.org\/site\/wp-content\/uploads\/2024\/02\/puq003_wattez-100x150.jpg 100w, https:\/\/recherches-autochtones.org\/site\/wp-content\/uploads\/2024\/02\/puq003_wattez-200x300.jpg 200w, https:\/\/recherches-autochtones.org\/site\/wp-content\/uploads\/2024\/02\/puq003_wattez.jpg 280w\" sizes=\"(max-width: 150px) 100vw, 150px\" \/><strong><em><a href=\"https:\/\/www.puq.ca\/catalogue\/livres\/alternative-patrimoniale-des-iyiyiwch-4250.html\">L&rsquo; alternative patrimoniale des Iyiyiwch : savoir-faire, territoire et autonomie<\/a><\/em><\/strong><br \/>\nPaul Wattez<br \/>\n2024, 296 pages, D5913, ISBN 978-2-7605-5913-4<\/p>\n<\/div><div class=\"fusion-separator fusion-full-width-sep\" style=\"align-self: center;margin-left: auto;margin-right: auto;margin-top:20px;margin-bottom:20px;width:100%;\"><div class=\"fusion-separator-border sep-single sep-solid\" style=\"--awb-height:20px;--awb-amount:20px;border-color:var(--awb-color3);border-top-width:2px;\"><\/div><\/div><div class=\"fusion-text fusion-text-4\"><p><a href=\"https:\/\/www.puq.ca\/catalogue\/collections\/les-voix-politiques-des-femmes-innues-3253.html\" target=\"_blank\" rel=\"noopener noreferrer\"><em><img decoding=\"async\" class=\"alignleft wp-image-9555\" src=\"https:\/\/recherches-autochtones.org\/site\/wp-content\/uploads\/2024\/02\/puq002_delisle-lheureux-200x300.jpg\" alt=\"\" width=\"150\" height=\"225\" srcset=\"https:\/\/recherches-autochtones.org\/site\/wp-content\/uploads\/2024\/02\/puq002_delisle-lheureux-100x150.jpg 100w, https:\/\/recherches-autochtones.org\/site\/wp-content\/uploads\/2024\/02\/puq002_delisle-lheureux-200x300.jpg 200w, https:\/\/recherches-autochtones.org\/site\/wp-content\/uploads\/2024\/02\/puq002_delisle-lheureux.jpg 280w\" sizes=\"(max-width: 150px) 100vw, 150px\" \/><strong>Les voix politiques des femmes innues face \u00e0 l&rsquo;exploitation mini\u00e8re<\/strong><\/em><\/a><br \/>\nCatherine Delisle L&rsquo;heureux<br \/>\n2018, 200 pages, D4644, ISBN 978-2-7605-4953-1<\/p>\n<\/div><div class=\"fusion-separator fusion-full-width-sep\" style=\"align-self: center;margin-left: auto;margin-right: auto;margin-top:20px;margin-bottom:20px;width:100%;\"><div class=\"fusion-separator-border sep-single sep-solid\" style=\"--awb-height:20px;--awb-amount:20px;border-color:var(--awb-color3);border-top-width:2px;\"><\/div><\/div><div class=\"fusion-text fusion-text-5\"><p><a href=\"https:\/\/www.puq.ca\/catalogue\/collections\/savoir-autochtone-dans-tous-ses-etats-3251.html\" target=\"_blank\" rel=\"noopener noreferrer\"><em><img decoding=\"async\" class=\"alignleft wp-image-9554\" src=\"https:\/\/recherches-autochtones.org\/site\/wp-content\/uploads\/2024\/02\/puq001_guay-200x300.jpg\" alt=\"\" width=\"150\" height=\"225\" srcset=\"https:\/\/recherches-autochtones.org\/site\/wp-content\/uploads\/2024\/02\/puq001_guay-100x150.jpg 100w, https:\/\/recherches-autochtones.org\/site\/wp-content\/uploads\/2024\/02\/puq001_guay-200x300.jpg 200w, https:\/\/recherches-autochtones.org\/site\/wp-content\/uploads\/2024\/02\/puq001_guay.jpg 280w\" sizes=\"(max-width: 150px) 100vw, 150px\" \/><strong>Le savoir autochtone dans tous ses \u00e9tats : regards sur la pratique singuli\u00e8re des intervenants sociaux innus d&rsquo;Uashat mak Mani-Utenam<\/strong><\/em><\/a><br \/>\nChristiane Guay<br \/>\n2017, 168 pages, D4644, ISBN 978-2-7605-4644-8<\/p>\n<\/div><\/div><\/div><div class=\"fusion-layout-column fusion_builder_column fusion-builder-column-1 fusion_builder_column_1_4 1_4 fusion-flex-column\" style=\"--awb-padding-top:3%;--awb-padding-right:3%;--awb-padding-bottom:3%;--awb-padding-left:3%;--awb-bg-size:cover;--awb-border-color:#e0e0e0;--awb-border-top:1px;--awb-border-right:1px;--awb-border-bottom:1px;--awb-border-left:1px;--awb-border-style:solid;--awb-width-large:25%;--awb-margin-top-large:0px;--awb-spacing-right-large:7.68%;--awb-margin-bottom-large:20px;--awb-spacing-left-large:3.84%;--awb-width-medium:25%;--awb-order-medium:0;--awb-spacing-right-medium:7.68%;--awb-spacing-left-medium:3.84%;--awb-width-small:100%;--awb-order-small:0;--awb-spacing-right-small:1.92%;--awb-spacing-left-small:1.92%;\"><div class=\"fusion-column-wrapper fusion-column-has-shadow fusion-flex-justify-content-flex-start fusion-content-layout-column\"><div class=\"fusion-widget fusion-widget-element fusion-widget-area fusion-content-widget-area wpWidget-1 wp_widget_search\" style=\"--awb-fusion-border-size:0px;--awb-fusion-border-style:solid;\"><div class=\"widget widget_search\">\t\t<form role=\"search\" class=\"searchform fusion-search-form  fusion-search-form-classic\" method=\"get\" action=\"https:\/\/recherches-autochtones.org\/site\/\">\n\t\t\t<div class=\"fusion-search-form-content\">\n\n\t\t\t\t\n\t\t\t\t<div class=\"fusion-search-field search-field\">\n\t\t\t\t\t<label><span class=\"screen-reader-text\">Rechercher:<\/span>\n\t\t\t\t\t\t\t\t\t\t\t\t\t<input type=\"search\" value=\"\" name=\"s\" class=\"s\" placeholder=\"Rechercher...\" required aria-required=\"true\" aria-label=\"Rechercher...\"\/>\n\t\t\t\t\t\t\t\t\t\t\t<\/label>\n\t\t\t\t<\/div>\n\t\t\t\t<div class=\"fusion-search-button search-button\">\n\t\t\t\t\t<input type=\"submit\" class=\"fusion-search-submit searchsubmit\" aria-label=\"Recherche\" value=\"&#xf002;\" \/>\n\t\t\t\t\t\t\t\t\t<\/div>\n\n\t\t\t\t\n\t\t\t<\/div>\n\n\n\t\t\t\n\t\t<\/form>\n\t\t<\/div><\/div><div class=\"fusion-separator fusion-full-width-sep\" style=\"align-self: center;margin-left: auto;margin-right: auto;margin-top:10px;margin-bottom:10px;width:100%;\"><div class=\"fusion-separator-border sep-single sep-solid\" style=\"--awb-height:20px;--awb-amount:20px;border-color:var(--awb-color3);border-top-width:3px;\"><\/div><\/div><div class=\"fusion-widget fusion-widget-element fusion-widget-area fusion-content-widget-area wpWidget-2 wp_widget_recent_posts\" style=\"--awb-fusion-border-size:0px;--awb-fusion-border-style:solid;\">\n\t\t<div class=\"widget widget_recent_entries\">\n\t\t<div class=\"heading\"><h4 class=\"widget-title\">Nouveaut\u00e9s<\/h4><\/div>\n\t\t<ul>\n\t\t\t\t\t\t\t\t\t\t\t<li>\n\t\t\t\t\t<a href=\"https:\/\/recherches-autochtones.org\/site\/in-memoriam-daniel-chevrier-1950-2025\/\">IN MEMORIAM \u2013 Daniel Chevrier (1950-2025)<\/a>\n\t\t\t\t\t\t\t\t\t\t\t<span class=\"post-date\">21 novembre 2025<\/span>\n\t\t\t\t\t\t\t\t\t<\/li>\n\t\t\t\t\t\t\t\t\t\t\t<li>\n\t\t\t\t\t<a href=\"https:\/\/recherches-autochtones.org\/site\/conference-la-convention-de-la-baie-james-et-du-nord-quebecois-les-50-premieres-annees\/\">Conf\u00e9rence | La Convention de la Baie James et du Nord qu\u00e9b\u00e9cois : les 50 premi\u00e8res ann\u00e9es<\/a>\n\t\t\t\t\t\t\t\t\t\t\t<span class=\"post-date\">30 octobre 2025<\/span>\n\t\t\t\t\t\t\t\t\t<\/li>\n\t\t\t\t\t\t\t\t\t\t\t<li>\n\t\t\t\t\t<a href=\"https:\/\/recherches-autochtones.org\/site\/rea-vol-533-reflexions-critiques-sur-la-reconciliation-au-canada\/\">REA, vol. 53(3) \u2013 R\u00e9flexions critiques sur la r\u00e9conciliation au Canada<\/a>\n\t\t\t\t\t\t\t\t\t\t\t<span class=\"post-date\">16 octobre 2025<\/span>\n\t\t\t\t\t\t\t\t\t<\/li>\n\t\t\t\t\t\t\t\t\t\t\t<li>\n\t\t\t\t\t<a href=\"https:\/\/recherches-autochtones.org\/site\/eric-chalifoux-3e-prix-dexcellence\/\">\u00c9ric Chalifoux \u2013 3e prix d&rsquo;excellence des professionnels et professionnelles de recherche 2025<\/a>\n\t\t\t\t\t\t\t\t\t\t\t<span class=\"post-date\">6 juin 2025<\/span>\n\t\t\t\t\t\t\t\t\t<\/li>\n\t\t\t\t\t\t\t\t\t\t\t<li>\n\t\t\t\t\t<a href=\"https:\/\/recherches-autochtones.org\/site\/mythes-et-realites-sur-les-peuples-autochtones\/\">Nouveau site Internet \u2013 Mythes et r\u00e9alit\u00e9s sur les peuples autochtones<\/a>\n\t\t\t\t\t\t\t\t\t\t\t<span class=\"post-date\">23 avril 2025<\/span>\n\t\t\t\t\t\t\t\t\t<\/li>\n\t\t\t\t\t<\/ul>\n\n\t\t<\/div><\/div><div class=\"fusion-separator fusion-full-width-sep\" style=\"align-self: center;margin-left: auto;margin-right: auto;margin-top:10px;margin-bottom:10px;width:100%;\"><div class=\"fusion-separator-border sep-single sep-solid\" style=\"--awb-height:20px;--awb-amount:20px;border-color:var(--awb-color3);border-top-width:3px;\"><\/div><\/div><div class=\"fusion-widget fusion-widget-element fusion-widget-area fusion-content-widget-area wpWidget-3 wc_widget_product_categories\" style=\"--awb-margin-bottom:4%;--awb-fusion-border-size:0px;--awb-fusion-border-style:solid;\"><div class=\"widget woocommerce widget_product_categories\"><div class=\"heading\"><h4 class=\"widget-title\">Cat\u00e9gories<\/h4><\/div><ul class=\"product-categories\"><li class=\"cat-item cat-item-64\"><a href=\"https:\/\/recherches-autochtones.org\/site\/categorie-produit\/autres-documents\/\">Autres documents<\/a> <span class=\"count\">(2)<\/span><\/li>\n<li class=\"cat-item cat-item-50 cat-parent\"><a href=\"https:\/\/recherches-autochtones.org\/site\/categorie-produit\/collections\/\">Collections<\/a> <span class=\"count\">(354)<\/span><ul class='children'>\n<li class=\"cat-item cat-item-27\"><a href=\"https:\/\/recherches-autochtones.org\/site\/categorie-produit\/collections\/autres\/\">Autres<\/a> <span class=\"count\">(2)<\/span><\/li>\n<li class=\"cat-item cat-item-22\"><a href=\"https:\/\/recherches-autochtones.org\/site\/categorie-produit\/collections\/dossiers\/\">Dossiers<\/a> <span class=\"count\">(2)<\/span><\/li>\n<li class=\"cat-item cat-item-24\"><a href=\"https:\/\/recherches-autochtones.org\/site\/categorie-produit\/collections\/paleo-quebec\/\">Pal\u00e9o-Qu\u00e9bec<\/a> <span class=\"count\">(64)<\/span><\/li>\n<li class=\"cat-item cat-item-23\"><a href=\"https:\/\/recherches-autochtones.org\/site\/categorie-produit\/collections\/presence-des-premieres-nations\/\">Pr\u00e9sence des Premi\u00e8res Nations<\/a> <span class=\"count\">(2)<\/span><\/li>\n<li class=\"cat-item cat-item-26\"><a href=\"https:\/\/recherches-autochtones.org\/site\/categorie-produit\/collections\/recherches-amerindiennes-au-quebec\/\">Recherches am\u00e9rindiennes au Qu\u00e9bec<\/a> <span class=\"count\">(239)<\/span><\/li>\n<li class=\"cat-item cat-item-77\"><a href=\"https:\/\/recherches-autochtones.org\/site\/categorie-produit\/collections\/revue-detudes-autochtones\/\">Revue d'\u00e9tudes autochtones<\/a> <span class=\"count\">(19)<\/span><\/li>\n<li class=\"cat-item cat-item-25\"><a href=\"https:\/\/recherches-autochtones.org\/site\/categorie-produit\/collections\/signes-des-ameriques\/\">Signes des Am\u00e9riques<\/a> <span class=\"count\">(23)<\/span><\/li>\n<li class=\"cat-item cat-item-21\"><a href=\"https:\/\/recherches-autochtones.org\/site\/categorie-produit\/collections\/textes-amerindiens\/\">Textes am\u00e9rindiens<\/a> <span class=\"count\">(2)<\/span><\/li>\n<\/ul>\n<\/li>\n<li class=\"cat-item cat-item-49 cat-parent\"><a href=\"https:\/\/recherches-autochtones.org\/site\/categorie-produit\/format\/\">Format<\/a> <span class=\"count\">(355)<\/span><ul class='children'>\n<li class=\"cat-item cat-item-47\"><a href=\"https:\/\/recherches-autochtones.org\/site\/categorie-produit\/format\/papier\/\">Papier<\/a> <span class=\"count\">(147)<\/span><\/li>\n<li class=\"cat-item cat-item-48\"><a href=\"https:\/\/recherches-autochtones.org\/site\/categorie-produit\/format\/pdf\/\">PDF<\/a> <span class=\"count\">(208)<\/span><\/li>\n<\/ul>\n<\/li>\n<\/ul><\/div><\/div><\/div><\/div>\n<\/div><\/div>\n","protected":false},"excerpt":{"rendered":"","protected":false},"author":1,"featured_media":0,"parent":0,"menu_order":0,"comment_status":"closed","ping_status":"closed","template":"","meta":{"_EventAllDay":false,"_EventTimezone":"","_EventStartDate":"","_EventEndDate":"","_EventStartDateUTC":"","_EventEndDateUTC":"","_EventShowMap":false,"_EventShowMapLink":false,"_EventURL":"","_EventCost":"","_EventCostDescription":"","_EventCurrencySymbol":"","_EventCurrencyCode":"","_EventCurrencyPosition":"","_EventDateTimeSeparator":"","_EventTimeRangeSeparator":"","_EventOrganizerID":[],"_EventVenueID":[],"_OrganizerEmail":"","_OrganizerPhone":"","_OrganizerWebsite":"","_VenueAddress":"","_VenueCity":"","_VenueCountry":"","_VenueProvince":"","_VenueState":"","_VenueZip":"","_VenuePhone":"","_VenueURL":"","_VenueStateProvince":"","_VenueLat":"","_VenueLng":"","_VenueShowMap":false,"_VenueShowMapLink":false,"footnotes":""},"class_list":["post-4160","page","type-page","status-publish","hentry"],"_links":{"self":[{"href":"https:\/\/recherches-autochtones.org\/site\/wp-json\/wp\/v2\/pages\/4160","targetHints":{"allow":["GET"]}}],"collection":[{"href":"https:\/\/recherches-autochtones.org\/site\/wp-json\/wp\/v2\/pages"}],"about":[{"href":"https:\/\/recherches-autochtones.org\/site\/wp-json\/wp\/v2\/types\/page"}],"author":[{"embeddable":true,"href":"https:\/\/recherches-autochtones.org\/site\/wp-json\/wp\/v2\/users\/1"}],"replies":[{"embeddable":true,"href":"https:\/\/recherches-autochtones.org\/site\/wp-json\/wp\/v2\/comments?post=4160"}],"version-history":[{"count":26,"href":"https:\/\/recherches-autochtones.org\/site\/wp-json\/wp\/v2\/pages\/4160\/revisions"}],"predecessor-version":[{"id":10166,"href":"https:\/\/recherches-autochtones.org\/site\/wp-json\/wp\/v2\/pages\/4160\/revisions\/10166"}],"wp:attachment":[{"href":"https:\/\/recherches-autochtones.org\/site\/wp-json\/wp\/v2\/media?parent=4160"}],"curies":[{"name":"wp","href":"https:\/\/api.w.org\/{rel}","templated":true}]}}