{"id":3714,"date":"2016-04-08T15:29:47","date_gmt":"2016-04-08T19:29:47","guid":{"rendered":"https:\/\/recherches-autochtones.org\/site\/?page_id=3714"},"modified":"2025-08-28T15:13:12","modified_gmt":"2025-08-28T19:13:12","slug":"diffusion-et-mesure-dimpact","status":"publish","type":"page","link":"https:\/\/recherches-autochtones.org\/site\/diffusion-et-mesure-dimpact\/","title":{"rendered":"Diffusion et mesure d&rsquo;impact"},"content":{"rendered":"<div class=\"fusion-fullwidth fullwidth-box fusion-builder-row-1 fusion-flex-container nonhundred-percent-fullwidth non-hundred-percent-height-scrolling\" style=\"--awb-border-radius-top-left:0px;--awb-border-radius-top-right:0px;--awb-border-radius-bottom-right:0px;--awb-border-radius-bottom-left:0px;--awb-flex-wrap:wrap;\" ><div class=\"fusion-builder-row fusion-row fusion-flex-align-items-flex-start fusion-flex-content-wrap\" style=\"max-width:1664px;margin-left: calc(-4% \/ 2 );margin-right: calc(-4% \/ 2 );\"><div class=\"fusion-layout-column fusion_builder_column fusion-builder-column-0 fusion_builder_column_3_4 3_4 fusion-flex-column\" style=\"--awb-bg-size:cover;--awb-width-large:75%;--awb-margin-top-large:0px;--awb-spacing-right-large:3.84%;--awb-margin-bottom-large:0px;--awb-spacing-left-large:2.56%;--awb-width-medium:75%;--awb-spacing-right-medium:3.84%;--awb-spacing-left-medium:2.56%;--awb-width-small:100%;--awb-spacing-right-small:1.92%;--awb-spacing-left-small:1.92%;\"><div class=\"fusion-column-wrapper fusion-flex-justify-content-flex-start fusion-content-layout-column\"><div class=\"fusion-text fusion-text-1\"><p>Annuellement, plus de 12 000 visiteurs consultent le site Internet de <em>Revue d&rsquo;\u00e9tudes autochtones<\/em>\u00a0(anciennement <em>Recherches am\u00e9rindiennes au Qu\u00e9bec<\/em>) alors que les visites de la revue en format \u00e9lectronique sur \u00c9rudit s&rsquo;\u00e9l\u00e8vent \u00e0 plus 80 000 par ann\u00e9e. Alors que la revue est disponible sur \u00c9rudit depuis 2008, les articles sont disponibles en libre acc\u00e8s diamant depuis le 1<sup>er<\/sup> janvier 2022 sur \u00c9rudit (<a href=\"https:\/\/www.erudit.org\/fr\/revues\/raq\/\"><em>Recherches am\u00e9rindiennes au Qu\u00e9bec<\/em><\/a> | <em><a href=\"https:\/\/www.erudit.org\/fr\/revues\/reauto\/\">Revue d&rsquo;\u00e9tudes autochtones<\/a><\/em>).<\/p>\n<p>Pr\u00e9sente dans les collections de plus d\u2019une centaine d\u2019institutions d\u2019enseignement dans plus d\u2019une vingtaine de pays, la revue est distribu\u00e9e aux \u00c9tats-Unis, dans les Antilles (Martinique), en Am\u00e9rique latine (Argentine, Bolivie, Mexique, P\u00e9rou), en Europe (Allemagne, Angleterre, Autriche, Belgique, Danemark, \u00c9cosse, Espagne, Finlande, France, Italie, Luxembourg, Norv\u00e8ge, Pays-Bas, Suisse) et en Asie (Japon, Singapour). Au Canada, la version papier de la revue est distribu\u00e9e par <strong><a href=\"http:\/\/www.dimedia.com\" target=\"_blank\" rel=\"noopener\">Diffusion Dimedia<\/a>.<\/strong><\/p>\n<p><em>Revue d&rsquo;\u00e9tudes autochtones <\/em>est index\u00e9e dans : ABCClio \u2022 BASE-Bielefeld Academic Search Engine \u2022 Bibliography of Native North Americans \u2022 CSA (Linguistic and Behavior Abstracts, Sociological Abstracts, Worldwide Political Science Abstracts) \u2022 DOAJ (Directory of Open Access Journals) \u2022 EBSCO \u2022 Eureka \u2022 ExLibris Primo Central \u2022 \u00a0Google Scholar \u2022 Isidore \u2022 Journal TOCS \u2022 Lens \u2022 Mir@bel \u2022 MLA International Bibliography \u2022 OpenAIRE \u2022 PubMed \u2022 Refdoc-INIST \u2022 Rep\u00e8re \u2022 Scholars Portal Journals \u2022 SciFree \u2022 WorldCat OCLC.<\/p>\n<\/div><\/div><\/div><div class=\"fusion-layout-column fusion_builder_column fusion-builder-column-1 fusion_builder_column_1_4 1_4 fusion-flex-column\" style=\"--awb-padding-top:3%;--awb-padding-right:3%;--awb-padding-bottom:3%;--awb-padding-left:3%;--awb-bg-size:cover;--awb-border-color:#e0e0e0;--awb-border-top:1px;--awb-border-right:1px;--awb-border-bottom:1px;--awb-border-left:1px;--awb-border-style:solid;--awb-width-large:25%;--awb-margin-top-large:0px;--awb-spacing-right-large:7.68%;--awb-margin-bottom-large:20px;--awb-spacing-left-large:3.84%;--awb-width-medium:25%;--awb-order-medium:0;--awb-spacing-right-medium:7.68%;--awb-spacing-left-medium:3.84%;--awb-width-small:100%;--awb-order-small:0;--awb-spacing-right-small:1.92%;--awb-spacing-left-small:1.92%;\"><div class=\"fusion-column-wrapper fusion-column-has-shadow fusion-flex-justify-content-flex-start fusion-content-layout-column\"><div class=\"fusion-widget fusion-widget-element fusion-widget-area fusion-content-widget-area wpWidget-1 wp_widget_search\" style=\"--awb-fusion-border-size:0px;--awb-fusion-border-style:solid;\"><div class=\"widget widget_search\">\t\t<form role=\"search\" class=\"searchform fusion-search-form  fusion-search-form-classic\" method=\"get\" action=\"https:\/\/recherches-autochtones.org\/site\/\">\n\t\t\t<div class=\"fusion-search-form-content\">\n\n\t\t\t\t\n\t\t\t\t<div class=\"fusion-search-field search-field\">\n\t\t\t\t\t<label><span class=\"screen-reader-text\">Rechercher:<\/span>\n\t\t\t\t\t\t\t\t\t\t\t\t\t<input type=\"search\" value=\"\" name=\"s\" class=\"s\" placeholder=\"Rechercher...\" required aria-required=\"true\" aria-label=\"Rechercher...\"\/>\n\t\t\t\t\t\t\t\t\t\t\t<\/label>\n\t\t\t\t<\/div>\n\t\t\t\t<div class=\"fusion-search-button search-button\">\n\t\t\t\t\t<input type=\"submit\" class=\"fusion-search-submit searchsubmit\" aria-label=\"Recherche\" value=\"&#xf002;\" \/>\n\t\t\t\t\t\t\t\t\t<\/div>\n\n\t\t\t\t\n\t\t\t<\/div>\n\n\n\t\t\t\n\t\t<\/form>\n\t\t<\/div><\/div><div class=\"fusion-separator fusion-full-width-sep\" style=\"align-self: center;margin-left: auto;margin-right: auto;margin-top:10px;margin-bottom:10px;width:100%;\"><div class=\"fusion-separator-border sep-single sep-solid\" style=\"--awb-height:20px;--awb-amount:20px;border-color:var(--awb-color3);border-top-width:3px;\"><\/div><\/div><div class=\"fusion-widget fusion-widget-element fusion-widget-area fusion-content-widget-area wpWidget-2 wp_widget_recent_posts\" style=\"--awb-fusion-border-size:0px;--awb-fusion-border-style:solid;\">\n\t\t<div class=\"widget widget_recent_entries\">\n\t\t<div class=\"heading\"><h4 class=\"widget-title\">Nouveaut\u00e9s<\/h4><\/div>\n\t\t<ul>\n\t\t\t\t\t\t\t\t\t\t\t<li>\n\t\t\t\t\t<a href=\"https:\/\/recherches-autochtones.org\/site\/in-memoriam-daniel-chevrier-1950-2025\/\">IN MEMORIAM \u2013 Daniel Chevrier (1950-2025)<\/a>\n\t\t\t\t\t\t\t\t\t\t\t<span class=\"post-date\">21 novembre 2025<\/span>\n\t\t\t\t\t\t\t\t\t<\/li>\n\t\t\t\t\t\t\t\t\t\t\t<li>\n\t\t\t\t\t<a href=\"https:\/\/recherches-autochtones.org\/site\/conference-la-convention-de-la-baie-james-et-du-nord-quebecois-les-50-premieres-annees\/\">Conf\u00e9rence | La Convention de la Baie James et du Nord qu\u00e9b\u00e9cois : les 50 premi\u00e8res ann\u00e9es<\/a>\n\t\t\t\t\t\t\t\t\t\t\t<span class=\"post-date\">30 octobre 2025<\/span>\n\t\t\t\t\t\t\t\t\t<\/li>\n\t\t\t\t\t\t\t\t\t\t\t<li>\n\t\t\t\t\t<a href=\"https:\/\/recherches-autochtones.org\/site\/rea-vol-533-reflexions-critiques-sur-la-reconciliation-au-canada\/\">REA, vol. 53(3) \u2013 R\u00e9flexions critiques sur la r\u00e9conciliation au Canada<\/a>\n\t\t\t\t\t\t\t\t\t\t\t<span class=\"post-date\">16 octobre 2025<\/span>\n\t\t\t\t\t\t\t\t\t<\/li>\n\t\t\t\t\t\t\t\t\t\t\t<li>\n\t\t\t\t\t<a href=\"https:\/\/recherches-autochtones.org\/site\/eric-chalifoux-3e-prix-dexcellence\/\">\u00c9ric Chalifoux \u2013 3e prix d&rsquo;excellence des professionnels et professionnelles de recherche 2025<\/a>\n\t\t\t\t\t\t\t\t\t\t\t<span class=\"post-date\">6 juin 2025<\/span>\n\t\t\t\t\t\t\t\t\t<\/li>\n\t\t\t\t\t\t\t\t\t\t\t<li>\n\t\t\t\t\t<a href=\"https:\/\/recherches-autochtones.org\/site\/mythes-et-realites-sur-les-peuples-autochtones\/\">Nouveau site Internet \u2013 Mythes et r\u00e9alit\u00e9s sur les peuples autochtones<\/a>\n\t\t\t\t\t\t\t\t\t\t\t<span class=\"post-date\">23 avril 2025<\/span>\n\t\t\t\t\t\t\t\t\t<\/li>\n\t\t\t\t\t<\/ul>\n\n\t\t<\/div><\/div><div class=\"fusion-separator fusion-full-width-sep\" style=\"align-self: center;margin-left: auto;margin-right: auto;margin-top:10px;margin-bottom:10px;width:100%;\"><div class=\"fusion-separator-border sep-single sep-solid\" style=\"--awb-height:20px;--awb-amount:20px;border-color:var(--awb-color3);border-top-width:3px;\"><\/div><\/div><div class=\"fusion-widget fusion-widget-element fusion-widget-area fusion-content-widget-area wpWidget-3 wc_widget_product_categories\" style=\"--awb-margin-bottom:4%;--awb-fusion-border-size:0px;--awb-fusion-border-style:solid;\"><div class=\"widget woocommerce widget_product_categories\"><div class=\"heading\"><h4 class=\"widget-title\">Cat\u00e9gories<\/h4><\/div><ul class=\"product-categories\"><li class=\"cat-item cat-item-64\"><a href=\"https:\/\/recherches-autochtones.org\/site\/categorie-produit\/autres-documents\/\">Autres documents<\/a> <span class=\"count\">(2)<\/span><\/li>\n<li class=\"cat-item cat-item-50 cat-parent\"><a href=\"https:\/\/recherches-autochtones.org\/site\/categorie-produit\/collections\/\">Collections<\/a> <span class=\"count\">(354)<\/span><ul class='children'>\n<li class=\"cat-item cat-item-27\"><a href=\"https:\/\/recherches-autochtones.org\/site\/categorie-produit\/collections\/autres\/\">Autres<\/a> <span class=\"count\">(2)<\/span><\/li>\n<li class=\"cat-item cat-item-22\"><a href=\"https:\/\/recherches-autochtones.org\/site\/categorie-produit\/collections\/dossiers\/\">Dossiers<\/a> <span class=\"count\">(2)<\/span><\/li>\n<li class=\"cat-item cat-item-24\"><a href=\"https:\/\/recherches-autochtones.org\/site\/categorie-produit\/collections\/paleo-quebec\/\">Pal\u00e9o-Qu\u00e9bec<\/a> <span class=\"count\">(64)<\/span><\/li>\n<li class=\"cat-item cat-item-23\"><a href=\"https:\/\/recherches-autochtones.org\/site\/categorie-produit\/collections\/presence-des-premieres-nations\/\">Pr\u00e9sence des Premi\u00e8res Nations<\/a> <span class=\"count\">(2)<\/span><\/li>\n<li class=\"cat-item cat-item-26\"><a href=\"https:\/\/recherches-autochtones.org\/site\/categorie-produit\/collections\/recherches-amerindiennes-au-quebec\/\">Recherches am\u00e9rindiennes au Qu\u00e9bec<\/a> <span class=\"count\">(239)<\/span><\/li>\n<li class=\"cat-item cat-item-77\"><a href=\"https:\/\/recherches-autochtones.org\/site\/categorie-produit\/collections\/revue-detudes-autochtones\/\">Revue d'\u00e9tudes autochtones<\/a> <span class=\"count\">(19)<\/span><\/li>\n<li class=\"cat-item cat-item-25\"><a href=\"https:\/\/recherches-autochtones.org\/site\/categorie-produit\/collections\/signes-des-ameriques\/\">Signes des Am\u00e9riques<\/a> <span class=\"count\">(23)<\/span><\/li>\n<li class=\"cat-item cat-item-21\"><a href=\"https:\/\/recherches-autochtones.org\/site\/categorie-produit\/collections\/textes-amerindiens\/\">Textes am\u00e9rindiens<\/a> <span class=\"count\">(2)<\/span><\/li>\n<\/ul>\n<\/li>\n<li class=\"cat-item cat-item-49 cat-parent\"><a href=\"https:\/\/recherches-autochtones.org\/site\/categorie-produit\/format\/\">Format<\/a> <span class=\"count\">(355)<\/span><ul class='children'>\n<li class=\"cat-item cat-item-47\"><a href=\"https:\/\/recherches-autochtones.org\/site\/categorie-produit\/format\/papier\/\">Papier<\/a> <span class=\"count\">(147)<\/span><\/li>\n<li class=\"cat-item cat-item-48\"><a href=\"https:\/\/recherches-autochtones.org\/site\/categorie-produit\/format\/pdf\/\">PDF<\/a> <span class=\"count\">(208)<\/span><\/li>\n<\/ul>\n<\/li>\n<\/ul><\/div><\/div><\/div><\/div>\n<\/div><\/div>\n","protected":false},"excerpt":{"rendered":"","protected":false},"author":1,"featured_media":0,"parent":0,"menu_order":0,"comment_status":"closed","ping_status":"closed","template":"","meta":{"_EventAllDay":false,"_EventTimezone":"","_EventStartDate":"","_EventEndDate":"","_EventStartDateUTC":"","_EventEndDateUTC":"","_EventShowMap":false,"_EventShowMapLink":false,"_EventURL":"","_EventCost":"","_EventCostDescription":"","_EventCurrencySymbol":"","_EventCurrencyCode":"","_EventCurrencyPosition":"","_EventDateTimeSeparator":"","_EventTimeRangeSeparator":"","_EventOrganizerID":[],"_EventVenueID":[],"_OrganizerEmail":"","_OrganizerPhone":"","_OrganizerWebsite":"","_VenueAddress":"","_VenueCity":"","_VenueCountry":"","_VenueProvince":"","_VenueState":"","_VenueZip":"","_VenuePhone":"","_VenueURL":"","_VenueStateProvince":"","_VenueLat":"","_VenueLng":"","_VenueShowMap":false,"_VenueShowMapLink":false,"footnotes":""},"class_list":["post-3714","page","type-page","status-publish","hentry"],"_links":{"self":[{"href":"https:\/\/recherches-autochtones.org\/site\/wp-json\/wp\/v2\/pages\/3714","targetHints":{"allow":["GET"]}}],"collection":[{"href":"https:\/\/recherches-autochtones.org\/site\/wp-json\/wp\/v2\/pages"}],"about":[{"href":"https:\/\/recherches-autochtones.org\/site\/wp-json\/wp\/v2\/types\/page"}],"author":[{"embeddable":true,"href":"https:\/\/recherches-autochtones.org\/site\/wp-json\/wp\/v2\/users\/1"}],"replies":[{"embeddable":true,"href":"https:\/\/recherches-autochtones.org\/site\/wp-json\/wp\/v2\/comments?post=3714"}],"version-history":[{"count":12,"href":"https:\/\/recherches-autochtones.org\/site\/wp-json\/wp\/v2\/pages\/3714\/revisions"}],"predecessor-version":[{"id":10222,"href":"https:\/\/recherches-autochtones.org\/site\/wp-json\/wp\/v2\/pages\/3714\/revisions\/10222"}],"wp:attachment":[{"href":"https:\/\/recherches-autochtones.org\/site\/wp-json\/wp\/v2\/media?parent=3714"}],"curies":[{"name":"wp","href":"https:\/\/api.w.org\/{rel}","templated":true}]}}